213.202.253.4 - - [12/Dec/2025:19:03:45 +0000] "GET /postnews.php HTTP/1.1" 200 15518 "www.google.com" "Mozlila/5.0 (Linux; Android 7.0; SM-G892A Bulid/NRD90M; wv) AppleWebKit/537.36 (KHTML, like Gecko) Version/4.0 Chrome/60.0.3112.107 Moblie Safari/537.36"
198.23.59.221 - - [12/Dec/2025:19:12:38 +0000] "POST /wp-cron.php?doing_wp_cron=1765566758.8127350807189941406250 HTTP/1.1" 200 0 "-" "WordPress/6.9; https://flexnetworks.co.ke"
114.119.145.7 - - [12/Dec/2025:19:12:38 +0000] "GET /?o=65448713071730 HTTP/1.1" 200 1227 "http://www.flexnetworks.co.ke/sitemap.xml" "Mozilla/5.0 (Linux; Android 7.0;) AppleWebKit/537.36 (KHTML, like Gecko) Mobile Safari/537.36 (compatible; PetalBot;+https://webmaster.petalsearch.com/site/petalbot)"
114.119.146.219 - - [12/Dec/2025:19:11:22 +0000] "GET /?o=65509864021730 HTTP/1.1" 200 1227 "http://www.flexnetworks.co.ke/sitemap.xml" "Mozilla/5.0 (Linux; Android 7.0;) AppleWebKit/537.36 (KHTML, like Gecko) Mobile Safari/537.36 (compatible; PetalBot;+https://webmaster.petalsearch.com/site/petalbot)"
198.23.59.221 - - [12/Dec/2025:19:16:23 +0000] "POST /wp-cron.php?doing_wp_cron=1765566983.2672920227050781250000 HTTP/1.1" 200 0 "-" "WordPress/6.9; https://flexnetworks.co.ke"
114.119.146.109 - - [12/Dec/2025:19:16:23 +0000] "GET /?o=45580236021730 HTTP/1.1" 200 1227 "http://www.flexnetworks.co.ke/sitemap.xml" "Mozilla/5.0 (Linux; Android 7.0;) AppleWebKit/537.36 (KHTML, like Gecko) Mobile Safari/537.36 (compatible; PetalBot;+https://webmaster.petalsearch.com/site/petalbot)"
198.23.59.221 - - [12/Dec/2025:19:17:41 +0000] "POST /wp-cron.php?doing_wp_cron=1765567061.4466719627380371093750 HTTP/1.1" 200 0 "-" "WordPress/6.9; https://flexnetworks.co.ke"
198.23.59.221 - - [12/Dec/2025:19:14:03 +0000] "POST /wp-cron.php?doing_wp_cron=1765566843.5462660789489746093750 HTTP/1.1" 200 0 "-" "WordPress/6.9; https://flexnetworks.co.ke"
114.119.146.219 - - [12/Dec/2025:19:14:03 +0000] "GET /?o=64936339001730 HTTP/1.1" 200 1227 "http://www.flexnetworks.co.ke/sitemap.xml" "Mozilla/5.0 (Linux; Android 7.0;) AppleWebKit/537.36 (KHTML, like Gecko) Mobile Safari/537.36 (compatible; PetalBot;+https://webmaster.petalsearch.com/site/petalbot)"
114.119.146.109 - - [12/Dec/2025:19:17:41 +0000] "GET /?o=25448374031730 HTTP/1.1" 200 1227 "http://www.flexnetworks.co.ke/sitemap.xml" "Mozilla/5.0 (Linux; Android 7.0;) AppleWebKit/537.36 (KHTML, like Gecko) Mobile Safari/537.36 (compatible; PetalBot;+https://webmaster.petalsearch.com/site/petalbot)"
34.127.121.199 - - [12/Dec/2025:19:23:05 +0000] "HEAD / HTTP/1.1" 200 0 "-" "Mozilla/5.0 (Linux; Android 13; Infinix X688B) AppleWebKit/537.36 (KHTML, like Gecko) Chrome/124.0.6367.48 Mobile Safari/537.36"
34.127.121.199 - - [12/Dec/2025:19:23:05 +0000] "HEAD /backup/ HTTP/1.1" 200 0 "-" "Mozilla/5.0 (Windows NT 10.0; Win64; x64) AppleWebKit/537.36 (KHTML, like Gecko) Chrome/126.0.6478.70 Safari/537.36 Vivaldi/6.7.3200.25"
34.127.121.199 - - [12/Dec/2025:19:23:05 +0000] "HEAD /new/ HTTP/1.1" 200 0 "-" "Mozilla/5.0 (iPhone; CPU iPhone OS 16_7 like Mac OS X) AppleWebKit/605.1.15 (KHTML, like Gecko) Version/16.7 Mobile/15E148 Safari/604.1"
34.127.121.199 - - [12/Dec/2025:19:23:06 +0000] "HEAD /old/ HTTP/1.1" 200 0 "-" "Mozilla/5.0 (Linux; Android 12; TECNO CK6n) AppleWebKit/537.36 (KHTML, like Gecko) Chrome/125.0.6422.50 Mobile Safari/537.36"
34.127.121.199 - - [12/Dec/2025:19:23:06 +0000] "HEAD /blog/ HTTP/1.1" 200 0 "-" "Mozilla/5.0 (Linux; Android 14; Samsung SM-A546B) AppleWebKit/537.36 (KHTML, like Gecko) Chrome/126.0.6478.14 Mobile Safari/537.36"
34.127.121.199 - - [12/Dec/2025:19:23:06 +0000] "HEAD /wordpress/ HTTP/1.1" 200 0 "-" "Mozilla/5.0 (Macintosh; Intel Mac OS X 15_0) AppleWebKit/537.36 (KHTML, like Gecko) Chrome/125.0.6422.141 Safari/537.36"
34.127.121.199 - - [12/Dec/2025:19:23:06 +0000] "HEAD /wp/ HTTP/1.1" 200 0 "-" "Mozilla/5.0 (Linux; Android 11; RMX2195) AppleWebKit/537.36 (KHTML, like Gecko) Chrome/120.0.6099.210 Mobile Safari/537.36 OPR/75.2.3995.72468"
198.23.59.221 - - [12/Dec/2025:19:19:05 +0000] "POST /wp-cron.php?doing_wp_cron=1765567145.8796780109405517578125 HTTP/1.1" 200 0 "-" "WordPress/6.9; https://flexnetworks.co.ke"
198.23.59.221 - - [12/Dec/2025:19:20:28 +0000] "POST /wp-cron.php?doing_wp_cron=1765567228.0122060775756835937500 HTTP/1.1" 200 0 "-" "WordPress/6.9; https://flexnetworks.co.ke"
198.23.59.221 - - [12/Dec/2025:19:23:05 +0000] "POST /wp-cron.php?doing_wp_cron=1765567385.6403810977935791015625 HTTP/1.1" 200 0 "-" "WordPress/6.9; https://flexnetworks.co.ke"
114.119.133.134 - - [12/Dec/2025:19:19:05 +0000] "GET /?o=16713552031730 HTTP/1.1" 200 1227 "http://www.flexnetworks.co.ke/sitemap.xml" "Mozilla/5.0 (Linux; Android 7.0;) AppleWebKit/537.36 (KHTML, like Gecko) Mobile Safari/537.36 (compatible; PetalBot;+https://webmaster.petalsearch.com/site/petalbot)"
114.119.146.219 - - [12/Dec/2025:19:20:27 +0000] "GET /?o=14799484051730 HTTP/1.1" 200 1227 "http://www.flexnetworks.co.ke/sitemap.xml" "Mozilla/5.0 (Linux; Android 7.0;) AppleWebKit/537.36 (KHTML, like Gecko) Mobile Safari/537.36 (compatible; PetalBot;+https://webmaster.petalsearch.com/site/petalbot)"
114.119.155.153 - - [12/Dec/2025:19:25:01 +0000] "GET /?o=108424578041730 HTTP/1.1" 200 1227 "http://www.flexnetworks.co.ke/sitemap.xml" "Mozilla/5.0 (Linux; Android 7.0;) AppleWebKit/537.36 (KHTML, like Gecko) Mobile Safari/537.36 (compatible; PetalBot;+https://webmaster.petalsearch.com/site/petalbot)"
114.119.155.153 - - [12/Dec/2025:19:26:25 +0000] "GET /?o=13703094011730 HTTP/1.1" 200 1227 "http://www.flexnetworks.co.ke/sitemap.xml" "Mozilla/5.0 (Linux; Android 7.0;) AppleWebKit/537.36 (KHTML, like Gecko) Mobile Safari/537.36 (compatible; PetalBot;+https://webmaster.petalsearch.com/site/petalbot)"
173.252.82.26 - - [12/Dec/2025:19:27:31 +0000] "GET /robots.txt HTTP/1.1" 200 8263 "-" "facebookexternalhit/1.1 (+http://www.facebook.com/externalhit_uatext.php)"
114.119.140.13 - - [12/Dec/2025:19:28:06 +0000] "GET /?o=106090023021730 HTTP/1.1" 200 1227 "http://www.flexnetworks.co.ke/sitemap.xml" "Mozilla/5.0 (Linux; Android 7.0;) AppleWebKit/537.36 (KHTML, like Gecko) Mobile Safari/537.36 (compatible; PetalBot;+https://webmaster.petalsearch.com/site/petalbot)"
114.119.155.153 - - [12/Dec/2025:19:28:50 +0000] "GET /?o=105583608031730 HTTP/1.1" 200 1227 "http://www.flexnetworks.co.ke/sitemap.xml" "Mozilla/5.0 (Linux; Android 7.0;) AppleWebKit/537.36 (KHTML, like Gecko) Mobile Safari/537.36 (compatible; PetalBot;+https://webmaster.petalsearch.com/site/petalbot)"
198.23.59.221 - - [12/Dec/2025:19:28:50 +0000] "POST /wp-cron.php?doing_wp_cron=1765567730.6454510688781738281250 HTTP/1.1" 200 0 "-" "WordPress/6.9; https://flexnetworks.co.ke"
114.119.146.109 - - [12/Dec/2025:19:30:16 +0000] "GET /?o=102829275071730 HTTP/1.1" 200 1227 "http://www.flexnetworks.co.ke/sitemap.xml" "Mozilla/5.0 (Linux; Android 7.0;) AppleWebKit/537.36 (KHTML, like Gecko) Mobile Safari/537.36 (compatible; PetalBot;+https://webmaster.petalsearch.com/site/petalbot)"
198.23.59.221 - - [12/Dec/2025:19:32:58 +0000] "POST /wp-cron.php?doing_wp_cron=1765567978.6593780517578125000000 HTTP/1.1" 200 0 "-" "WordPress/6.9; https://flexnetworks.co.ke"
198.23.59.221 - - [12/Dec/2025:19:31:37 +0000] "POST /wp-cron.php?doing_wp_cron=1765567897.7139921188354492187500 HTTP/1.1" 200 0 "-" "WordPress/6.9; https://flexnetworks.co.ke"
114.119.145.7 - - [12/Dec/2025:19:31:37 +0000] "GET /nithi/events/2018-04/ HTTP/1.1" 200 15518 "http://flexnetworks.co.ke/nithi/events/2018-05/" "Mozilla/5.0 (Linux; Android 7.0;) AppleWebKit/537.36 (KHTML, like Gecko) Mobile Safari/537.36 (compatible; PetalBot;+https://webmaster.petalsearch.com/site/petalbot)"
114.119.133.134 - - [12/Dec/2025:19:32:58 +0000] "GET /?o=94642712041730 HTTP/1.1" 200 1227 "http://flexnetworks.co.ke/sitemap.xml" "Mozilla/5.0 (Linux; Android 7.0;) AppleWebKit/537.36 (KHTML, like Gecko) Mobile Safari/537.36 (compatible; PetalBot;+https://webmaster.petalsearch.com/site/petalbot)"
198.23.59.221 - - [12/Dec/2025:19:35:14 +0000] "POST /wp-cron.php?doing_wp_cron=1765568114.6524639129638671875000 HTTP/1.1" 200 0 "-" "WordPress/6.9; https://flexnetworks.co.ke"
114.119.140.50 - - [12/Dec/2025:19:37:11 +0000] "GET /?o=85398059081730 HTTP/1.1" 200 1227 "http://flexnetworks.co.ke/sitemap.xml" "Mozilla/5.0 (Linux; Android 7.0;) AppleWebKit/537.36 (KHTML, like Gecko) Mobile Safari/537.36 (compatible; PetalBot;+https://webmaster.petalsearch.com/site/petalbot)"
114.119.140.13 - - [12/Dec/2025:19:35:14 +0000] "GET /?o=92408582031730 HTTP/1.1" 200 1227 "http://flexnetworks.co.ke/sitemap.xml" "Mozilla/5.0 (Linux; Android 7.0;) AppleWebKit/537.36 (KHTML, like Gecko) Mobile Safari/537.36 (compatible; PetalBot;+https://webmaster.petalsearch.com/site/petalbot)"
198.23.59.221 - - [12/Dec/2025:19:37:11 +0000] "POST /wp-cron.php?doing_wp_cron=1765568231.9494390487670898437500 HTTP/1.1" 200 0 "-" "WordPress/6.9; https://flexnetworks.co.ke"
198.23.59.221 - - [12/Dec/2025:19:38:35 +0000] "POST /wp-cron.php?doing_wp_cron=1765568315.4019839763641357421875 HTTP/1.1" 200 0 "-" "WordPress/6.9; https://flexnetworks.co.ke"
114.119.158.151 - - [12/Dec/2025:19:38:35 +0000] "GET /?o=77144752001730 HTTP/1.1" 200 1227 "http://flexnetworks.co.ke/sitemap.xml" "Mozilla/5.0 (Linux; Android 7.0;) AppleWebKit/537.36 (KHTML, like Gecko) Mobile Safari/537.36 (compatible; PetalBot;+https://webmaster.petalsearch.com/site/petalbot)"
198.23.59.221 - - [12/Dec/2025:19:45:31 +0000] "POST /wp-cron.php?doing_wp_cron=1765568731.0371270179748535156250 HTTP/1.1" 200 0 "-" "WordPress/6.9; https://flexnetworks.co.ke"
114.119.158.151 - - [12/Dec/2025:19:45:30 +0000] "GET /?o=39344941011730 HTTP/1.1" 200 1227 "http://www.flexnetworks.co.ke/sitemap.xml" "Mozilla/5.0 (Linux; Android 7.0;) AppleWebKit/537.36 (KHTML, like Gecko) Mobile Safari/537.36 (compatible; PetalBot;+https://webmaster.petalsearch.com/site/petalbot)"
198.23.59.221 - - [12/Dec/2025:19:46:55 +0000] "POST /wp-cron.php?doing_wp_cron=1765568815.4990830421447753906250 HTTP/1.1" 200 0 "-" "WordPress/6.9; https://flexnetworks.co.ke"
114.119.146.109 - - [12/Dec/2025:19:46:55 +0000] "GET /?o=41004171011730 HTTP/1.1" 200 1227 "http://www.flexnetworks.co.ke/sitemap.xml" "Mozilla/5.0 (Linux; Android 7.0;) AppleWebKit/537.36 (KHTML, like Gecko) Mobile Safari/537.36 (compatible; PetalBot;+https://webmaster.petalsearch.com/site/petalbot)"
114.119.140.50 - - [12/Dec/2025:19:43:39 +0000] "GET /?o=72236944041730 HTTP/1.1" 200 1227 "http://flexnetworks.co.ke/sitemap.xml" "Mozilla/5.0 (Linux; Android 7.0;) AppleWebKit/537.36 (KHTML, like Gecko) Mobile Safari/537.36 (compatible; PetalBot;+https://webmaster.petalsearch.com/site/petalbot)"
198.23.59.221 - - [12/Dec/2025:19:43:39 +0000] "POST /wp-cron.php?doing_wp_cron=1765568619.2428319454193115234375 HTTP/1.1" 200 0 "-" "WordPress/6.9; https://flexnetworks.co.ke"
114.119.145.7 - - [12/Dec/2025:19:44:12 +0000] "GET /?o=57270214001730 HTTP/1.1" 200 1220 "http://flexnetworks.co.ke/sitemap.xml" "Mozilla/5.0 (Linux; Android 7.0;) AppleWebKit/537.36 (KHTML, like Gecko) Mobile Safari/537.36 (compatible; PetalBot;+https://webmaster.petalsearch.com/site/petalbot)"
66.249.70.4 - - [12/Dec/2025:19:48:23 +0000] "GET /?o=116344850091730 HTTP/1.1" 200 1137 "-" "Mozilla/5.0 (Linux; Android 6.0.1; Nexus 5X Build/MMB29P) AppleWebKit/537.36 (KHTML, like Gecko) Chrome/141.0.7390.122 Mobile Safari/537.36 (compatible; Googlebot/2.1; +http://www.google.com/bot.html)"
198.23.59.221 - - [12/Dec/2025:19:52:28 +0000] "POST /wp-cron.php?doing_wp_cron=1765569148.8736710548400878906250 HTTP/1.1" 200 0 "-" "WordPress/6.9; https://flexnetworks.co.ke"
198.23.59.221 - - [12/Dec/2025:19:48:16 +0000] "POST /wp-cron.php?doing_wp_cron=1765568896.8421559333801269531250 HTTP/1.1" 200 0 "-" "WordPress/6.9; https://flexnetworks.co.ke"
114.119.155.153 - - [12/Dec/2025:19:48:16 +0000] "GET /?o=37548189011730 HTTP/1.1" 200 1227 "http://flexnetworks.co.ke/sitemap.xml" "Mozilla/5.0 (Linux; Android 7.0;) AppleWebKit/537.36 (KHTML, like Gecko) Mobile Safari/537.36 (compatible; PetalBot;+https://webmaster.petalsearch.com/site/petalbot)"
114.119.140.50 - - [12/Dec/2025:19:52:28 +0000] "GET /?o=95288654041730 HTTP/1.1" 200 1227 "http://flexnetworks.co.ke/sitemap.xml" "Mozilla/5.0 (Linux; Android 7.0;) AppleWebKit/537.36 (KHTML, like Gecko) Mobile Safari/537.36 (compatible; PetalBot;+https://webmaster.petalsearch.com/site/petalbot)"
198.23.59.221 - - [12/Dec/2025:19:53:58 +0000] "POST /wp-cron.php?doing_wp_cron=1765569238.6242759227752685546875 HTTP/1.1" 200 0 "-" "WordPress/6.9; https://flexnetworks.co.ke"
114.119.155.153 - - [12/Dec/2025:19:53:58 +0000] "GET /?o=35262456061730 HTTP/1.1" 200 1227 "http://flexnetworks.co.ke/sitemap.xml" "Mozilla/5.0 (Linux; Android 7.0;) AppleWebKit/537.36 (KHTML, like Gecko) Mobile Safari/537.36 (compatible; PetalBot;+https://webmaster.petalsearch.com/site/petalbot)"
198.23.59.221 - - [12/Dec/2025:19:55:17 +0000] "POST /wp-cron.php?doing_wp_cron=1765569317.6094510555267333984375 HTTP/1.1" 200 0 "-" "WordPress/6.9; https://flexnetworks.co.ke"
114.119.140.13 - - [12/Dec/2025:19:55:17 +0000] "GET /?o=2944990001730 HTTP/1.1" 200 1227 "http://flexnetworks.co.ke/sitemap.xml" "Mozilla/5.0 (Linux; Android 7.0;) AppleWebKit/537.36 (KHTML, like Gecko) Mobile Safari/537.36 (compatible; PetalBot;+https://webmaster.petalsearch.com/site/petalbot)"
43.135.138.128 - - [12/Dec/2025:20:00:47 +0000] "GET / HTTP/1.1" 200 1227 "-" "Mozilla/5.0 (iPhone; CPU iPhone OS 13_2_3 like Mac OS X) AppleWebKit/605.1.15 (KHTML, like Gecko) Version/13.0.3 Mobile/15E148 Safari/604.1"
198.23.59.221 - - [12/Dec/2025:20:05:00 +0000] "POST /wp-cron.php?doing_wp_cron=1765569900.3252270221710205078125 HTTP/1.1" 200 0 "-" "WordPress/6.9; https://flexnetworks.co.ke"
114.119.140.13 - - [12/Dec/2025:20:05:00 +0000] "GET /?o=52298198001730 HTTP/1.1" 200 1227 "http://www.flexnetworks.co.ke/sitemap.xml" "Mozilla/5.0 (Linux; Android 7.0;) AppleWebKit/537.36 (KHTML, like Gecko) Mobile Safari/537.36 (compatible; PetalBot;+https://webmaster.petalsearch.com/site/petalbot)"
114.119.145.7 - - [12/Dec/2025:20:03:37 +0000] "GET /?o=56738104011730 HTTP/1.1" 200 1227 "http://www.flexnetworks.co.ke/sitemap.xml" "Mozilla/5.0 (Linux; Android 7.0;) AppleWebKit/537.36 (KHTML, like Gecko) Mobile Safari/537.36 (compatible; PetalBot;+https://webmaster.petalsearch.com/site/petalbot)"
198.23.59.221 - - [12/Dec/2025:20:07:52 +0000] "POST /wp-cron.php?doing_wp_cron=1765570072.1329720020294189453125 HTTP/1.1" 200 0 "-" "WordPress/6.9; https://flexnetworks.co.ke"
114.119.146.219 - - [12/Dec/2025:20:07:51 +0000] "GET /?o=3848214041730 HTTP/1.1" 200 1227 "http://www.flexnetworks.co.ke/sitemap.xml" "Mozilla/5.0 (Linux; Android 7.0;) AppleWebKit/537.36 (KHTML, like Gecko) Mobile Safari/537.36 (compatible; PetalBot;+https://webmaster.petalsearch.com/site/petalbot)"
114.119.140.50 - - [12/Dec/2025:20:09:28 +0000] "GET /?o=101125881001730 HTTP/1.1" 200 1709 "-" "Mozilla/5.0 (Linux; Android 7.0;) AppleWebKit/537.36 (KHTML, like Gecko) Mobile Safari/537.36 (compatible; PetalBot;+https://webmaster.petalsearch.com/site/petalbot)"
205.185.127.174 - - [12/Dec/2025:20:10:22 +0000] "GET /?author=6 HTTP/1.1" 200 15518 "http://www.google.com.hk" "Mozilla/5.0 (Windows NT 6.1; WOW64) AppleWebKit/537.36 (KHTML, like Gecko) Chrome/42.0.2311.90 Safari/537.36"
198.23.59.221 - - [12/Dec/2025:20:10:34 +0000] "POST /wp-cron.php?doing_wp_cron=1765570234.9282100200653076171875 HTTP/1.1" 200 0 "-" "WordPress/6.9; https://flexnetworks.co.ke"
198.23.59.221 - - [12/Dec/2025:20:09:33 +0000] "POST /wp-cron.php?doing_wp_cron=1765570173.1724679470062255859375 HTTP/1.1" 200 0 "-" "WordPress/6.9; https://flexnetworks.co.ke"
114.119.140.13 - - [12/Dec/2025:20:10:34 +0000] "GET /?o=74526086021730 HTTP/1.1" 200 1227 "http://flexnetworks.co.ke/sitemap.xml" "Mozilla/5.0 (Linux; Android 7.0;) AppleWebKit/537.36 (KHTML, like Gecko) Mobile Safari/537.36 (compatible; PetalBot;+https://webmaster.petalsearch.com/site/petalbot)"
198.23.59.221 - - [12/Dec/2025:20:12:02 +0000] "POST /wp-cron.php?doing_wp_cron=1765570322.0329940319061279296875 HTTP/1.1" 200 0 "-" "WordPress/6.9; https://flexnetworks.co.ke"
60.188.57.0 - - [12/Dec/2025:20:09:57 +0000] "GET / HTTP/1.1" 200 1227 "-" "Mozilla/5.0 (iPhone; CPU iPhone OS 13_2_3 like Mac OS X) AppleWebKit/605.1.15 (KHTML, like Gecko) Version/13.0.3 Mobile/15E148 Safari/604.1"
114.119.133.134 - - [12/Dec/2025:20:12:00 +0000] "GET /?o=43526574001730 HTTP/1.1" 200 1709 "http://flexnetworks.co.ke/sitemap.xml" "Mozilla/5.0 (Linux; Android 7.0;) AppleWebKit/537.36 (KHTML, like Gecko) Mobile Safari/537.36 (compatible; PetalBot;+https://webmaster.petalsearch.com/site/petalbot)"
114.119.146.219 - - [12/Dec/2025:20:14:45 +0000] "GET /?o=119504248041730 HTTP/1.1" 200 1709 "http://flexnetworks.co.ke/sitemap.xml" "Mozilla/5.0 (Linux; Android 7.0;) AppleWebKit/537.36 (KHTML, like Gecko) Mobile Safari/537.36 (compatible; PetalBot;+https://webmaster.petalsearch.com/site/petalbot)"
198.23.59.221 - - [12/Dec/2025:20:16:09 +0000] "POST /wp-cron.php?doing_wp_cron=1765570569.6960089206695556640625 HTTP/1.1" 200 0 "-" "WordPress/6.9; https://flexnetworks.co.ke"
198.23.59.221 - - [12/Dec/2025:20:14:46 +0000] "POST /wp-cron.php?doing_wp_cron=1765570486.2098848819732666015625 HTTP/1.1" 200 0 "-" "WordPress/6.9; https://flexnetworks.co.ke"
114.119.146.219 - - [12/Dec/2025:20:17:42 +0000] "GET /?o=106459593001730 HTTP/1.1" 200 1709 "http://flexnetworks.co.ke/sitemap.xml" "Mozilla/5.0 (Linux; Android 7.0;) AppleWebKit/537.36 (KHTML, like Gecko) Mobile Safari/537.36 (compatible; PetalBot;+https://webmaster.petalsearch.com/site/petalbot)"
114.119.140.13 - - [12/Dec/2025:20:16:08 +0000] "GET /?o=111944206001730 HTTP/1.1" 200 1709 "http://flexnetworks.co.ke/sitemap.xml" "Mozilla/5.0 (Linux; Android 7.0;) AppleWebKit/537.36 (KHTML, like Gecko) Mobile Safari/537.36 (compatible; PetalBot;+https://webmaster.petalsearch.com/site/petalbot)"
198.23.59.221 - - [12/Dec/2025:20:17:43 +0000] "POST /wp-cron.php?doing_wp_cron=1765570663.8666288852691650390625 HTTP/1.1" 200 0 "-" "WordPress/6.9; https://flexnetworks.co.ke"
114.119.140.13 - - [12/Dec/2025:20:18:55 +0000] "GET /?o=105454275091730 HTTP/1.1" 200 1227 "http://flexnetworks.co.ke/sitemap.xml" "Mozilla/5.0 (Linux; Android 7.0;) AppleWebKit/537.36 (KHTML, like Gecko) Mobile Safari/537.36 (compatible; PetalBot;+https://webmaster.petalsearch.com/site/petalbot)"
198.23.59.221 - - [12/Dec/2025:20:18:55 +0000] "POST /wp-cron.php?doing_wp_cron=1765570735.9042639732360839843750 HTTP/1.1" 200 0 "-" "WordPress/6.9; https://flexnetworks.co.ke"
198.23.59.221 - - [12/Dec/2025:20:25:56 +0000] "POST /wp-cron.php?doing_wp_cron=1765571156.6530790328979492187500 HTTP/1.1" 200 0 "-" "WordPress/6.9; https://flexnetworks.co.ke"
114.119.146.109 - - [12/Dec/2025:20:25:56 +0000] "GET /?o=47918007071730 HTTP/1.1" 200 1227 "http://www.flexnetworks.co.ke/sitemap.xml" "Mozilla/5.0 (Linux; Android 7.0;) AppleWebKit/537.36 (KHTML, like Gecko) Mobile Safari/537.36 (compatible; PetalBot;+https://webmaster.petalsearch.com/site/petalbot)"
114.119.146.219 - - [12/Dec/2025:20:30:06 +0000] "GET /?o=98610023051730 HTTP/1.1" 200 1227 "http://www.flexnetworks.co.ke/sitemap.xml" "Mozilla/5.0 (Linux; Android 7.0;) AppleWebKit/537.36 (KHTML, like Gecko) Mobile Safari/537.36 (compatible; PetalBot;+https://webmaster.petalsearch.com/site/petalbot)"
114.119.133.134 - - [12/Dec/2025:20:31:31 +0000] "GET /?o=42669541051730 HTTP/1.1" 200 1227 "http://www.flexnetworks.co.ke/sitemap.xml" "Mozilla/5.0 (Linux; Android 7.0;) AppleWebKit/537.36 (KHTML, like Gecko) Mobile Safari/537.36 (compatible; PetalBot;+https://webmaster.petalsearch.com/site/petalbot)"
198.23.59.221 - - [12/Dec/2025:20:32:52 +0000] "POST /wp-cron.php?doing_wp_cron=1765571572.3090450763702392578125 HTTP/1.1" 200 0 "-" "WordPress/6.9; https://flexnetworks.co.ke"
114.119.140.50 - - [12/Dec/2025:20:32:52 +0000] "GET /?o=31348204001730 HTTP/1.1" 200 1227 "http://www.flexnetworks.co.ke/sitemap.xml" "Mozilla/5.0 (Linux; Android 7.0;) AppleWebKit/537.36 (KHTML, like Gecko) Mobile Safari/537.36 (compatible; PetalBot;+https://webmaster.petalsearch.com/site/petalbot)"
198.23.59.221 - - [12/Dec/2025:20:30:06 +0000] "POST /wp-cron.php?doing_wp_cron=1765571406.6414439678192138671875 HTTP/1.1" 200 0 "-" "WordPress/6.9; https://flexnetworks.co.ke"
114.119.146.109 - - [12/Dec/2025:20:35:40 +0000] "GET /?o=80535397041730 HTTP/1.1" 200 1227 "http://flexnetworks.co.ke/sitemap.xml" "Mozilla/5.0 (Linux; Android 7.0;) AppleWebKit/537.36 (KHTML, like Gecko) Mobile Safari/537.36 (compatible; PetalBot;+https://webmaster.petalsearch.com/site/petalbot)"
198.23.59.221 - - [12/Dec/2025:20:35:40 +0000] "POST /wp-cron.php?doing_wp_cron=1765571740.2210628986358642578125 HTTP/1.1" 200 0 "-" "WordPress/6.9; https://flexnetworks.co.ke"
205.210.31.43 - - [12/Dec/2025:20:38:25 +0000] "GET / HTTP/1.1" 403 1242 "-" "-"
114.119.146.219 - - [12/Dec/2025:20:38:26 +0000] "GET /?o=72244512001730 HTTP/1.1" 200 1227 "http://flexnetworks.co.ke/sitemap.xml" "Mozilla/5.0 (Linux; Android 7.0;) AppleWebKit/537.36 (KHTML, like Gecko) Mobile Safari/537.36 (compatible; PetalBot;+https://webmaster.petalsearch.com/site/petalbot)"
198.23.59.221 - - [12/Dec/2025:20:39:47 +0000] "POST /wp-cron.php?doing_wp_cron=1765571987.2038810253143310546875 HTTP/1.1" 200 0 "-" "WordPress/6.9; https://flexnetworks.co.ke"
4.196.114.73 - - [12/Dec/2025:20:39:47 +0000] "GET /num.php HTTP/1.1" 200 62909 "https://www.bing.com/" "Mozilla/5.0 (Linux; Android 10; LM-Q720) AppleWebKit/537.36 (KHTML, like Gecko) Chrome/116.0.0.0 Mobile Safari/537.36"
4.196.114.73 - - [12/Dec/2025:20:39:47 +0000] "GET /ioxi-o.php HTTP/1.1" 200 62909 "https://www.google.fr/" "Mozilla/5.0 (Linux; Android 13; M2101K6G) AppleWebKit/537.36 (KHTML, like Gecko) Chrome/116.0.0.0 Mobile Safari/537.36"
4.196.114.73 - - [12/Dec/2025:20:39:48 +0000] "GET /www.php HTTP/1.1" 200 62909 "https://www.bing.com/" "Mozilla/5.0 (Linux; Android 13; SM-G991U) AppleWebKit/537.36 (KHTML, like Gecko) Chrome/117.0.0.0 Mobile Safari/537.36"
4.196.114.73 - - [12/Dec/2025:20:39:48 +0000] "GET /akcc.php HTTP/1.1" 200 62909 "https://www.google.fr/" "Mozilla/5.0 (Linux; Android 14; Pixel 8 Pro) AppleWebKit/537.36 (KHTML, like Gecko) Chrome/119.0.0.0 Mobile Safari/537.36"
4.196.114.73 - - [12/Dec/2025:20:39:51 +0000] "GET /adminfuns.php HTTP/1.1" 200 62909 "https://www.google.co.uk/" "Mozilla/5.0 (Linux; Android 13; SM-S908E) AppleWebKit/537.36 (KHTML, like Gecko) Chrome/116.0.0.0 Mobile Safari/537.36"
4.196.114.73 - - [12/Dec/2025:20:39:53 +0000] "GET /wp-good.php HTTP/1.1" 200 62909 "https://www.yahoo.com/" "Mozilla/5.0 (iPhone; CPU iPhone OS 17_0_3 like Mac OS X) AppleWebKit/605.1.15 (KHTML, like Gecko) Version/17.0.1 Mobile/15E148 Safari/604.1"
4.196.114.73 - - [12/Dec/2025:20:39:54 +0000] "GET /.well-known/index.php HTTP/1.1" 200 8263 "https://www.bing.com/" "Mozilla/5.0 (iPhone; CPU iPhone OS 17_1 like Mac OS X) AppleWebKit/605.1.15 (KHTML, like Gecko) CriOS/119.0.6045.109 Mobile/15E148 Safari/604.1"
4.196.114.73 - - [12/Dec/2025:20:39:54 +0000] "GET /404.php HTTP/1.1" 200 62909 "https://www.google.com/" "Mozilla/5.0 (Linux; Android 13; SM-G991U) AppleWebKit/537.36 (KHTML, like Gecko) Chrome/117.0.0.0 Mobile Safari/537.36"
4.196.114.73 - - [12/Dec/2025:20:39:58 +0000] "GET /aa.php HTTP/1.1" 200 62909 "https://duckduckgo.com/" "Mozilla/5.0 (Linux; Android 11; 21081111RG) AppleWebKit/537.36 (KHTML, like Gecko) Chrome/116.0.0.0 Mobile Safari/537.36"
4.196.114.73 - - [12/Dec/2025:20:39:59 +0000] "GET /abcd.php HTTP/1.1" 200 62909 "https://www.bing.com/" "Mozilla/5.0 (iPad; CPU OS 17_0_3 like Mac OS X) AppleWebKit/605.1.15 (KHTML, like Gecko) Version/17.0.1 Mobile/15E148 Safari/604.1"
4.196.114.73 - - [12/Dec/2025:20:39:59 +0000] "GET /admin.php HTTP/1.1" 200 62909 "https://www.google.com/" "Mozilla/5.0 (Linux; Android 12; SM-A525F) AppleWebKit/537.36 (KHTML, like Gecko) Chrome/117.0.0.0 Mobile Safari/537.36"
4.196.114.73 - - [12/Dec/2025:20:40:00 +0000] "GET /about.php HTTP/1.1" 200 62909 "https://www.google.com/" "Mozilla/5.0 (Linux; Android 14; Pixel 8 Pro) AppleWebKit/537.36 (KHTML, like Gecko) Chrome/119.0.0.0 Mobile Safari/537.36"
4.196.114.73 - - [12/Dec/2025:20:40:02 +0000] "GET /ahax.php HTTP/1.1" 200 62909 "https://www.yahoo.com/" "Mozilla/5.0 (Linux; Android 10; K) AppleWebKit/537.36 (KHTML, like Gecko) Chrome/117.0.0.0 Mobile Safari/537.36"
4.196.114.73 - - [12/Dec/2025:20:40:03 +0000] "GET /alfa.php HTTP/1.1" 200 62909 "https://www.bing.com/" "Mozilla/5.0 (Linux; Android 12; SM-A525F) AppleWebKit/537.36 (KHTML, like Gecko) Chrome/117.0.0.0 Mobile Safari/537.36"
4.196.114.73 - - [12/Dec/2025:20:40:03 +0000] "GET /assets/images/ HTTP/1.1" 200 62909 "https://duckduckgo.com/" "Mozilla/5.0 (iPhone; CPU iPhone OS 16_0 like Mac OS X) AppleWebKit/605.1.15 (KHTML, like Gecko) FxiOS/118.0 Mobile/15E148 Safari/605.1.15"
4.196.114.73 - - [12/Dec/2025:20:40:04 +0000] "GET /autoload_classmap/function.php HTTP/1.1" 200 62909 "https://www.google.fr/" "Mozilla/5.0 (Linux; Android 10; LM-Q720) AppleWebKit/537.36 (KHTML, like Gecko) Chrome/116.0.0.0 Mobile Safari/537.36"
4.196.114.73 - - [12/Dec/2025:20:40:04 +0000] "GET /av.php HTTP/1.1" 200 62909 "https://www.google.de/" "Mozilla/5.0 (iPhone; CPU iPhone OS 17_1_1 like Mac OS X) AppleWebKit/605.1.15 (KHTML, like Gecko) Version/17.1 Mobile/15E148 Safari/604.1"
4.196.114.73 - - [12/Dec/2025:20:40:06 +0000] "GET /bless.php HTTP/1.1" 200 62909 "https://www.google.co.uk/" "Mozilla/5.0 (iPhone; CPU iPhone OS 16_0 like Mac OS X) AppleWebKit/605.1.15 (KHTML, like Gecko) FxiOS/118.0 Mobile/15E148 Safari/605.1.15"
4.196.114.73 - - [12/Dec/2025:20:40:06 +0000] "GET /bolt.php HTTP/1.1" 200 62909 "https://duckduckgo.com/" "Mozilla/5.0 (iPhone; CPU iPhone OS 16_0 like Mac OS X) AppleWebKit/605.1.15 (KHTML, like Gecko) FxiOS/118.0 Mobile/15E148 Safari/605.1.15"
4.196.114.73 - - [12/Dec/2025:20:40:08 +0000] "GET /buy.php HTTP/1.1" 200 62909 "https://www.yahoo.com/" "Mozilla/5.0 (Linux; Android 10; K) AppleWebKit/537.36 (KHTML, like Gecko) Chrome/117.0.0.0 Mobile Safari/537.36"
4.196.114.73 - - [12/Dec/2025:20:40:09 +0000] "GET /atomlib.php HTTP/1.1" 200 62909 "https://duckduckgo.com/" "Mozilla/5.0 (iPhone; CPU iPhone OS 17_0_3 like Mac OS X) AppleWebKit/605.1.15 (KHTML, like Gecko) Version/17.0.1 Mobile/15E148 Safari/604.1"
4.196.114.73 - - [12/Dec/2025:20:40:09 +0000] "GET /cgi-bin/file.php HTTP/1.1" 200 62909 "https://www.google.fr/" "Mozilla/5.0 (iPad; CPU OS 17_0_3 like Mac OS X) AppleWebKit/605.1.15 (KHTML, like Gecko) Version/17.0.1 Mobile/15E148 Safari/604.1"
4.196.114.73 - - [12/Dec/2025:20:40:11 +0000] "GET /cgi-bin/index.php HTTP/1.1" 404 1251 "https://www.google.fr/" "Mozilla/5.0 (iPhone; CPU iPhone OS 16_0 like Mac OS X) AppleWebKit/605.1.15 (KHTML, like Gecko) FxiOS/118.0 Mobile/15E148 Safari/605.1.15"
4.196.114.73 - - [12/Dec/2025:20:40:11 +0000] "GET /chosen.php HTTP/1.1" 200 62909 "https://duckduckgo.com/" "Mozilla/5.0 (Linux; Android 12; SM-A525F) AppleWebKit/537.36 (KHTML, like Gecko) Chrome/117.0.0.0 Mobile Safari/537.36"
4.196.114.73 - - [12/Dec/2025:20:40:13 +0000] "GET /classwithtostring.php HTTP/1.1" 200 62909 "https://www.bing.com/" "Mozilla/5.0 (Linux; Android 11; CPH2251) AppleWebKit/537.36 (KHTML, like Gecko) Chrome/116.0.0.0 Mobile Safari/537.36"
4.196.114.73 - - [12/Dec/2025:20:40:14 +0000] "GET /edit.php HTTP/1.1" 200 62909 "https://www.google.co.uk/" "Mozilla/5.0 (iPhone; CPU iPhone OS 15_7_9 like Mac OS X) AppleWebKit/605.1.15 (KHTML, like Gecko) Version/15.6.5 Mobile/15E148 Safari/604.1"
4.196.114.73 - - [12/Dec/2025:20:40:15 +0000] "GET /elp.php HTTP/1.1" 200 62909 "https://www.google.com/" "Mozilla/5.0 (Linux; Android 12; SM-A525F) AppleWebKit/537.36 (KHTML, like Gecko) Chrome/117.0.0.0 Mobile Safari/537.36"
4.196.114.73 - - [12/Dec/2025:20:40:16 +0000] "GET /simple.php HTTP/1.1" 200 62909 "https://www.google.co.uk/" "Mozilla/5.0 (Linux; Android 10; LM-Q720) AppleWebKit/537.36 (KHTML, like Gecko) Chrome/116.0.0.0 Mobile Safari/537.36"
4.196.114.73 - - [12/Dec/2025:20:40:19 +0000] "GET /file.php HTTP/1.1" 200 62909 "https://duckduckgo.com/" "Mozilla/5.0 (iPad; CPU OS 17_0_3 like Mac OS X) AppleWebKit/605.1.15 (KHTML, like Gecko) Version/17.0.1 Mobile/15E148 Safari/604.1"
4.196.114.73 - - [12/Dec/2025:20:40:24 +0000] "GET /item.php HTTP/1.1" 200 62909 "https://www.google.com/" "Mozilla/5.0 (Linux; Android 12; 2201116SG) AppleWebKit/537.36 (KHTML, like Gecko) Chrome/116.0.0.0 Mobile Safari/537.36"
4.196.114.73 - - [12/Dec/2025:20:40:25 +0000] "GET /files/ HTTP/1.1" 200 62909 "https://www.yahoo.com/" "Mozilla/5.0 (iPhone; CPU iPhone OS 17_1 like Mac OS X) AppleWebKit/605.1.15 (KHTML, like Gecko) CriOS/119.0.6045.109 Mobile/15E148 Safari/604.1"
4.196.114.73 - - [12/Dec/2025:20:40:26 +0000] "GET /gg.php HTTP/1.1" 200 62909 "https://www.google.co.uk/" "Mozilla/5.0 (Linux; Android 11; CPH2251) AppleWebKit/537.36 (KHTML, like Gecko) Chrome/116.0.0.0 Mobile Safari/537.36"
4.196.114.73 - - [12/Dec/2025:20:40:27 +0000] "GET /goods.php HTTP/1.1" 200 62909 "https://www.yahoo.com/" "Mozilla/5.0 (Linux; Android 11; 21081111RG) AppleWebKit/537.36 (KHTML, like Gecko) Chrome/116.0.0.0 Mobile Safari/537.36"
4.196.114.73 - - [12/Dec/2025:20:40:28 +0000] "GET /images/ HTTP/1.1" 200 62909 "https://www.google.fr/" "Mozilla/5.0 (iPhone; CPU iPhone OS 17_1 like Mac OS X) AppleWebKit/605.1.15 (KHTML, like Gecko) CriOS/119.0.6045.109 Mobile/15E148 Safari/604.1"
4.196.114.73 - - [12/Dec/2025:20:40:29 +0000] "GET /images/install.php HTTP/1.1" 200 62909 "https://www.google.co.uk/" "Mozilla/5.0 (Linux; Android 10; LM-Q720) AppleWebKit/537.36 (KHTML, like Gecko) Chrome/116.0.0.0 Mobile Safari/537.36"
4.196.114.73 - - [12/Dec/2025:20:40:29 +0000] "GET /info.php HTTP/1.1" 200 62909 "https://duckduckgo.com/" "Mozilla/5.0 (iPhone; CPU iPhone OS 15_7_9 like Mac OS X) AppleWebKit/605.1.15 (KHTML, like Gecko) Version/15.6.5 Mobile/15E148 Safari/604.1"
4.196.114.73 - - [12/Dec/2025:20:40:30 +0000] "GET /k.php HTTP/1.1" 200 62909 "https://www.yahoo.com/" "Mozilla/5.0 (iPad; CPU OS 16_7_2 like Mac OS X) AppleWebKit/605.1.15 (KHTML, like Gecko) Version/16.6 Mobile/15E148 Safari/604.1"
4.196.114.73 - - [12/Dec/2025:20:40:30 +0000] "GET /mah.php HTTP/1.1" 200 62909 "https://www.google.co.uk/" "Mozilla/5.0 (iPad; CPU OS 16_7_2 like Mac OS X) AppleWebKit/605.1.15 (KHTML, like Gecko) Version/16.6 Mobile/15E148 Safari/604.1"
4.196.114.73 - - [12/Dec/2025:20:40:32 +0000] "GET /mah/function.php HTTP/1.1" 200 62909 "https://www.google.com/" "Mozilla/5.0 (Linux; Android 10; LM-Q720) AppleWebKit/537.36 (KHTML, like Gecko) Chrome/116.0.0.0 Mobile Safari/537.36"
4.196.114.73 - - [12/Dec/2025:20:40:33 +0000] "GET /manager.php HTTP/1.1" 200 62909 "https://www.bing.com/" "Mozilla/5.0 (Linux; Android 13; SM-S908E) AppleWebKit/537.36 (KHTML, like Gecko) Chrome/116.0.0.0 Mobile Safari/537.36"
4.196.114.73 - - [12/Dec/2025:20:40:35 +0000] "GET /mini HTTP/1.1" 200 62909 "https://www.google.co.uk/" "Mozilla/5.0 (iPhone; CPU iPhone OS 17_0_3 like Mac OS X) AppleWebKit/605.1.15 (KHTML, like Gecko) Version/17.0.1 Mobile/15E148 Safari/604.1"
4.196.114.73 - - [12/Dec/2025:20:40:36 +0000] "GET /new.php HTTP/1.1" 200 62909 "https://duckduckgo.com/" "Mozilla/5.0 (iPhone; CPU iPhone OS 16_6_1 like Mac OS X) AppleWebKit/605.1.15 (KHTML, like Gecko) Version/16.6 Mobile/15E148 Safari/604.1"
4.196.114.73 - - [12/Dec/2025:20:40:36 +0000] "GET /dropdown.php HTTP/1.1" 200 62909 "https://www.google.de/" "Mozilla/5.0 (iPhone; CPU iPhone OS 16_6_1 like Mac OS X) AppleWebKit/605.1.15 (KHTML, like Gecko) Version/16.6 Mobile/15E148 Safari/604.1"
4.196.114.73 - - [12/Dec/2025:20:40:37 +0000] "GET /cong.php HTTP/1.1" 200 62909 "https://www.google.com/" "Mozilla/5.0 (iPad; CPU OS 17_0_3 like Mac OS X) AppleWebKit/605.1.15 (KHTML, like Gecko) Version/17.0.1 Mobile/15E148 Safari/604.1"
4.196.114.73 - - [12/Dec/2025:20:40:37 +0000] "GET /public/files/index.php HTTP/1.1" 200 8263 "https://duckduckgo.com/" "Mozilla/5.0 (Linux; Android 10; LM-Q720) AppleWebKit/537.36 (KHTML, like Gecko) Chrome/116.0.0.0 Mobile Safari/537.36"
4.196.114.73 - - [12/Dec/2025:20:40:38 +0000] "GET /public/wp-content/index.php HTTP/1.1" 200 8263 "https://www.yahoo.com/" "Mozilla/5.0 (Linux; Android 12; SM-A525F) AppleWebKit/537.36 (KHTML, like Gecko) Chrome/117.0.0.0 Mobile Safari/537.36"
4.196.114.73 - - [12/Dec/2025:20:40:38 +0000] "GET /radio.php HTTP/1.1" 200 62909 "https://www.yahoo.com/" "Mozilla/5.0 (Linux; Android 10; K) AppleWebKit/537.36 (KHTML, like Gecko) Chrome/117.0.0.0 Mobile Safari/537.36"
4.196.114.73 - - [12/Dec/2025:20:40:39 +0000] "GET /themes.php HTTP/1.1" 200 62909 "https://www.google.fr/" "Mozilla/5.0 (iPhone; CPU iPhone OS 17_0_3 like Mac OS X) AppleWebKit/605.1.15 (KHTML, like Gecko) Version/17.0.1 Mobile/15E148 Safari/604.1"
4.196.114.73 - - [12/Dec/2025:20:40:40 +0000] "GET /uploads/index.php HTTP/1.1" 200 8263 "https://www.google.co.uk/" "Mozilla/5.0 (Linux; Android 12; 2201116SG) AppleWebKit/537.36 (KHTML, like Gecko) Chrome/116.0.0.0 Mobile Safari/537.36"
114.119.145.7 - - [12/Dec/2025:20:39:50 +0000] "GET /?o=54901361021730 HTTP/1.1" 200 1227 "http://flexnetworks.co.ke/sitemap.xml" "Mozilla/5.0 (Linux; Android 7.0;) AppleWebKit/537.36 (KHTML, like Gecko) Mobile Safari/537.36 (compatible; PetalBot;+https://webmaster.petalsearch.com/site/petalbot)"
114.119.140.50 - - [12/Dec/2025:20:41:15 +0000] "GET /?o=48822147011730 HTTP/1.1" 200 1220 "http://flexnetworks.co.ke/sitemap.xml" "Mozilla/5.0 (Linux; Android 7.0;) AppleWebKit/537.36 (KHTML, like Gecko) Mobile Safari/537.36 (compatible; PetalBot;+https://webmaster.petalsearch.com/site/petalbot)"
198.23.59.221 - - [12/Dec/2025:20:38:26 +0000] "POST /wp-cron.php?doing_wp_cron=1765571906.3124411106109619140625 HTTP/1.1" 200 0 "-" "WordPress/6.9; https://flexnetworks.co.ke"
198.23.59.221 - - [12/Dec/2025:20:40:47 +0000] "POST /wp-cron.php?doing_wp_cron=1765572047.3554060459136962890625 HTTP/1.1" 200 0 "-" "WordPress/6.9; https://flexnetworks.co.ke"
114.119.140.13 - - [12/Dec/2025:20:42:37 +0000] "GET /?o=3669936051730 HTTP/1.1" 200 1227 "http://flexnetworks.co.ke/sitemap.xml" "Mozilla/5.0 (Linux; Android 7.0;) AppleWebKit/537.36 (KHTML, like Gecko) Mobile Safari/537.36 (compatible; PetalBot;+https://webmaster.petalsearch.com/site/petalbot)"
4.196.114.73 - - [12/Dec/2025:20:40:40 +0000] "GET /wp-admin/ HTTP/1.1" 200 11981 "https://www.yahoo.com/" "Mozilla/5.0 (iPhone; CPU iPhone OS 16_0 like Mac OS X) AppleWebKit/605.1.15 (KHTML, like Gecko) FxiOS/118.0 Mobile/15E148 Safari/605.1.15"
4.196.114.73 - - [12/Dec/2025:20:40:42 +0000] "GET /wp-admin/classwithtostring.php HTTP/1.1" 200 62909 "https://duckduckgo.com/" "Mozilla/5.0 (iPhone; CPU iPhone OS 16_0 like Mac OS X) AppleWebKit/605.1.15 (KHTML, like Gecko) FxiOS/118.0 Mobile/15E148 Safari/605.1.15"
4.196.114.73 - - [12/Dec/2025:20:40:43 +0000] "GET /wp-admin/css/ HTTP/1.1" 200 29272 "https://www.google.com/" "Mozilla/5.0 (iPhone; CPU iPhone OS 17_1_1 like Mac OS X) AppleWebKit/605.1.15 (KHTML, like Gecko) Version/17.1 Mobile/15E148 Safari/604.1"
4.196.114.73 - - [12/Dec/2025:20:40:44 +0000] "GET /wp-admin/css/about.php HTTP/1.1" 200 62909 "https://www.yahoo.com/" "Mozilla/5.0 (iPad; CPU OS 17_0_3 like Mac OS X) AppleWebKit/605.1.15 (KHTML, like Gecko) Version/17.0.1 Mobile/15E148 Safari/604.1"
4.196.114.73 - - [12/Dec/2025:20:40:44 +0000] "GET /wp-admin/css/colors/blue/ HTTP/1.1" 200 2733 "https://www.google.de/" "Mozilla/5.0 (Linux; Android 12; SM-A525F) AppleWebKit/537.36 (KHTML, like Gecko) Chrome/117.0.0.0 Mobile Safari/537.36"
4.196.114.73 - - [12/Dec/2025:20:40:47 +0000] "GET /wp-admin/images/index.php HTTP/1.1" 200 8263 "https://www.bing.com/" "Mozilla/5.0 (Linux; Android 10; LM-Q720) AppleWebKit/537.36 (KHTML, like Gecko) Chrome/116.0.0.0 Mobile Safari/537.36"
4.196.114.73 - - [12/Dec/2025:20:40:47 +0000] "GET /wp-admin/includes/colour.php HTTP/1.1" 200 62909 "https://www.bing.com/" "Mozilla/5.0 (iPad; CPU OS 17_0_3 like Mac OS X) AppleWebKit/605.1.15 (KHTML, like Gecko) Version/17.0.1 Mobile/15E148 Safari/604.1"
4.196.114.73 - - [12/Dec/2025:20:40:48 +0000] "GET /wp-admin/includes/index.php HTTP/1.1" 403 1242 "https://www.google.co.uk/" "Mozilla/5.0 (Linux; Android 12; SM-A525F) AppleWebKit/537.36 (KHTML, like Gecko) Chrome/117.0.0.0 Mobile Safari/537.36"
4.196.114.73 - - [12/Dec/2025:20:40:48 +0000] "GET /wp-admin/index.php HTTP/1.1" 200 11981 "https://www.bing.com/" "Mozilla/5.0 (Linux; Android 12; 2201116SG) AppleWebKit/537.36 (KHTML, like Gecko) Chrome/116.0.0.0 Mobile Safari/537.36"
4.196.114.73 - - [12/Dec/2025:20:40:48 +0000] "GET /wp-admin/js/ HTTP/1.1" 200 27990 "https://www.bing.com/" "Mozilla/5.0 (Linux; Android 11; 21081111RG) AppleWebKit/537.36 (KHTML, like Gecko) Chrome/116.0.0.0 Mobile Safari/537.36"
4.196.114.73 - - [12/Dec/2025:20:40:49 +0000] "GET /wp-admin/js/index.php HTTP/1.1" 200 8263 "https://www.bing.com/" "Mozilla/5.0 (iPhone; CPU iPhone OS 16_0 like Mac OS X) AppleWebKit/605.1.15 (KHTML, like Gecko) FxiOS/118.0 Mobile/15E148 Safari/605.1.15"
4.196.114.73 - - [12/Dec/2025:20:40:49 +0000] "GET /wp-admin/js/widgets/ HTTP/1.1" 200 6084 "https://www.google.fr/" "Mozilla/5.g (Linux; Android 13; Pixel 7) AppleWebKit/537.36 (KHTML, like Gecko) Chrome/116.0.0.0 Mobile Safari/537.36"
4.196.114.73 - - [12/Dec/2025:20:40:51 +0000] "GET /wp-admin/network/admin.php HTTP/1.1" 200 11989 "https://www.yahoo.com/" "Mozilla/5.0 (Linux; Android 10; LM-Q720) AppleWebKit/537.36 (KHTML, like Gecko) Chrome/116.0.0.0 Mobile Safari/537.36"
4.196.114.73 - - [12/Dec/2025:20:40:51 +0000] "GET /wp-admin/wp-admins.php HTTP/1.1" 200 62909 "https://www.google.co.uk/" "Mozilla/5.g (Linux; Android 13; Pixel 7) AppleWebKit/537.36 (KHTML, like Gecko) Chrome/116.0.0.0 Mobile Safari/537.36"
4.196.114.73 - - [12/Dec/2025:20:40:52 +0000] "GET /wp-blog.php HTTP/1.1" 200 62909 "https://www.google.de/" "Mozilla/5.g (Linux; Android 13; Pixel 7) AppleWebKit/537.36 (KHTML, like Gecko) Chrome/116.0.0.0 Mobile Safari/537.36"
4.196.114.73 - - [12/Dec/2025:20:40:52 +0000] "GET /wp-conflg/function.php HTTP/1.1" 200 62909 "https://www.google.de/" "Mozilla/5.0 (iPhone; CPU iPhone OS 16_6_1 like Mac OS X) AppleWebKit/605.1.15 (KHTML, like Gecko) Version/16.6 Mobile/15E148 Safari/604.1"
114.119.146.109 - - [12/Dec/2025:20:44:02 +0000] "GET /?o=36212775021730 HTTP/1.1" 200 1220 "http://flexnetworks.co.ke/sitemap.xml" "Mozilla/5.0 (Linux; Android 7.0;) AppleWebKit/537.36 (KHTML, like Gecko) Mobile Safari/537.36 (compatible; PetalBot;+https://webmaster.petalsearch.com/site/petalbot)"
198.23.59.221 - - [12/Dec/2025:20:50:58 +0000] "POST /wp-cron.php?doing_wp_cron=1765572658.8438100814819335937500 HTTP/1.1" 200 0 "-" "WordPress/6.9; https://flexnetworks.co.ke"
114.119.158.151 - - [12/Dec/2025:20:50:58 +0000] "GET /?o=97414601021730 HTTP/1.1" 200 1227 "http://www.flexnetworks.co.ke/sitemap.xml" "Mozilla/5.0 (Linux; Android 7.0;) AppleWebKit/537.36 (KHTML, like Gecko) Mobile Safari/537.36 (compatible; PetalBot;+https://webmaster.petalsearch.com/site/petalbot)"
114.119.145.7 - - [12/Dec/2025:20:52:23 +0000] "GET /?o=30909707051730 HTTP/1.1" 200 1227 "http://flexnetworks.co.ke/sitemap.xml" "Mozilla/5.0 (Linux; Android 7.0;) AppleWebKit/537.36 (KHTML, like Gecko) Mobile Safari/537.36 (compatible; PetalBot;+https://webmaster.petalsearch.com/site/petalbot)"
198.23.59.221 - - [12/Dec/2025:20:53:46 +0000] "POST /wp-cron.php?doing_wp_cron=1765572826.2416710853576660156250 HTTP/1.1" 200 0 "-" "WordPress/6.9; https://flexnetworks.co.ke"
114.119.146.109 - - [12/Dec/2025:20:56:34 +0000] "GET /?o=20520314081730 HTTP/1.1" 200 1227 "http://flexnetworks.co.ke/sitemap.xml" "Mozilla/5.0 (Linux; Android 7.0;) AppleWebKit/537.36 (KHTML, like Gecko) Mobile Safari/537.36 (compatible; PetalBot;+https://webmaster.petalsearch.com/site/petalbot)"
198.23.59.221 - - [12/Dec/2025:20:57:56 +0000] "POST /wp-cron.php?doing_wp_cron=1765573076.7550950050354003906250 HTTP/1.1" 200 0 "-" "WordPress/6.9; https://flexnetworks.co.ke"
114.119.158.151 - - [12/Dec/2025:20:57:56 +0000] "GET /nithi/events/2017-06/ HTTP/1.1" 200 15518 "http://flexnetworks.co.ke/nithi/events/2017-07" "Mozilla/5.0 (Linux; Android 7.0;) AppleWebKit/537.36 (KHTML, like Gecko) Mobile Safari/537.36 (compatible; PetalBot;+https://webmaster.petalsearch.com/site/petalbot)"
114.119.133.134 - - [12/Dec/2025:20:53:46 +0000] "GET /?o=29982074001730 HTTP/1.1" 200 1227 "http://flexnetworks.co.ke/sitemap.xml" "Mozilla/5.0 (Linux; Android 7.0;) AppleWebKit/537.36 (KHTML, like Gecko) Mobile Safari/537.36 (compatible; PetalBot;+https://webmaster.petalsearch.com/site/petalbot)"