20.89.208.225 - - [12/Dec/2025:17:57:35 +0000] "GET /autodiscover/autodiscover.xml HTTP/1.1" 400 52 "https://duckduckgo.com/" "Mozilla/5.0 (iPad; CPU OS 17_0_3 like Mac OS X) AppleWebKit/605.1.15 (KHTML, like Gecko) Version/17.0.1 Mobile/15E148 Safari/604.1"
20.89.208.225 - - [12/Dec/2025:17:57:35 +0000] "GET /autodiscover/autodiscover.xml HTTP/1.1" 400 52 "https://www.yahoo.com/" "Mozilla/5.0 (Linux; Android 12; V2134) AppleWebKit/537.36 (KHTML, like Gecko) Chrome/116.0.0.0 Mobile Safari/537.36"
20.89.208.225 - - [12/Dec/2025:17:57:36 +0000] "GET /autodiscover/autodiscover.xml HTTP/1.1" 400 52 "https://duckduckgo.com/" "Mozilla/5.0 (Linux; Android 12; V2134) AppleWebKit/537.36 (KHTML, like Gecko) Chrome/116.0.0.0 Mobile Safari/537.36"
20.89.208.225 - - [12/Dec/2025:17:57:36 +0000] "GET /autodiscover/autodiscover.xml HTTP/1.1" 400 52 "https://www.google.co.uk/" "Mozilla/5.0 (Linux; Android 11; 21081111RG) AppleWebKit/537.36 (KHTML, like Gecko) Chrome/116.0.0.0 Mobile Safari/537.36"
20.89.208.225 - - [12/Dec/2025:17:57:37 +0000] "GET /autodiscover/autodiscover.xml HTTP/1.1" 400 52 "https://www.google.de/" "Mozilla/5.0 (iPhone; CPU iPhone OS 16_6_1 like Mac OS X) AppleWebKit/605.1.15 (KHTML, like Gecko) Version/16.6 Mobile/15E148 Safari/604.1"
20.89.208.225 - - [12/Dec/2025:17:57:37 +0000] "GET /autodiscover/autodiscover.xml HTTP/1.1" 400 52 "https://duckduckgo.com/" "Mozilla/5.g (Linux; Android 13; Pixel 7) AppleWebKit/537.36 (KHTML, like Gecko) Chrome/116.0.0.0 Mobile Safari/537.36"
20.89.208.225 - - [12/Dec/2025:17:57:38 +0000] "GET /autodiscover/autodiscover.xml HTTP/1.1" 400 52 "https://www.yahoo.com/" "Mozilla/5.0 (iPhone; CPU iPhone OS 16_0 like Mac OS X) AppleWebKit/605.1.15 (KHTML, like Gecko) FxiOS/118.0 Mobile/15E148 Safari/605.1.15"
20.89.208.225 - - [12/Dec/2025:17:57:39 +0000] "GET /autodiscover/autodiscover.xml HTTP/1.1" 400 52 "https://www.google.co.uk/" "Mozilla/5.0 (Linux; Android 11; CPH2251) AppleWebKit/537.36 (KHTML, like Gecko) Chrome/116.0.0.0 Mobile Safari/537.36"
20.89.208.225 - - [12/Dec/2025:17:57:40 +0000] "GET /autodiscover/autodiscover.xml HTTP/1.1" 400 52 "https://www.bing.com/" "Mozilla/5.0 (iPhone; CPU iPhone OS 15_7_9 like Mac OS X) AppleWebKit/605.1.15 (KHTML, like Gecko) Version/15.6.5 Mobile/15E148 Safari/604.1"
20.89.208.225 - - [12/Dec/2025:17:57:40 +0000] "GET /autodiscover/autodiscover.xml HTTP/1.1" 400 52 "https://www.google.co.uk/" "Mozilla/5.0 (Linux; Android 12; SM-A525F) AppleWebKit/537.36 (KHTML, like Gecko) Chrome/117.0.0.0 Mobile Safari/537.36"
20.89.208.225 - - [12/Dec/2025:17:57:41 +0000] "GET /autodiscover/autodiscover.xml HTTP/1.1" 400 52 "https://www.google.co.uk/" "Mozilla/5.0 (Linux; Android 10; LM-Q720) AppleWebKit/537.36 (KHTML, like Gecko) Chrome/116.0.0.0 Mobile Safari/537.36"
20.89.208.225 - - [12/Dec/2025:17:57:43 +0000] "GET /autodiscover/autodiscover.xml HTTP/1.1" 400 52 "https://www.bing.com/" "Mozilla/5.0 (Linux; Android 12; 2201116SG) AppleWebKit/537.36 (KHTML, like Gecko) Chrome/116.0.0.0 Mobile Safari/537.36"
20.89.208.225 - - [12/Dec/2025:17:57:43 +0000] "GET /autodiscover/autodiscover.xml HTTP/1.1" 400 52 "https://www.bing.com/" "Mozilla/5.0 (Linux; Android 11; 21081111RG) AppleWebKit/537.36 (KHTML, like Gecko) Chrome/116.0.0.0 Mobile Safari/537.36"
20.89.208.225 - - [12/Dec/2025:17:57:44 +0000] "GET /autodiscover/autodiscover.xml HTTP/1.1" 400 52 "https://www.google.de/" "Mozilla/5.0 (Linux; Android 12; SM-A525F) AppleWebKit/537.36 (KHTML, like Gecko) Chrome/117.0.0.0 Mobile Safari/537.36"
198.23.59.221 - - [12/Dec/2025:17:54:53 +0000] "POST /wp-cron.php?doing_wp_cron=1765562093.0119540691375732421875 HTTP/1.1" 200 0 "-" "WordPress/6.9; https://flexnetworks.co.ke"
198.23.59.221 - - [12/Dec/2025:17:56:05 +0000] "POST /wp-cron.php?doing_wp_cron=1765562164.9908969402313232421875 HTTP/1.1" 200 0 "-" "WordPress/6.9; https://flexnetworks.co.ke"
114.119.155.153 - - [12/Dec/2025:17:56:04 +0000] "GET / HTTP/1.1" 200 23634 "-" "Mozilla/5.0 (Linux; Android 7.0;) AppleWebKit/537.36 (KHTML, like Gecko) Mobile Safari/537.36 (compatible; PetalBot;+https://webmaster.petalsearch.com/site/petalbot)"
20.89.208.225 - - [12/Dec/2025:17:57:02 +0000] "GET /autodiscover/autodiscover.xml HTTP/1.1" 400 52 "https://www.google.co.uk/" "Mozilla/5.g (Linux; Android 13; Pixel 7) AppleWebKit/537.36 (KHTML, like Gecko) Chrome/116.0.0.0 Mobile Safari/537.36"
20.89.208.225 - - [12/Dec/2025:17:57:03 +0000] "GET /autodiscover/autodiscover.xml HTTP/1.1" 400 52 "https://www.yahoo.com/" "Mozilla/5.0 (iPhone; CPU iPhone OS 17_1_1 like Mac OS X) AppleWebKit/605.1.15 (KHTML, like Gecko) Version/17.1 Mobile/15E148 Safari/604.1"
20.89.208.225 - - [12/Dec/2025:17:57:08 +0000] "GET /autodiscover/autodiscover.xml HTTP/1.1" 400 52 "https://www.google.co.uk/" "Mozilla/5.0 (iPhone; CPU iPhone OS 16_6_1 like Mac OS X) AppleWebKit/605.1.15 (KHTML, like Gecko) Version/16.6 Mobile/15E148 Safari/604.1"
20.89.208.225 - - [12/Dec/2025:17:57:13 +0000] "GET /autodiscover/autodiscover.xml HTTP/1.1" 400 52 "https://www.bing.com/" "Mozilla/5.0 (iPhone; CPU iPhone OS 17_1_1 like Mac OS X) AppleWebKit/605.1.15 (KHTML, like Gecko) Version/17.1 Mobile/15E148 Safari/604.1"
198.23.59.221 - - [12/Dec/2025:17:58:07 +0000] "POST /wp-cron.php?doing_wp_cron=1765562287.5107159614562988281250 HTTP/1.1" 200 0 "-" "WordPress/6.9; https://flexnetworks.co.ke"
66.249.70.3 - - [12/Dec/2025:18:02:07 +0000] "GET /?o=55062931041730 HTTP/1.1" 200 20215 "-" "Mozilla/5.0 (Linux; Android 6.0.1; Nexus 5X Build/MMB29P) AppleWebKit/537.36 (KHTML, like Gecko) Chrome/141.0.7390.122 Mobile Safari/537.36 (compatible; Googlebot/2.1; +http://www.google.com/bot.html)"
20.89.208.225 - - [12/Dec/2025:17:57:45 +0000] "GET /autodiscover/autodiscover.xml HTTP/1.1" 400 52 "https://www.yahoo.com/" "Mozilla/5.0 (Linux; Android 13; SM-G991U) AppleWebKit/537.36 (KHTML, like Gecko) Chrome/117.0.0.0 Mobile Safari/537.36"
20.89.208.225 - - [12/Dec/2025:17:57:45 +0000] "GET /autodiscover/autodiscover.xml HTTP/1.1" 400 52 "https://www.yahoo.com/" "Mozilla/5.0 (Linux; Android 12; V2134) AppleWebKit/537.36 (KHTML, like Gecko) Chrome/116.0.0.0 Mobile Safari/537.36"
20.89.208.225 - - [12/Dec/2025:17:57:46 +0000] "GET /autodiscover/autodiscover.xml HTTP/1.1" 400 52 "https://duckduckgo.com/" "Mozilla/5.0 (iPhone; CPU iPhone OS 15_7_9 like Mac OS X) AppleWebKit/605.1.15 (KHTML, like Gecko) Version/15.6.5 Mobile/15E148 Safari/604.1"
20.89.208.225 - - [12/Dec/2025:17:57:47 +0000] "GET /autodiscover/autodiscover.xml HTTP/1.1" 400 52 "https://www.yahoo.com/" "Mozilla/5.0 (Linux; Android 13; SM-S908E) AppleWebKit/537.36 (KHTML, like Gecko) Chrome/116.0.0.0 Mobile Safari/537.36"
20.89.208.225 - - [12/Dec/2025:17:57:49 +0000] "GET /autodiscover/autodiscover.xml HTTP/1.1" 400 52 "https://www.google.fr/" "Mozilla/5.0 (Linux; Android 13; SM-G991U) AppleWebKit/537.36 (KHTML, like Gecko) Chrome/117.0.0.0 Mobile Safari/537.36"
20.89.208.225 - - [12/Dec/2025:17:57:49 +0000] "GET /autodiscover/autodiscover.xml HTTP/1.1" 400 52 "https://www.yahoo.com/" "Mozilla/5.0 (iPad; CPU OS 16_7_2 like Mac OS X) AppleWebKit/605.1.15 (KHTML, like Gecko) Version/16.6 Mobile/15E148 Safari/604.1"
20.89.208.225 - - [12/Dec/2025:17:57:50 +0000] "GET /autodiscover/autodiscover.xml HTTP/1.1" 400 52 "https://www.google.fr/" "Mozilla/5.0 (iPad; CPU OS 17_0_3 like Mac OS X) AppleWebKit/605.1.15 (KHTML, like Gecko) Version/17.0.1 Mobile/15E148 Safari/604.1"
20.89.208.225 - - [12/Dec/2025:17:57:50 +0000] "GET /autodiscover/autodiscover.xml HTTP/1.1" 400 52 "https://www.yahoo.com/" "Mozilla/5.0 (Linux; Android 12; V2134) AppleWebKit/537.36 (KHTML, like Gecko) Chrome/116.0.0.0 Mobile Safari/537.36"
20.89.208.225 - - [12/Dec/2025:17:57:52 +0000] "GET /autodiscover/autodiscover.xml HTTP/1.1" 400 52 "https://www.google.de/" "Mozilla/5.0 (iPad; CPU OS 17_0_3 like Mac OS X) AppleWebKit/605.1.15 (KHTML, like Gecko) Version/17.0.1 Mobile/15E148 Safari/604.1"
20.89.208.225 - - [12/Dec/2025:17:57:52 +0000] "GET /autodiscover/autodiscover.xml HTTP/1.1" 400 52 "https://duckduckgo.com/" "Mozilla/5.0 (iPhone; CPU iPhone OS 17_1_1 like Mac OS X) AppleWebKit/605.1.15 (KHTML, like Gecko) Version/17.1 Mobile/15E148 Safari/604.1"
20.89.208.225 - - [12/Dec/2025:17:57:52 +0000] "GET /autodiscover/autodiscover.xml HTTP/1.1" 400 52 "https://www.google.co.uk/" "Mozilla/5.0 (Linux; Android 12; V2134) AppleWebKit/537.36 (KHTML, like Gecko) Chrome/116.0.0.0 Mobile Safari/537.36"
20.89.208.225 - - [12/Dec/2025:17:57:55 +0000] "GET /autodiscover/autodiscover.xml HTTP/1.1" 400 52 "https://duckduckgo.com/" "Mozilla/5.0 (Linux; Android 12; V2134) AppleWebKit/537.36 (KHTML, like Gecko) Chrome/116.0.0.0 Mobile Safari/537.36"
20.89.208.225 - - [12/Dec/2025:17:57:56 +0000] "GET /autodiscover/autodiscover.xml HTTP/1.1" 400 52 "https://www.google.fr/" "Mozilla/5.0 (iPhone; CPU iPhone OS 17_0_3 like Mac OS X) AppleWebKit/605.1.15 (KHTML, like Gecko) Version/17.0.1 Mobile/15E148 Safari/604.1"
20.89.208.225 - - [12/Dec/2025:17:57:56 +0000] "GET /autodiscover/autodiscover.xml HTTP/1.1" 400 52 "https://www.google.com/" "Mozilla/5.0 (Linux; Android 13; SM-S908E) AppleWebKit/537.36 (KHTML, like Gecko) Chrome/116.0.0.0 Mobile Safari/537.36"
20.89.208.225 - - [12/Dec/2025:17:57:57 +0000] "GET /autodiscover/autodiscover.xml HTTP/1.1" 400 52 "https://www.yahoo.com/" "Mozilla/5.g (Linux; Android 13; Pixel 7) AppleWebKit/537.36 (KHTML, like Gecko) Chrome/116.0.0.0 Mobile Safari/537.36"
20.89.208.225 - - [12/Dec/2025:17:57:57 +0000] "GET /autodiscover/autodiscover.xml HTTP/1.1" 400 52 "https://duckduckgo.com/" "Mozilla/5.0 (iPad; CPU OS 17_0_3 like Mac OS X) AppleWebKit/605.1.15 (KHTML, like Gecko) Version/17.0.1 Mobile/15E148 Safari/604.1"
205.185.114.254 - - [12/Dec/2025:17:58:07 +0000] "GET /wp-login.php HTTP/1.1" 200 3398 "https://www.google.com/" "Mozilla/5.0 (Windows NT 10.0; Win64; x64) AppleWebKit/537.36 (KHTML, like Gecko) Chrome/118.0.5993.117 Safari/537.36"
205.185.114.254 - - [12/Dec/2025:17:58:17 +0000] "POST /wp-login.php HTTP/1.1" 200 3399 "https://www.google.com/" "Mozilla/5.0 (Windows NT 10.0; Win64; x64) AppleWebKit/537.36 (KHTML, like Gecko) Chrome/118.0.5993.117 Safari/537.36"
198.23.59.221 - - [12/Dec/2025:18:02:08 +0000] "POST /wp-cron.php?doing_wp_cron=1765562528.0462079048156738281250 HTTP/1.1" 200 0 "-" "WordPress/6.9; https://flexnetworks.co.ke"
66.249.70.3 - - [12/Dec/2025:18:02:13 +0000] "GET /?o=47773678011730 HTTP/1.1" 200 20215 "-" "Mozilla/5.0 (Linux; Android 6.0.1; Nexus 5X Build/MMB29P) AppleWebKit/537.36 (KHTML, like Gecko) Chrome/141.0.7390.122 Mobile Safari/537.36 (compatible; Googlebot/2.1; +http://www.google.com/bot.html)"
66.249.70.4 - - [12/Dec/2025:18:04:39 +0000] "GET /?o=90556479031730 HTTP/1.1" 200 20212 "-" "Mozilla/5.0 (Linux; Android 6.0.1; Nexus 5X Build/MMB29P) AppleWebKit/537.36 (KHTML, like Gecko) Chrome/141.0.7390.122 Mobile Safari/537.36 (compatible; Googlebot/2.1; +http://www.google.com/bot.html)"
198.23.59.221 - - [12/Dec/2025:18:04:40 +0000] "POST /wp-cron.php?doing_wp_cron=1765562680.5710439682006835937500 HTTP/1.1" 200 0 "-" "WordPress/6.9; https://flexnetworks.co.ke"
45.61.184.145 - - [12/Dec/2025:18:08:53 +0000] "GET /wp-login.php HTTP/1.1" 200 15210 "-" "Mozilla/5.0 (Macintosh; Intel Mac OS X 10_10_0) AppleWebKit/537.36 (KHTML, like Gecko) Chrome/36.0.1985.125 Safari/537.36"
45.61.184.145 - - [12/Dec/2025:18:08:54 +0000] "POST /wp-login.php HTTP/1.1" 200 15215 "-" "Mozilla/5.0 (Macintosh; Intel Mac OS X 10_10_0) AppleWebKit/537.36 (KHTML, like Gecko) Chrome/36.0.1985.125 Safari/537.36"
205.210.31.147 - - [12/Dec/2025:18:09:36 +0000] "GET /wp-login.php HTTP/1.1" 200 15210 "-" "Hello from Palo Alto Networks, find out more about our scans in https://docs-cortex.paloaltonetworks.com/r/1/Cortex-Xpanse/Scanning-activity"
198.23.59.221 - - [12/Dec/2025:18:12:34 +0000] "POST /wp-cron.php?doing_wp_cron=1765563154.0788769721984863281250 HTTP/1.1" 200 0 "-" "WordPress/6.9; https://flexnetworks.co.ke"
17.241.75.208 - - [12/Dec/2025:18:12:33 +0000] "GET /robots.txt HTTP/1.1" 200 1272 "-" "Mozilla/5.0 (Macintosh; Intel Mac OS X 10_15_7) AppleWebKit/605.1.15 (KHTML, like Gecko) Version/17.4 Safari/605.1.15 (Applebot/0.1; +http://www.apple.com/go/applebot)"
17.241.75.208 - - [12/Dec/2025:18:12:34 +0000] "GET /tag/mixtape/feed/ HTTP/1.1" 200 3417 "-" "Mozilla/5.0 (Macintosh; Intel Mac OS X 10_15_7) AppleWebKit/605.1.15 (KHTML, like Gecko) Version/17.4 Safari/605.1.15 (Applebot/0.1; +http://www.apple.com/go/applebot)"
198.23.59.221 - - [12/Dec/2025:18:08:53 +0000] "POST /wp-cron.php?doing_wp_cron=1765562933.7995519638061523437500 HTTP/1.1" 200 0 "-" "WordPress/6.9; https://flexnetworks.co.ke"
114.119.133.134 - - [12/Dec/2025:18:16:30 +0000] "GET /?o=99001760001730 HTTP/1.1" 200 1227 "https://www.flexnetworks.co.ke/sitemap.xml" "Mozilla/5.0 (Linux; Android 7.0;) AppleWebKit/537.36 (KHTML, like Gecko) Mobile Safari/537.36 (compatible; PetalBot;+https://webmaster.petalsearch.com/site/petalbot)"
66.249.70.4 - - [12/Dec/2025:18:17:10 +0000] "GET /?o=68797606011730 HTTP/1.1" 200 20216 "-" "Mozilla/5.0 (Linux; Android 6.0.1; Nexus 5X Build/MMB29P) AppleWebKit/537.36 (KHTML, like Gecko) Chrome/141.0.7390.122 Mobile Safari/537.36 (compatible; Googlebot/2.1; +http://www.google.com/bot.html)"
198.23.59.221 - - [12/Dec/2025:18:16:30 +0000] "POST /wp-cron.php?doing_wp_cron=1765563390.8899829387664794921875 HTTP/1.1" 200 0 "-" "WordPress/6.9; https://flexnetworks.co.ke"
198.23.59.221 - - [12/Dec/2025:18:17:50 +0000] "POST /wp-cron.php?doing_wp_cron=1765563470.2493150234222412109375 HTTP/1.1" 200 0 "-" "WordPress/6.9; https://flexnetworks.co.ke"
114.119.140.13 - - [12/Dec/2025:18:17:50 +0000] "GET /?o=98536433011730 HTTP/1.1" 200 1227 "https://www.flexnetworks.co.ke/sitemap.xml" "Mozilla/5.0 (Linux; Android 7.0;) AppleWebKit/537.36 (KHTML, like Gecko) Mobile Safari/537.36 (compatible; PetalBot;+https://webmaster.petalsearch.com/site/petalbot)"
198.23.59.221 - - [12/Dec/2025:18:19:12 +0000] "POST /wp-cron.php?doing_wp_cron=1765563552.7462079524993896484375 HTTP/1.1" 200 0 "-" "WordPress/6.9; https://flexnetworks.co.ke"
57.141.6.6 - - [12/Dec/2025:18:21:01 +0000] "GET /?o=12660785011730 HTTP/2" 200 117134 "-" "meta-externalagent/1.1 (+https://developers.facebook.com/docs/sharing/webmasters/crawler)"
57.141.6.15 - - [12/Dec/2025:18:18:11 +0000] "GET /?o=18876935001730 HTTP/2" 200 117134 "-" "meta-externalagent/1.1 (+https://developers.facebook.com/docs/sharing/webmasters/crawler)"
57.141.6.30 - - [12/Dec/2025:18:19:12 +0000] "GET /?o=23638846011730 HTTP/2" 200 117134 "-" "meta-externalagent/1.1 (+https://developers.facebook.com/docs/sharing/webmasters/crawler)"
114.119.146.219 - - [12/Dec/2025:18:19:18 +0000] "GET /?o=60343476021730 HTTP/1.1" 200 1227 "https://www.flexnetworks.co.ke/sitemap.xml" "Mozilla/5.0 (Linux; Android 7.0;) AppleWebKit/537.36 (KHTML, like Gecko) Mobile Safari/537.36 (compatible; PetalBot;+https://webmaster.petalsearch.com/site/petalbot)"
198.23.59.221 - - [12/Dec/2025:18:20:13 +0000] "POST /wp-cron.php?doing_wp_cron=1765563613.6720340251922607421875 HTTP/1.1" 200 0 "-" "WordPress/6.9; https://flexnetworks.co.ke"
45.61.184.83 - - [12/Dec/2025:18:20:13 +0000] "GET /wp-login.php HTTP/1.1" 200 3074 "https://www.yahoo.com/" "Mozilla/5.0 (Linux; Android 14; SM-S928B Build/UP1A) AppleWebKit/537.36 (KHTML, like Gecko) Chrome/131.0.0.0 Mobile Safari/537.36"
114.119.140.50 - - [12/Dec/2025:18:21:32 +0000] "GET /?o=19987676021730 HTTP/1.1" 200 1227 "https://www.flexnetworks.co.ke/sitemap.xml" "Mozilla/5.0 (Linux; Android 7.0;) AppleWebKit/537.36 (KHTML, like Gecko) Mobile Safari/537.36 (compatible; PetalBot;+https://webmaster.petalsearch.com/site/petalbot)"
198.23.59.221 - - [12/Dec/2025:18:22:21 +0000] "POST /wp-cron.php?doing_wp_cron=1765563741.3754990100860595703125 HTTP/1.1" 200 0 "-" "WordPress/6.9; https://flexnetworks.co.ke"
114.119.140.50 - - [12/Dec/2025:18:22:20 +0000] "GET /?o=116882143061730 HTTP/1.1" 200 1227 "https://www.flexnetworks.co.ke/sitemap.xml" "Mozilla/5.0 (Linux; Android 7.0;) AppleWebKit/537.36 (KHTML, like Gecko) Mobile Safari/537.36 (compatible; PetalBot;+https://webmaster.petalsearch.com/site/petalbot)"
198.98.59.73 - - [12/Dec/2025:18:23:19 +0000] "GET /wp-login.php HTTP/1.1" 200 15210 "-" "Mozilla/5.0 (Macintosh; Intel Mac OS X 10_9_3) AppleWebKit/537.36 (KHTML, like Gecko) Chrome/36.0.1985.125 Safari/537.36"
198.98.59.73 - - [12/Dec/2025:18:23:20 +0000] "POST /wp-login.php HTTP/1.1" 200 15210 "-" "Mozilla/5.0 (Macintosh; Intel Mac OS X 10_9_3) AppleWebKit/537.36 (KHTML, like Gecko) Chrome/36.0.1985.125 Safari/537.36"
198.23.59.221 - - [12/Dec/2025:18:23:30 +0000] "POST /wp-cron.php?doing_wp_cron=1765563810.7632129192352294921875 HTTP/1.1" 200 0 "-" "WordPress/6.9; https://flexnetworks.co.ke"
114.119.158.151 - - [12/Dec/2025:18:23:30 +0000] "GET /?o=94614247141730 HTTP/1.1" 200 1227 "https://www.flexnetworks.co.ke/sitemap.xml" "Mozilla/5.0 (Linux; Android 7.0;) AppleWebKit/537.36 (KHTML, like Gecko) Mobile Safari/537.36 (compatible; PetalBot;+https://webmaster.petalsearch.com/site/petalbot)"
40.77.167.159 - - [12/Dec/2025:18:26:13 +0000] "GET /wp-content/uploads/2021/07/flex112-1536x614.jpg HTTP/2" 200 195524 "-" "Mozilla/5.0 AppleWebKit/537.36 (KHTML, like Gecko; compatible; bingbot/2.0; +http://www.bing.com/bingbot.htm) Chrome/116.0.1938.76 Safari/537.36"
57.141.6.8 - - [12/Dec/2025:18:31:18 +0000] "GET /?o=62073954131730 HTTP/2" 200 117134 "-" "meta-externalagent/1.1 (+https://developers.facebook.com/docs/sharing/webmasters/crawler)"
198.23.59.221 - - [12/Dec/2025:18:31:18 +0000] "POST /wp-cron.php?doing_wp_cron=1765564278.7842628955841064453125 HTTP/1.1" 200 0 "-" "WordPress/6.9; https://flexnetworks.co.ke"
198.23.59.221 - - [12/Dec/2025:18:32:30 +0000] "POST /wp-cron.php?doing_wp_cron=1765564350.3058960437774658203125 HTTP/1.1" 200 0 "-" "WordPress/6.9; https://flexnetworks.co.ke"
198.23.59.221 - - [12/Dec/2025:18:34:33 +0000] "POST /wp-cron.php?doing_wp_cron=1765564473.8001480102539062500000 HTTP/1.1" 200 0 "-" "WordPress/6.9; https://flexnetworks.co.ke"
57.141.6.8 - - [12/Dec/2025:18:35:33 +0000] "GET /?o=81421484041730 HTTP/2" 200 117134 "-" "meta-externalagent/1.1 (+https://developers.facebook.com/docs/sharing/webmasters/crawler)"
198.23.59.221 - - [12/Dec/2025:18:36:36 +0000] "POST /wp-cron.php?doing_wp_cron=1765564596.1322751045227050781250 HTTP/1.1" 200 0 "-" "WordPress/6.9; https://flexnetworks.co.ke"
114.119.140.50 - - [12/Dec/2025:18:32:40 +0000] "GET /?o=67502305001730 HTTP/1.1" 200 1227 "https://www.flexnetworks.co.ke/sitemap.xml" "Mozilla/5.0 (Linux; Android 7.0;) AppleWebKit/537.36 (KHTML, like Gecko) Mobile Safari/537.36 (compatible; PetalBot;+https://webmaster.petalsearch.com/site/petalbot)"
114.119.145.7 - - [12/Dec/2025:18:34:33 +0000] "GET /?o=11068548051730 HTTP/1.1" 200 1227 "https://www.flexnetworks.co.ke/sitemap.xml" "Mozilla/5.0 (Linux; Android 7.0;) AppleWebKit/537.36 (KHTML, like Gecko) Mobile Safari/537.36 (compatible; PetalBot;+https://webmaster.petalsearch.com/site/petalbot)"
57.141.6.9 - - [12/Dec/2025:18:36:35 +0000] "GET /?o=116940947031730 HTTP/2" 200 117134 "-" "meta-externalagent/1.1 (+https://developers.facebook.com/docs/sharing/webmasters/crawler)"
103.13.106.98 - - [12/Dec/2025:18:32:30 +0000] "POST /xmlrpc.php HTTP/1.1" 200 403 "-" "Mozilla/5.0 (Windows NT 6.3; x64) AppleWebKit/537.36 (KHTML, like Gecko) Edge/91.0.0.0 Safari/537.36"
114.119.146.109 - - [12/Dec/2025:18:38:14 +0000] "GET /?o=20498059021730 HTTP/1.1" 200 1227 "https://www.flexnetworks.co.ke/sitemap.xml" "Mozilla/5.0 (Linux; Android 7.0;) AppleWebKit/537.36 (KHTML, like Gecko) Mobile Safari/537.36 (compatible; PetalBot;+https://webmaster.petalsearch.com/site/petalbot)"
57.141.6.11 - - [12/Dec/2025:18:40:24 +0000] "GET /?o=17113729131730 HTTP/2" 200 117134 "-" "meta-externalagent/1.1 (+https://developers.facebook.com/docs/sharing/webmasters/crawler)"
198.23.59.221 - - [12/Dec/2025:18:38:15 +0000] "POST /wp-cron.php?doing_wp_cron=1765564695.1392369270324707031250 HTTP/1.1" 200 0 "-" "WordPress/6.9; https://flexnetworks.co.ke"
57.141.6.29 - - [12/Dec/2025:18:38:50 +0000] "GET /?o=95080450021730 HTTP/2" 200 117134 "-" "meta-externalagent/1.1 (+https://developers.facebook.com/docs/sharing/webmasters/crawler)"
114.119.155.153 - - [12/Dec/2025:18:39:23 +0000] "GET /?o=83162417001730 HTTP/1.1" 200 1227 "https://www.flexnetworks.co.ke/sitemap.xml" "Mozilla/5.0 (Linux; Android 7.0;) AppleWebKit/537.36 (KHTML, like Gecko) Mobile Safari/537.36 (compatible; PetalBot;+https://webmaster.petalsearch.com/site/petalbot)"
114.119.158.151 - - [12/Dec/2025:18:40:09 +0000] "GET /tag/home/ HTTP/1.1" 200 16408 "https://flexnetworks.co.ke/2018/01/15/aron-kleins-captivating-images-of-the-bulgarian-demon-chasers-2/" "Mozilla/5.0 (Linux; Android 7.0;) AppleWebKit/537.36 (KHTML, like Gecko) Mobile Safari/537.36 (compatible; PetalBot;+https://webmaster.petalsearch.com/site/petalbot)"
198.23.59.221 - - [12/Dec/2025:18:40:24 +0000] "POST /wp-cron.php?doing_wp_cron=1765564824.9057669639587402343750 HTTP/1.1" 200 0 "-" "WordPress/6.9; https://flexnetworks.co.ke"
198.23.59.221 - - [12/Dec/2025:18:41:27 +0000] "POST /wp-cron.php?doing_wp_cron=1765564887.7548630237579345703125 HTTP/1.1" 200 0 "-" "WordPress/6.9; https://flexnetworks.co.ke"
114.119.140.50 - - [12/Dec/2025:18:41:27 +0000] "GET /?o=60677506071730 HTTP/1.1" 200 23632 "https://flexnetworks.co.ke/sitemap.xml" "Mozilla/5.0 (Linux; Android 7.0;) AppleWebKit/537.36 (KHTML, like Gecko) Mobile Safari/537.36 (compatible; PetalBot;+https://webmaster.petalsearch.com/site/petalbot)"
198.23.59.221 - - [12/Dec/2025:18:39:23 +0000] "POST /wp-cron.php?doing_wp_cron=1765564763.3969039916992187500000 HTTP/1.1" 200 0 "-" "WordPress/6.9; https://flexnetworks.co.ke"
114.119.158.151 - - [12/Dec/2025:18:44:14 +0000] "GET /?o=36547516041730 HTTP/1.1" 200 1227 "https://www.flexnetworks.co.ke/sitemap.xml" "Mozilla/5.0 (Linux; Android 7.0;) AppleWebKit/537.36 (KHTML, like Gecko) Mobile Safari/537.36 (compatible; PetalBot;+https://webmaster.petalsearch.com/site/petalbot)"
198.23.59.221 - - [12/Dec/2025:18:46:23 +0000] "POST /wp-cron.php?doing_wp_cron=1765565183.3988590240478515625000 HTTP/1.1" 200 0 "-" "WordPress/6.9; https://flexnetworks.co.ke"
114.119.145.7 - - [12/Dec/2025:18:47:03 +0000] "GET /?o=99975578101730 HTTP/1.1" 200 23631 "https://flexnetworks.co.ke/sitemap.xml" "Mozilla/5.0 (Linux; Android 7.0;) AppleWebKit/537.36 (KHTML, like Gecko) Mobile Safari/537.36 (compatible; PetalBot;+https://webmaster.petalsearch.com/site/petalbot)"
198.23.59.221 - - [12/Dec/2025:18:44:14 +0000] "POST /wp-cron.php?doing_wp_cron=1765565054.4204859733581542968750 HTTP/1.1" 200 0 "-" "WordPress/6.9; https://flexnetworks.co.ke"
57.141.6.33 - - [12/Dec/2025:18:46:23 +0000] "GET /2018/01/11/dax-normans-weird-and-wobbly-animations-with-cigarettes-and-eyeballs-a-plenty/ HTTP/2" 200 85554 "-" "meta-externalagent/1.1 (+https://developers.facebook.com/docs/sharing/webmasters/crawler)"
114.119.140.50 - - [12/Dec/2025:18:49:18 +0000] "GET /?o=40983302051730 HTTP/1.1" 200 1227 "https://www.flexnetworks.co.ke/sitemap.xml" "Mozilla/5.0 (Linux; Android 7.0;) AppleWebKit/537.36 (KHTML, like Gecko) Mobile Safari/537.36 (compatible; PetalBot;+https://webmaster.petalsearch.com/site/petalbot)"
198.23.59.221 - - [12/Dec/2025:18:49:18 +0000] "POST /wp-cron.php?doing_wp_cron=1765565358.4057300090789794921875 HTTP/1.1" 200 0 "-" "WordPress/6.9; https://flexnetworks.co.ke"
114.119.140.13 - - [12/Dec/2025:18:49:48 +0000] "GET /?o=48151883051730 HTTP/1.1" 200 23633 "https://flexnetworks.co.ke/sitemap.xml" "Mozilla/5.0 (Linux; Android 7.0;) AppleWebKit/537.36 (KHTML, like Gecko) Mobile Safari/537.36 (compatible; PetalBot;+https://webmaster.petalsearch.com/site/petalbot)"
198.23.59.221 - - [12/Dec/2025:18:51:12 +0000] "POST /wp-cron.php?doing_wp_cron=1765565472.3144180774688720703125 HTTP/1.1" 200 0 "-" "WordPress/6.9; https://flexnetworks.co.ke"
114.119.133.134 - - [12/Dec/2025:18:51:11 +0000] "GET /?o=37859441051730 HTTP/1.1" 200 23626 "https://flexnetworks.co.ke/sitemap.xml" "Mozilla/5.0 (Linux; Android 7.0;) AppleWebKit/537.36 (KHTML, like Gecko) Mobile Safari/537.36 (compatible; PetalBot;+https://webmaster.petalsearch.com/site/petalbot)"
198.23.59.221 - - [12/Dec/2025:18:52:36 +0000] "POST /wp-cron.php?doing_wp_cron=1765565556.1214671134948730468750 HTTP/1.1" 200 0 "-" "WordPress/6.9; https://flexnetworks.co.ke"
114.119.133.134 - - [12/Dec/2025:18:55:23 +0000] "GET /?o=24658506011730 HTTP/1.1" 200 23629 "https://flexnetworks.co.ke/?o=24658506011730" "Mozilla/5.0 (Linux; Android 7.0;) AppleWebKit/537.36 (KHTML, like Gecko) Mobile Safari/537.36 (compatible; PetalBot;+https://webmaster.petalsearch.com/site/petalbot)"
172.192.48.198 - - [12/Dec/2025:19:00:05 +0000] "GET /autoload_classmap/function.php HTTP/1.1" 404 5750 "https://www.bing.com/" "Mozilla/5.0 (Linux; Android 14; Pixel 8 Pro) AppleWebKit/537.36 (KHTML, like Gecko) Chrome/119.0.0.0 Mobile Safari/537.36"
172.192.48.198 - - [12/Dec/2025:19:00:06 +0000] "GET /num.php HTTP/1.1" 404 5750 "https://www.google.co.uk/" "Mozilla/5.0 (iPhone; CPU iPhone OS 16_6_1 like Mac OS X) AppleWebKit/605.1.15 (KHTML, like Gecko) Version/16.6 Mobile/15E148 Safari/604.1"
172.192.48.198 - - [12/Dec/2025:19:00:06 +0000] "GET /www.php HTTP/1.1" 404 5750 "https://www.bing.com/" "Mozilla/5.0 (Linux; Android 10; LM-Q720) AppleWebKit/537.36 (KHTML, like Gecko) Chrome/116.0.0.0 Mobile Safari/537.36"
172.192.48.198 - - [12/Dec/2025:19:00:06 +0000] "GET /includes.php HTTP/1.1" 404 5750 "https://duckduckgo.com/" "Mozilla/5.0 (Linux; Android 11; 21081111RG) AppleWebKit/537.36 (KHTML, like Gecko) Chrome/116.0.0.0 Mobile Safari/537.36"
172.192.48.198 - - [12/Dec/2025:19:00:07 +0000] "GET /browse.php HTTP/1.1" 404 5750 "https://www.bing.com/" "Mozilla/5.0 (iPhone; CPU iPhone OS 16_6_1 like Mac OS X) AppleWebKit/605.1.15 (KHTML, like Gecko) Version/16.6 Mobile/15E148 Safari/604.1"
172.192.48.198 - - [12/Dec/2025:19:00:07 +0000] "GET /wp-content/admin-header.php HTTP/1.1" 404 5750 "https://duckduckgo.com/" "Mozilla/5.0 (Linux; Android 10; K) AppleWebKit/537.36 (KHTML, like Gecko) Chrome/117.0.0.0 Mobile Safari/537.36"
172.192.48.198 - - [12/Dec/2025:19:00:07 +0000] "GET /wp-content/admin.php HTTP/1.1" 404 5750 "https://www.bing.com/" "Mozilla/5.0 (iPad; CPU OS 16_7_2 like Mac OS X) AppleWebKit/605.1.15 (KHTML, like Gecko) Version/16.6 Mobile/15E148 Safari/604.1"
172.192.48.198 - - [12/Dec/2025:19:00:08 +0000] "GET /wp-content/autoload_classmap.php HTTP/1.1" 404 5750 "https://www.google.fr/" "Mozilla/5.0 (Linux; Android 10; LM-Q720) AppleWebKit/537.36 (KHTML, like Gecko) Chrome/116.0.0.0 Mobile Safari/537.36"
172.192.48.198 - - [12/Dec/2025:19:00:08 +0000] "GET /wp-includes/sitemaps/autoload_classmap.php HTTP/1.1" 404 5750 "https://duckduckgo.com/" "Mozilla/5.0 (Linux; Android 12; V2134) AppleWebKit/537.36 (KHTML, like Gecko) Chrome/116.0.0.0 Mobile Safari/537.36"
172.192.48.198 - - [12/Dec/2025:19:00:09 +0000] "GET /wp-includes/SimplePie/autoload_classmap.php HTTP/1.1" 404 5750 "https://www.yahoo.com/" "Mozilla/5.0 (iPad; CPU OS 16_7_2 like Mac OS X) AppleWebKit/605.1.15 (KHTML, like Gecko) Version/16.6 Mobile/15E148 Safari/604.1"
172.192.48.198 - - [12/Dec/2025:19:00:09 +0000] "GET /wp-includes/Text/autoload_classmap.php HTTP/1.1" 404 5750 "https://www.yahoo.com/" "Mozilla/5.0 (iPad; CPU OS 16_7_2 like Mac OS X) AppleWebKit/605.1.15 (KHTML, like Gecko) Version/16.6 Mobile/15E148 Safari/604.1"
172.192.48.198 - - [12/Dec/2025:19:00:09 +0000] "GET /wp-admin/js/autoload_classmap.php HTTP/1.1" 404 5750 "https://www.yahoo.com/" "Mozilla/5.0 (Linux; Android 10; K) AppleWebKit/537.36 (KHTML, like Gecko) Chrome/117.0.0.0 Mobile Safari/537.36"
172.192.48.198 - - [12/Dec/2025:19:00:10 +0000] "GET /wp-content/themes/about.php HTTP/1.1" 404 5750 "https://www.bing.com/" "Mozilla/5.0 (iPhone; CPU iPhone OS 15_7_9 like Mac OS X) AppleWebKit/605.1.15 (KHTML, like Gecko) Version/15.6.5 Mobile/15E148 Safari/604.1"
172.192.48.198 - - [12/Dec/2025:19:00:10 +0000] "GET /wp-content/backups-dup-lite/ HTTP/1.1" 404 5750 "https://www.google.co.uk/" "Mozilla/5.0 (iPad; CPU OS 16_7_2 like Mac OS X) AppleWebKit/605.1.15 (KHTML, like Gecko) Version/16.6 Mobile/15E148 Safari/604.1"
172.192.48.198 - - [12/Dec/2025:19:00:10 +0000] "GET /wp-content/themes/twentytwentytwo/index.php HTTP/1.1" 404 5750 "https://duckduckgo.com/" "Mozilla/5.g (Linux; Android 13; Pixel 7) AppleWebKit/537.36 (KHTML, like Gecko) Chrome/116.0.0.0 Mobile Safari/537.36"
172.192.48.198 - - [12/Dec/2025:19:00:11 +0000] "GET /wp-content/index.php HTTP/1.1" 404 5750 "https://duckduckgo.com/" "Mozilla/5.0 (Linux; Android 10; K) AppleWebKit/537.36 (KHTML, like Gecko) Chrome/117.0.0.0 Mobile Safari/537.36"
172.192.48.198 - - [12/Dec/2025:19:00:11 +0000] "GET /wp-content/languages/ HTTP/1.1" 404 5750 "https://www.google.de/" "Mozilla/5.0 (iPhone; CPU iPhone OS 15_7_9 like Mac OS X) AppleWebKit/605.1.15 (KHTML, like Gecko) Version/15.6.5 Mobile/15E148 Safari/604.1"
172.192.48.198 - - [12/Dec/2025:19:00:12 +0000] "GET /wp-content/languages/index.php HTTP/1.1" 404 5750 "https://duckduckgo.com/" "Mozilla/5.g (Linux; Android 13; Pixel 7) AppleWebKit/537.36 (KHTML, like Gecko) Chrome/116.0.0.0 Mobile Safari/537.36"
172.192.48.198 - - [12/Dec/2025:19:00:12 +0000] "GET /wp-content/plugins/admin.php HTTP/1.1" 404 5750 "https://www.google.com/" "Mozilla/5.0 (iPhone; CPU iPhone OS 17_1 like Mac OS X) AppleWebKit/605.1.15 (KHTML, like Gecko) CriOS/119.0.6045.109 Mobile/15E148 Safari/604.1"
172.192.48.198 - - [12/Dec/2025:19:00:12 +0000] "GET /wp-content/plugins/pwnd/as.php HTTP/1.1" 404 5750 "https://www.google.com/" "Mozilla/5.0 (iPhone; CPU iPhone OS 16_6_1 like Mac OS X) AppleWebKit/605.1.15 (KHTML, like Gecko) Version/16.6 Mobile/15E148 Safari/604.1"
172.192.48.198 - - [12/Dec/2025:19:00:13 +0000] "GET /wp-content/plugins/pwnd/pwnd.php HTTP/1.1" 404 5750 "https://www.google.co.uk/" "Mozilla/5.0 (Linux; Android 10; LM-Q720) AppleWebKit/537.36 (KHTML, like Gecko) Chrome/116.0.0.0 Mobile Safari/537.36"
172.192.48.198 - - [12/Dec/2025:19:00:13 +0000] "GET /wp-content/themes/ HTTP/1.1" 404 5750 "https://duckduckgo.com/" "Mozilla/5.0 (Linux; Android 11; CPH2251) AppleWebKit/537.36 (KHTML, like Gecko) Chrome/116.0.0.0 Mobile Safari/537.36"
172.192.48.198 - - [12/Dec/2025:19:00:13 +0000] "GET /wp-content/themes/admin.php HTTP/1.1" 404 5750 "https://www.google.co.uk/" "Mozilla/5.0 (iPhone; CPU iPhone OS 17_1_1 like Mac OS X) AppleWebKit/605.1.15 (KHTML, like Gecko) Version/17.1 Mobile/15E148 Safari/604.1"
172.192.48.198 - - [12/Dec/2025:19:00:14 +0000] "GET /wp-content/upgrade/index.php HTTP/1.1" 404 5750 "https://www.google.de/" "Mozilla/5.0 (Linux; Android 14; Pixel 8 Pro) AppleWebKit/537.36 (KHTML, like Gecko) Chrome/119.0.0.0 Mobile Safari/537.36"
172.192.48.198 - - [12/Dec/2025:19:00:15 +0000] "GET /wp-admin/css/colors/blue/atomlib.php HTTP/1.1" 404 5750 "https://www.google.com/" "Mozilla/5.0 (Linux; Android 13; SM-S908E) AppleWebKit/537.36 (KHTML, like Gecko) Chrome/116.0.0.0 Mobile Safari/537.36"
172.192.48.198 - - [12/Dec/2025:19:00:15 +0000] "GET /wp-content/uploads/ HTTP/1.1" 404 5750 "https://www.bing.com/" "Mozilla/5.0 (iPhone; CPU iPhone OS 17_1_1 like Mac OS X) AppleWebKit/605.1.15 (KHTML, like Gecko) Version/17.1 Mobile/15E148 Safari/604.1"
172.192.48.198 - - [12/Dec/2025:19:00:15 +0000] "GET /wp-content/uploads/2025/ HTTP/1.1" 404 5750 "https://www.google.co.uk/" "Mozilla/5.0 (iPhone; CPU iPhone OS 17_1 like Mac OS X) AppleWebKit/605.1.15 (KHTML, like Gecko) CriOS/119.0.6045.109 Mobile/15E148 Safari/604.1"
172.192.48.198 - - [12/Dec/2025:19:00:16 +0000] "GET /wp-content/uploads/index.php HTTP/1.1" 404 5750 "https://www.google.co.uk/" "Mozilla/5.0 (Linux; Android 13; SM-S908E) AppleWebKit/537.36 (KHTML, like Gecko) Chrome/116.0.0.0 Mobile Safari/537.36"
172.192.48.198 - - [12/Dec/2025:19:00:17 +0000] "GET /wp-good.php HTTP/1.1" 404 5750 "https://www.yahoo.com/" "Mozilla/5.0 (Linux; Android 12; 2201116SG) AppleWebKit/537.36 (KHTML, like Gecko) Chrome/116.0.0.0 Mobile Safari/537.36"
172.192.48.198 - - [12/Dec/2025:19:00:17 +0000] "GET /wp-includes/ID3/ HTTP/1.1" 404 5750 "https://www.google.de/" "Mozilla/5.0 (Linux; Android 11; CPH2251) AppleWebKit/537.36 (KHTML, like Gecko) Chrome/116.0.0.0 Mobile Safari/537.36"
172.192.48.198 - - [12/Dec/2025:19:00:17 +0000] "GET /wp-includes/ID3/simi.php HTTP/1.1" 404 5750 "https://www.google.fr/" "Mozilla/5.0 (Linux; Android 12; 2201116SG) AppleWebKit/537.36 (KHTML, like Gecko) Chrome/116.0.0.0 Mobile Safari/537.36"
172.192.48.198 - - [12/Dec/2025:19:00:18 +0000] "GET /wp-includes/IXR/ HTTP/1.1" 404 5750 "https://duckduckgo.com/" "Mozilla/5.0 (Linux; Android 13; M2101K6G) AppleWebKit/537.36 (KHTML, like Gecko) Chrome/116.0.0.0 Mobile Safari/537.36"
172.192.48.198 - - [12/Dec/2025:19:00:19 +0000] "GET /wp-includes/PHPMailer/index.php HTTP/1.1" 404 5750 "https://duckduckgo.com/" "Mozilla/5.0 (iPhone; CPU iPhone OS 17_1 like Mac OS X) AppleWebKit/605.1.15 (KHTML, like Gecko) CriOS/119.0.6045.109 Mobile/15E148 Safari/604.1"
172.192.48.198 - - [12/Dec/2025:19:00:19 +0000] "GET /wp-includes/Requests/index.php HTTP/1.1" 404 5750 "https://www.bing.com/" "Mozilla/5.0 (Linux; Android 12; 2201116SG) AppleWebKit/537.36 (KHTML, like Gecko) Chrome/116.0.0.0 Mobile Safari/537.36"
172.192.48.198 - - [12/Dec/2025:19:00:19 +0000] "GET /wp-includes/SimplePie/index.php HTTP/1.1" 404 5750 "https://www.yahoo.com/" "Mozilla/5.0 (iPhone; CPU iPhone OS 15_7_9 like Mac OS X) AppleWebKit/605.1.15 (KHTML, like Gecko) Version/15.6.5 Mobile/15E148 Safari/604.1"
172.192.48.198 - - [12/Dec/2025:19:00:20 +0000] "GET /wp-includes/Text/ HTTP/1.1" 404 5750 "https://www.google.com/" "Mozilla/5.0 (Linux; Android 12; 2201116SG) AppleWebKit/537.36 (KHTML, like Gecko) Chrome/116.0.0.0 Mobile Safari/537.36"
172.192.48.198 - - [12/Dec/2025:19:00:21 +0000] "GET /wp-includes/Text/Diff/Engine/ HTTP/1.1" 404 5750 "https://duckduckgo.com/" "Mozilla/5.0 (Linux; Android 11; CPH2251) AppleWebKit/537.36 (KHTML, like Gecko) Chrome/116.0.0.0 Mobile Safari/537.36"
172.192.48.198 - - [12/Dec/2025:19:00:21 +0000] "GET /wp-includes/Text/Diff/Renderer/index.php HTTP/1.1" 404 5750 "https://www.yahoo.com/" "Mozilla/5.0 (Linux; Android 14; Pixel 8 Pro) AppleWebKit/537.36 (KHTML, like Gecko) Chrome/119.0.0.0 Mobile Safari/537.36"
172.192.48.198 - - [12/Dec/2025:19:00:21 +0000] "GET /wp-includes/assets/autoload_classmap.php HTTP/1.1" 404 5750 "https://www.google.de/" "Mozilla/5.g (Linux; Android 13; Pixel 7) AppleWebKit/537.36 (KHTML, like Gecko) Chrome/116.0.0.0 Mobile Safari/537.36"
172.192.48.198 - - [12/Dec/2025:19:00:22 +0000] "GET /wp-includes/bk/index.php HTTP/1.1" 404 5750 "https://www.google.com/" "Mozilla/5.0 (Linux; Android 13; SM-S908E) AppleWebKit/537.36 (KHTML, like Gecko) Chrome/116.0.0.0 Mobile Safari/537.36"
172.192.48.198 - - [12/Dec/2025:19:00:23 +0000] "GET /wp-includes/block-bindings/ HTTP/1.1" 404 5750 "https://www.google.de/" "Mozilla/5.0 (Linux; Android 12; SM-A525F) AppleWebKit/537.36 (KHTML, like Gecko) Chrome/117.0.0.0 Mobile Safari/537.36"
172.192.48.198 - - [12/Dec/2025:19:00:23 +0000] "GET /wp-includes/block-supports/ HTTP/1.1" 404 5750 "https://www.bing.com/" "Mozilla/5.0 (iPhone; CPU iPhone OS 16_0 like Mac OS X) AppleWebKit/605.1.15 (KHTML, like Gecko) FxiOS/118.0 Mobile/15E148 Safari/605.1.15"
172.192.48.198 - - [12/Dec/2025:19:00:23 +0000] "GET /wp-includes/blocks/code/ HTTP/1.1" 404 5750 "https://www.google.com/" "Mozilla/5.0 (Linux; Android 13; SM-S908E) AppleWebKit/537.36 (KHTML, like Gecko) Chrome/116.0.0.0 Mobile Safari/537.36"
172.192.48.198 - - [12/Dec/2025:19:00:24 +0000] "GET /wp-includes/certificates/ HTTP/1.1" 404 5750 "https://www.bing.com/" "Mozilla/5.0 (Linux; Android 10; LM-Q720) AppleWebKit/537.36 (KHTML, like Gecko) Chrome/116.0.0.0 Mobile Safari/537.36"
172.192.48.198 - - [12/Dec/2025:19:00:25 +0000] "GET /wp-includes/css/autoload_classmap.php HTTP/1.1" 404 5750 "https://www.google.co.uk/" "Mozilla/5.0 (iPhone; CPU iPhone OS 17_1_1 like Mac OS X) AppleWebKit/605.1.15 (KHTML, like Gecko) Version/17.1 Mobile/15E148 Safari/604.1"
172.192.48.198 - - [12/Dec/2025:19:00:25 +0000] "GET /wp-includes/customize/chosen.php HTTP/1.1" 404 5750 "https://www.google.com/" "Mozilla/5.0 (Linux; Android 12; SM-A525F) AppleWebKit/537.36 (KHTML, like Gecko) Chrome/117.0.0.0 Mobile Safari/537.36"
172.192.48.198 - - [12/Dec/2025:19:00:25 +0000] "GET /wp-includes/html-api/index.php HTTP/1.1" 404 5750 "https://www.google.com/" "Mozilla/5.0 (Linux; Android 10; LM-Q720) AppleWebKit/537.36 (KHTML, like Gecko) Chrome/116.0.0.0 Mobile Safari/537.36"
172.192.48.198 - - [12/Dec/2025:19:00:26 +0000] "GET /wp-includes/images/ HTTP/1.1" 404 5750 "https://www.google.fr/" "Mozilla/5.0 (iPhone; CPU iPhone OS 15_7_9 like Mac OS X) AppleWebKit/605.1.15 (KHTML, like Gecko) Version/15.6.5 Mobile/15E148 Safari/604.1"
172.192.48.198 - - [12/Dec/2025:19:00:27 +0000] "GET /wp-includes/index.php HTTP/1.1" 404 5750 "https://www.google.fr/" "Mozilla/5.0 (iPhone; CPU iPhone OS 17_1 like Mac OS X) AppleWebKit/605.1.15 (KHTML, like Gecko) CriOS/119.0.6045.109 Mobile/15E148 Safari/604.1"
172.192.48.198 - - [12/Dec/2025:19:00:27 +0000] "GET /wp-includes/js/codemirror/index.php HTTP/1.1" 404 5750 "https://www.google.fr/" "Mozilla/5.0 (iPhone; CPU iPhone OS 17_0_3 like Mac OS X) AppleWebKit/605.1.15 (KHTML, like Gecko) Version/17.0.1 Mobile/15E148 Safari/604.1"
172.192.48.198 - - [12/Dec/2025:19:00:27 +0000] "GET /wp-includes/js/crop/ HTTP/1.1" 404 5750 "https://www.google.com/" "Mozilla/5.0 (Linux; Android 10; K) AppleWebKit/537.36 (KHTML, like Gecko) Chrome/117.0.0.0 Mobile Safari/537.36"
172.192.48.198 - - [12/Dec/2025:19:00:28 +0000] "GET /wp-includes/js/dist/ HTTP/1.1" 404 5750 "https://duckduckgo.com/" "Mozilla/5.0 (Linux; Android 13; M2101K6G) AppleWebKit/537.36 (KHTML, like Gecko) Chrome/116.0.0.0 Mobile Safari/537.36"
172.192.48.198 - - [12/Dec/2025:19:00:29 +0000] "GET /wp-includes/js/dist/development/ HTTP/1.1" 404 5750 "https://www.bing.com/" "Mozilla/5.0 (iPhone; CPU iPhone OS 17_0_3 like Mac OS X) AppleWebKit/605.1.15 (KHTML, like Gecko) Version/17.0.1 Mobile/15E148 Safari/604.1"
172.192.48.198 - - [12/Dec/2025:19:00:29 +0000] "GET /wp-includes/js/jquery/jquery.php HTTP/1.1" 404 5750 "https://www.google.co.uk/" "Mozilla/5.0 (iPhone; CPU iPhone OS 17_1 like Mac OS X) AppleWebKit/605.1.15 (KHTML, like Gecko) CriOS/119.0.6045.109 Mobile/15E148 Safari/604.1"
172.192.48.198 - - [12/Dec/2025:19:00:30 +0000] "GET /wp-includes/pomo/index.php HTTP/1.1" 404 5750 "https://www.yahoo.com/" "Mozilla/5.0 (Linux; Android 12; V2134) AppleWebKit/537.36 (KHTML, like Gecko) Chrome/116.0.0.0 Mobile Safari/537.36"
172.192.48.198 - - [12/Dec/2025:19:00:30 +0000] "GET /wp-includes/random_compat/index.php HTTP/1.1" 404 5750 "https://www.google.fr/" "Mozilla/5.0 (iPhone; CPU iPhone OS 17_1_1 like Mac OS X) AppleWebKit/605.1.15 (KHTML, like Gecko) Version/17.1 Mobile/15E148 Safari/604.1"
172.192.48.198 - - [12/Dec/2025:19:00:30 +0000] "GET /wp-includes/rest-api/fields/ HTTP/1.1" 404 5750 "https://www.bing.com/" "Mozilla/5.0 (Linux; Android 13; M2101K6G) AppleWebKit/537.36 (KHTML, like Gecko) Chrome/116.0.0.0 Mobile Safari/537.36"
172.192.48.198 - - [12/Dec/2025:19:00:30 +0000] "GET /wp-includes/rest-api/index.php HTTP/1.1" 404 5750 "https://www.google.de/" "Mozilla/5.0 (Linux; Android 13; SM-S908E) AppleWebKit/537.36 (KHTML, like Gecko) Chrome/116.0.0.0 Mobile Safari/537.36"
172.192.48.198 - - [12/Dec/2025:19:00:31 +0000] "GET /wp-includes/sitemaps/providers/index.php HTTP/1.1" 404 5750 "https://www.bing.com/" "Mozilla/5.0 (iPhone; CPU iPhone OS 15_7_9 like Mac OS X) AppleWebKit/605.1.15 (KHTML, like Gecko) Version/15.6.5 Mobile/15E148 Safari/604.1"
172.192.48.198 - - [12/Dec/2025:19:00:32 +0000] "GET /wp-includes/style-engine/autoload_classmap.php HTTP/1.1" 404 5750 "https://duckduckgo.com/" "Mozilla/5.0 (Linux; Android 13; SM-G991U) AppleWebKit/537.36 (KHTML, like Gecko) Chrome/117.0.0.0 Mobile Safari/537.36"
172.192.48.198 - - [12/Dec/2025:19:00:32 +0000] "GET /wp-includes/style-engine/wp-conflg.php HTTP/1.1" 404 5750 "https://www.google.co.uk/" "Mozilla/5.0 (iPhone; CPU iPhone OS 16_6_1 like Mac OS X) AppleWebKit/605.1.15 (KHTML, like Gecko) Version/16.6 Mobile/15E148 Safari/604.1"
172.192.48.198 - - [12/Dec/2025:19:00:32 +0000] "GET /wp-includes/theme-compat/ HTTP/1.1" 404 5750 "https://www.google.fr/" "Mozilla/5.0 (Linux; Android 12; V2134) AppleWebKit/537.36 (KHTML, like Gecko) Chrome/116.0.0.0 Mobile Safari/537.36"
114.119.146.109 - - [12/Dec/2025:18:52:35 +0000] "GET /?o=28260764021730 HTTP/1.1" 200 23631 "https://flexnetworks.co.ke/sitemap.xml" "Mozilla/5.0 (Linux; Android 7.0;) AppleWebKit/537.36 (KHTML, like Gecko) Mobile Safari/537.36 (compatible; PetalBot;+https://webmaster.petalsearch.com/site/petalbot)"
57.141.6.35 - - [12/Dec/2025:18:52:50 +0000] "GET /?o=65934074031730 HTTP/2" 200 117134 "-" "meta-externalagent/1.1 (+https://developers.facebook.com/docs/sharing/webmasters/crawler)"
114.119.133.134 - - [12/Dec/2025:18:54:41 +0000] "GET /?o=78290012031730 HTTP/1.1" 200 1227 "https://www.flexnetworks.co.ke/sitemap.xml" "Mozilla/5.0 (Linux; Android 7.0;) AppleWebKit/537.36 (KHTML, like Gecko) Mobile Safari/537.36 (compatible; PetalBot;+https://webmaster.petalsearch.com/site/petalbot)"
198.23.59.221 - - [12/Dec/2025:18:55:24 +0000] "POST /wp-cron.php?doing_wp_cron=1765565724.2366569042205810546875 HTTP/1.1" 200 0 "-" "WordPress/6.9; https://flexnetworks.co.ke"
66.249.70.3 - - [12/Dec/2025:18:57:28 +0000] "GET /?o=54828682101730 HTTP/1.1" 200 20217 "-" "Mozilla/5.0 (Linux; Android 6.0.1; Nexus 5X Build/MMB29P) AppleWebKit/537.36 (KHTML, like Gecko) Chrome/141.0.7390.122 Mobile Safari/537.36 (compatible; Googlebot/2.1; +http://www.google.com/bot.html)"
198.23.59.221 - - [12/Dec/2025:18:58:18 +0000] "POST /wp-cron.php?doing_wp_cron=1765565898.1541481018066406250000 HTTP/1.1" 200 0 "-" "WordPress/6.9; https://flexnetworks.co.ke"
172.192.48.198 - - [12/Dec/2025:19:00:33 +0000] "GET /wp-login.php HTTP/1.1" 404 5750 "https://duckduckgo.com/" "Mozilla/5.g (Linux; Android 13; Pixel 7) AppleWebKit/537.36 (KHTML, like Gecko) Chrome/116.0.0.0 Mobile Safari/537.36"
172.192.48.198 - - [12/Dec/2025:19:00:34 +0000] "GET /wp-signin.php HTTP/1.1" 404 5750 "https://www.yahoo.com/" "Mozilla/5.0 (iPhone; CPU iPhone OS 16_6_1 like Mac OS X) AppleWebKit/605.1.15 (KHTML, like Gecko) Version/16.6 Mobile/15E148 Safari/604.1"
172.192.48.198 - - [12/Dec/2025:19:00:34 +0000] "GET /wp-user.php HTTP/1.1" 404 5750 "https://www.google.fr/" "Mozilla/5.0 (iPad; CPU OS 17_0_3 like Mac OS X) AppleWebKit/605.1.15 (KHTML, like Gecko) Version/17.0.1 Mobile/15E148 Safari/604.1"
172.192.48.198 - - [12/Dec/2025:19:00:34 +0000] "GET /wp.php HTTP/1.1" 404 5750 "https://www.yahoo.com/" "Mozilla/5.0 (iPad; CPU OS 17_0_3 like Mac OS X) AppleWebKit/605.1.15 (KHTML, like Gecko) Version/17.0.1 Mobile/15E148 Safari/604.1"
172.192.48.198 - - [12/Dec/2025:19:00:35 +0000] "GET /xmlrpc.php HTTP/1.1" 404 5750 "https://www.google.com/" "Mozilla/5.0 (Linux; Android 12; 2201116SG) AppleWebKit/537.36 (KHTML, like Gecko) Chrome/116.0.0.0 Mobile Safari/537.36"
172.192.48.198 - - [12/Dec/2025:19:00:36 +0000] "GET /xmrlpc.php HTTP/1.1" 404 5750 "https://www.google.fr/" "Mozilla/5.0 (iPhone; CPU iPhone OS 16_0 like Mac OS X) AppleWebKit/605.1.15 (KHTML, like Gecko) FxiOS/118.0 Mobile/15E148 Safari/605.1.15"
114.119.140.50 - - [12/Dec/2025:18:58:17 +0000] "GET /?o=56707658081730 HTTP/1.1" 200 1227 "https://www.flexnetworks.co.ke/sitemap.xml" "Mozilla/5.0 (Linux; Android 7.0;) AppleWebKit/537.36 (KHTML, like Gecko) Mobile Safari/537.36 (compatible; PetalBot;+https://webmaster.petalsearch.com/site/petalbot)"
198.23.59.221 - - [12/Dec/2025:19:05:28 +0000] "POST /wp-cron.php?doing_wp_cron=1765566328.8686919212341308593750 HTTP/1.1" 200 0 "-" "WordPress/6.9; https://flexnetworks.co.ke"
213.202.253.4 - - [12/Dec/2025:19:03:50 +0000] "GET /postnews.php HTTP/1.1" 200 15503 "www.google.com" "Mozlila/5.0 (Linux; Android 7.0; SM-G892A Bulid/NRD90M; wv) AppleWebKit/537.36 (KHTML, like Gecko) Version/4.0 Chrome/60.0.3112.107 Moblie Safari/537.36"
114.119.133.134 - - [12/Dec/2025:19:05:27 +0000] "GET /?o=80836200021730 HTTP/1.1" 200 1709 "https://www.flexnetworks.co.ke/sitemap.xml" "Mozilla/5.0 (Linux; Android 7.0;) AppleWebKit/537.36 (KHTML, like Gecko) Mobile Safari/537.36 (compatible; PetalBot;+https://webmaster.petalsearch.com/site/petalbot)"
57.141.6.20 - - [12/Dec/2025:19:07:14 +0000] "GET /?o=118220174001730 HTTP/2" 200 117134 "-" "meta-externalagent/1.1 (+https://developers.facebook.com/docs/sharing/webmasters/crawler)"
198.23.59.221 - - [12/Dec/2025:19:07:07 +0000] "POST /wp-cron.php?doing_wp_cron=1765566427.1307280063629150390625 HTTP/1.1" 200 0 "-" "WordPress/6.9; https://flexnetworks.co.ke"
114.119.158.151 - - [12/Dec/2025:19:07:05 +0000] "GET /?o=98403647041730 HTTP/1.1" 200 1709 "https://www.flexnetworks.co.ke/sitemap.xml" "Mozilla/5.0 (Linux; Android 7.0;) AppleWebKit/537.36 (KHTML, like Gecko) Mobile Safari/537.36 (compatible; PetalBot;+https://webmaster.petalsearch.com/site/petalbot)"
198.23.59.221 - - [12/Dec/2025:19:08:52 +0000] "POST /wp-cron.php?doing_wp_cron=1765566532.4071700572967529296875 HTTP/1.1" 200 0 "-" "WordPress/6.9; https://flexnetworks.co.ke"
114.119.155.153 - - [12/Dec/2025:19:09:18 +0000] "GET /?o=100551146021730 HTTP/1.1" 200 23629 "https://flexnetworks.co.ke/sitemap.xml" "Mozilla/5.0 (Linux; Android 7.0;) AppleWebKit/537.36 (KHTML, like Gecko) Mobile Safari/537.36 (compatible; PetalBot;+https://webmaster.petalsearch.com/site/petalbot)"
114.119.140.50 - - [12/Dec/2025:19:08:51 +0000] "GET /?o=5678452091730 HTTP/1.1" 200 1709 "https://www.flexnetworks.co.ke/sitemap.xml" "Mozilla/5.0 (Linux; Android 7.0;) AppleWebKit/537.36 (KHTML, like Gecko) Mobile Safari/537.36 (compatible; PetalBot;+https://webmaster.petalsearch.com/site/petalbot)"
198.23.59.221 - - [12/Dec/2025:19:11:18 +0000] "POST /wp-cron.php?doing_wp_cron=1765566678.4641070365905761718750 HTTP/1.1" 200 0 "-" "WordPress/6.9; https://flexnetworks.co.ke"
57.141.6.27 - - [12/Dec/2025:19:11:18 +0000] "GET /?o=80949994111730 HTTP/2" 200 117134 "-" "meta-externalagent/1.1 (+https://developers.facebook.com/docs/sharing/webmasters/crawler)"
114.119.158.151 - - [12/Dec/2025:19:15:02 +0000] "GET /?o=33612519071730 HTTP/1.1" 200 23628 "https://flexnetworks.co.ke/?o=33612519071730" "Mozilla/5.0 (Linux; Android 7.0;) AppleWebKit/537.36 (KHTML, like Gecko) Mobile Safari/537.36 (compatible; PetalBot;+https://webmaster.petalsearch.com/site/petalbot)"
195.250.31.153 - - [12/Dec/2025:19:16:55 +0000] "POST / HTTP/1.1" 401 36 "-" "Mozilla/5.0 (Windows NT 10.0; Win64; x64) AppleWebKit/537.36"
114.119.133.134 - - [12/Dec/2025:19:21:54 +0000] "GET /?o=77422835041730 HTTP/1.1" 200 23621 "https://flexnetworks.co.ke/sitemap.xml" "Mozilla/5.0 (Linux; Android 7.0;) AppleWebKit/537.36 (KHTML, like Gecko) Mobile Safari/537.36 (compatible; PetalBot;+https://webmaster.petalsearch.com/site/petalbot)"
57.141.6.23 - - [12/Dec/2025:19:19:30 +0000] "GET /?o=30071548001730 HTTP/2" 200 117134 "-" "meta-externalagent/1.1 (+https://developers.facebook.com/docs/sharing/webmasters/crawler)"
198.23.59.221 - - [12/Dec/2025:19:21:54 +0000] "POST /wp-cron.php?doing_wp_cron=1765567314.6123499870300292968750 HTTP/1.1" 200 0 "-" "WordPress/6.9; https://flexnetworks.co.ke"
66.249.70.3 - - [12/Dec/2025:19:22:15 +0000] "GET /?o=19635880001730 HTTP/1.1" 200 20213 "-" "Mozilla/5.0 (Linux; Android 6.0.1; Nexus 5X Build/MMB29P) AppleWebKit/537.36 (KHTML, like Gecko) Chrome/141.0.7390.122 Mobile Safari/537.36 (compatible; Googlebot/2.1; +http://www.google.com/bot.html)"
66.249.70.3 - - [12/Dec/2025:19:21:13 +0000] "GET /?o=48284401051730 HTTP/1.1" 200 20211 "-" "Mozilla/5.0 (Linux; Android 6.0.1; Nexus 5X Build/MMB29P) AppleWebKit/537.36 (KHTML, like Gecko) Chrome/141.0.7390.122 Mobile Safari/537.36 (compatible; Googlebot/2.1; +http://www.google.com/bot.html)"
198.23.59.221 - - [12/Dec/2025:19:24:35 +0000] "POST /wp-cron.php?doing_wp_cron=1765567475.1868779659271240234375 HTTP/1.1" 200 0 "-" "WordPress/6.9; https://flexnetworks.co.ke"
198.23.59.221 - - [12/Dec/2025:19:27:17 +0000] "POST /wp-cron.php?doing_wp_cron=1765567637.2750010490417480468750 HTTP/1.1" 200 0 "-" "WordPress/6.9; https://flexnetworks.co.ke"
57.141.6.8 - - [12/Dec/2025:19:27:16 +0000] "GET /?o=58205643051730 HTTP/2" 200 117134 "-" "meta-externalagent/1.1 (+https://developers.facebook.com/docs/sharing/webmasters/crawler)"
198.23.59.221 - - [12/Dec/2025:19:25:47 +0000] "POST /wp-cron.php?doing_wp_cron=1765567547.3250229358673095703125 HTTP/1.1" 200 0 "-" "WordPress/6.9; https://flexnetworks.co.ke"
57.141.6.21 - - [12/Dec/2025:19:25:46 +0000] "GET /?o=43714070011730 HTTP/2" 200 117134 "-" "meta-externalagent/1.1 (+https://developers.facebook.com/docs/sharing/webmasters/crawler)"
20.196.106.26 - - [12/Dec/2025:19:27:52 +0000] "GET /num.php HTTP/1.1" 401 36 "https://www.yahoo.com/" "Mozilla/5.0 (Linux; Android 10; K) AppleWebKit/537.36 (KHTML, like Gecko) Chrome/117.0.0.0 Mobile Safari/537.36"
20.196.106.26 - - [12/Dec/2025:19:27:52 +0000] "GET /ioxi-o.php HTTP/1.1" 401 36 "https://duckduckgo.com/" "Mozilla/5.0 (Linux; Android 11; CPH2251) AppleWebKit/537.36 (KHTML, like Gecko) Chrome/116.0.0.0 Mobile Safari/537.36"
20.196.106.26 - - [12/Dec/2025:19:27:53 +0000] "GET /www.php HTTP/1.1" 401 36 "https://duckduckgo.com/" "Mozilla/5.0 (Linux; Android 10; K) AppleWebKit/537.36 (KHTML, like Gecko) Chrome/117.0.0.0 Mobile Safari/537.36"
20.196.106.26 - - [12/Dec/2025:19:27:53 +0000] "GET /akcc.php HTTP/1.1" 401 36 "https://www.google.com/" "Mozilla/5.0 (Linux; Android 13; M2101K6G) AppleWebKit/537.36 (KHTML, like Gecko) Chrome/116.0.0.0 Mobile Safari/537.36"
20.196.106.26 - - [12/Dec/2025:19:27:53 +0000] "GET /adminfuns.php HTTP/1.1" 401 36 "https://www.google.co.uk/" "Mozilla/5.0 (Linux; Android 13; SM-S908E) AppleWebKit/537.36 (KHTML, like Gecko) Chrome/116.0.0.0 Mobile Safari/537.36"
