18.198.51.233 - - [12/Dec/2025:14:47:47 +0000] "HEAD /apps HTTP/1.1" 200 0 "-" "Mozilla/5.0 (Windows NT 10.0; Win64; x64) AppleWebKit/537.36 (KHTML, like Gecko) Chrome/60.0.3112.113 Safari/537.36 Assetnote/1.0.0"
18.198.51.233 - - [12/Dec/2025:14:47:48 +0000] "POST /apps HTTP/1.1" 200 15503 "-" "Mozilla/5.0 (Windows NT 10.0; Win64; x64) AppleWebKit/537.36 (KHTML, like Gecko) Chrome/60.0.3112.113 Safari/537.36 Assetnote/1.0.0"
198.23.59.221 - - [12/Dec/2025:14:49:13 +0000] "POST /wp-cron.php?doing_wp_cron=1765550953.1424920558929443359375 HTTP/1.1" 200 0 "-" "WordPress/6.9; https://flexnetworks.co.ke"
57.141.6.9 - - [12/Dec/2025:14:49:12 +0000] "GET /?o=65890509021730 HTTP/2" 200 117134 "-" "meta-externalagent/1.1 (+https://developers.facebook.com/docs/sharing/webmasters/crawler)"
198.23.59.221 - - [12/Dec/2025:14:47:47 +0000] "POST /wp-cron.php?doing_wp_cron=1765550867.7929470539093017578125 HTTP/1.1" 200 0 "-" "WordPress/6.9; https://flexnetworks.co.ke"
57.141.6.10 - - [12/Dec/2025:14:46:45 +0000] "GET /?o=106875202001730 HTTP/2" 200 117134 "-" "meta-externalagent/1.1 (+https://developers.facebook.com/docs/sharing/webmasters/crawler)"
66.249.70.3 - - [12/Dec/2025:14:51:44 +0000] "GET /shop/storeSearch/KeepCriteriaInput.aspx?&transition=top19441018042730 HTTP/1.1" 200 1137 "-" "Mozilla/5.0 (Linux; Android 6.0.1; Nexus 5X Build/MMB29P) AppleWebKit/537.36 (KHTML, like Gecko) Chrome/141.0.7390.122 Mobile Safari/537.36 (compatible; Googlebot/2.1; +http://www.google.com/bot.html)"
198.23.59.221 - - [12/Dec/2025:14:51:44 +0000] "POST /wp-cron.php?doing_wp_cron=1765551104.6892209053039550781250 HTTP/1.1" 200 0 "-" "WordPress/6.9; https://flexnetworks.co.ke"
198.23.59.221 - - [12/Dec/2025:14:56:23 +0000] "POST /wp-cron.php?doing_wp_cron=1765551383.5192840099334716796875 HTTP/1.1" 200 0 "-" "WordPress/6.9; https://flexnetworks.co.ke"
68.178.230.71 - - [12/Dec/2025:14:57:16 +0000] "POST /xmlrpc.php HTTP/2" 200 205 "-" "Mozilla/5.0 (Macintosh; Intel Mac OS X 10_14) AppleWebKit/605.1.15 (KHTML, like Gecko) Version/12.0 Safari/605.1.15"
57.141.6.3 - - [12/Dec/2025:14:57:58 +0000] "GET /?o=71538373061730 HTTP/2" 200 117131 "-" "meta-externalagent/1.1 (+https://developers.facebook.com/docs/sharing/webmasters/crawler)"
66.249.70.4 - - [12/Dec/2025:15:00:34 +0000] "GET /?o=48351529061730 HTTP/1.1" 200 20217 "-" "Mozilla/5.0 (Linux; Android 6.0.1; Nexus 5X Build/MMB29P) AppleWebKit/537.36 (KHTML, like Gecko) Chrome/141.0.7390.122 Mobile Safari/537.36 (compatible; Googlebot/2.1; +http://www.google.com/bot.html)"
198.23.59.221 - - [12/Dec/2025:14:57:59 +0000] "POST /wp-cron.php?doing_wp_cron=1765551479.3315210342407226562500 HTTP/1.1" 200 0 "-" "WordPress/6.9; https://flexnetworks.co.ke"
198.23.59.221 - - [12/Dec/2025:15:00:34 +0000] "POST /wp-cron.php?doing_wp_cron=1765551634.9006769657135009765625 HTTP/1.1" 200 0 "-" "WordPress/6.9; https://flexnetworks.co.ke"
57.141.6.3 - - [12/Dec/2025:14:56:22 +0000] "GET /?o=21548583011730 HTTP/2" 200 117134 "-" "meta-externalagent/1.1 (+https://developers.facebook.com/docs/sharing/webmasters/crawler)"
57.141.6.21 - - [12/Dec/2025:14:56:48 +0000] "GET /?o=23919994031730 HTTP/2" 200 117134 "-" "meta-externalagent/1.1 (+https://developers.facebook.com/docs/sharing/webmasters/crawler)"
57.141.6.29 - - [12/Dec/2025:14:57:21 +0000] "GET /?o=42548885091730 HTTP/2" 200 117134 "-" "meta-externalagent/1.1 (+https://developers.facebook.com/docs/sharing/webmasters/crawler)"
198.23.59.221 - - [12/Dec/2025:15:01:53 +0000] "POST /wp-cron.php?doing_wp_cron=1765551712.9788000583648681640625 HTTP/1.1" 200 0 "-" "WordPress/6.9; https://flexnetworks.co.ke"
198.23.59.221 - - [12/Dec/2025:15:03:17 +0000] "POST /wp-cron.php?doing_wp_cron=1765551797.6653020381927490234375 HTTP/1.1" 200 0 "-" "WordPress/6.9; https://flexnetworks.co.ke"
66.249.70.3 - - [12/Dec/2025:15:03:20 +0000] "GET /?o=21231481031730 HTTP/1.1" 200 20210 "-" "Mozilla/5.0 (Linux; Android 6.0.1; Nexus 5X Build/MMB29P) AppleWebKit/537.36 (KHTML, like Gecko) Chrome/141.0.7390.122 Mobile Safari/537.36 (compatible; Googlebot/2.1; +http://www.google.com/bot.html)"
66.249.70.3 - - [12/Dec/2025:15:04:14 +0000] "GET /?o=48074899101730 HTTP/1.1" 200 20212 "-" "Mozilla/5.0 (Linux; Android 6.0.1; Nexus 5X Build/MMB29P) AppleWebKit/537.36 (KHTML, like Gecko) Chrome/141.0.7390.122 Mobile Safari/537.36 (compatible; Googlebot/2.1; +http://www.google.com/bot.html)"
198.23.59.221 - - [12/Dec/2025:15:04:18 +0000] "POST /wp-cron.php?doing_wp_cron=1765551858.9028990268707275390625 HTTP/1.1" 200 0 "-" "WordPress/6.9; https://flexnetworks.co.ke"
66.249.70.3 - - [12/Dec/2025:15:04:22 +0000] "GET /wp-content/plugins/woocommerce/assets/js/frontend/cart-fragments.min.js?ver=5.2.5 HTTP/1.1" 200 934 "https://flexnetworks.co.ke/?o=48076099101730" "Mozilla/5.0 (Linux; Android 6.0.1; Nexus 5X Build/MMB29P) AppleWebKit/537.36 (KHTML, like Gecko) Chrome/141.0.7390.122 Mobile Safari/537.36 (compatible; Googlebot/2.1; +http://www.google.com/bot.html)"
34.63.117.220 - - [12/Dec/2025:15:02:33 +0000] "HEAD /?o=118037962081730 HTTP/2" 200 0 "-" "Mozilla/5.0 (X11; Linux x86_64) AppleWebKit/537.36 (KHTML, like Gecko) Chrome/136.0.0.0 Safari/537.36"
34.63.117.220 - - [12/Dec/2025:15:02:34 +0000] "GET /?o=118037962081730 HTTP/2" 200 23627 "-" "Mozilla/5.0 (X11; Linux x86_64) AppleWebKit/537.36 (KHTML, like Gecko) Chrome/136.0.0.0 Safari/537.36"
104.244.75.37 - - [12/Dec/2025:15:03:17 +0000] "GET /?author=2 HTTP/1.1" 200 18339 "http://www.google.com.hk" "Mozilla/5.0 (Windows NT 6.1; WOW64) AppleWebKit/537.36 (KHTML, like Gecko) Chrome/42.0.2311.90 Safari/537.36"
198.23.59.221 - - [12/Dec/2025:15:06:32 +0000] "POST /wp-cron.php?doing_wp_cron=1765551992.8284230232238769531250 HTTP/1.1" 200 0 "-" "WordPress/6.9; https://flexnetworks.co.ke"
66.249.70.4 - - [12/Dec/2025:15:06:32 +0000] "GET /?o=19049387021730 HTTP/1.1" 200 20217 "-" "Mozilla/5.0 (Linux; Android 6.0.1; Nexus 5X Build/MMB29P) AppleWebKit/537.36 (KHTML, like Gecko) Chrome/141.0.7390.122 Mobile Safari/537.36 (compatible; Googlebot/2.1; +http://www.google.com/bot.html)"
104.244.75.37 - - [12/Dec/2025:15:06:54 +0000] "GET ///wp-login.php HTTP/1.1" 200 3392 "-" "Mozilla/5.0 (Macintosh; Intel Mac OS X 10_9_4 AppleWebKit/537.36 (KHTML, like Gecko) Chrome/36.0.1985.125 Safari/537.36"
104.244.75.37 - - [12/Dec/2025:15:06:54 +0000] "POST ///wp-login.php HTTP/1.1" 200 3404 "-" "Mozilla/5.0 (Macintosh; Intel Mac OS X 10_9_4 AppleWebKit/537.36 (KHTML, like Gecko) Chrome/36.0.1985.125 Safari/537.36"
66.249.70.5 - - [12/Dec/2025:15:01:52 +0000] "GET /?o=97747049001730 HTTP/1.1" 200 20219 "-" "Mozilla/5.0 (Linux; Android 6.0.1; Nexus 5X Build/MMB29P) AppleWebKit/537.36 (KHTML, like Gecko) Chrome/141.0.7390.122 Mobile Safari/537.36 (compatible; Googlebot/2.1; +http://www.google.com/bot.html)"
136.119.129.236 - - [12/Dec/2025:15:02:33 +0000] "HEAD /robots.txt HTTP/2" 200 0 "-" "Mozilla/5.0 (X11; Linux x86_64) AppleWebKit/537.36 (KHTML, like Gecko) Chrome/136.0.0.0 Safari/537.36"
136.119.129.236 - - [12/Dec/2025:15:02:33 +0000] "GET /robots.txt HTTP/2" 200 1272 "-" "Mozilla/5.0 (X11; Linux x86_64) AppleWebKit/537.36 (KHTML, like Gecko) Chrome/136.0.0.0 Safari/537.36"
57.141.6.19 - - [12/Dec/2025:15:03:40 +0000] "GET /?o=3740177021730 HTTP/2" 200 117134 "-" "meta-externalagent/1.1 (+https://developers.facebook.com/docs/sharing/webmasters/crawler)"
66.249.70.4 - - [12/Dec/2025:15:04:18 +0000] "GET /?o=48076099101730 HTTP/1.1" 200 20219 "-" "Mozilla/5.0 (Linux; Android 6.0.1; Nexus 5X Build/MMB29P) AppleWebKit/537.36 (KHTML, like Gecko) Chrome/141.0.7390.122 Mobile Safari/537.36 (compatible; Googlebot/2.1; +http://www.google.com/bot.html)"
198.23.59.221 - - [12/Dec/2025:15:05:29 +0000] "POST /wp-cron.php?doing_wp_cron=1765551929.1659851074218750000000 HTTP/1.1" 200 0 "-" "WordPress/6.9; https://flexnetworks.co.ke"
57.141.6.2 - - [12/Dec/2025:15:05:28 +0000] "GET /?o=64139410071730 HTTP/2" 200 117134 "-" "meta-externalagent/1.1 (+https://developers.facebook.com/docs/sharing/webmasters/crawler)"
198.23.59.221 - - [12/Dec/2025:15:12:47 +0000] "POST /wp-cron.php?doing_wp_cron=1765552367.2443280220031738281250 HTTP/1.1" 200 0 "-" "WordPress/6.9; https://flexnetworks.co.ke"
66.249.70.5 - - [12/Dec/2025:15:17:05 +0000] "GET /?o=57622125031730 HTTP/1.1" 200 20213 "-" "Mozilla/5.0 (Linux; Android 6.0.1; Nexus 5X Build/MMB29P) AppleWebKit/537.36 (KHTML, like Gecko) Chrome/141.0.7390.122 Mobile Safari/537.36 (compatible; Googlebot/2.1; +http://www.google.com/bot.html)"
66.249.70.5 - - [12/Dec/2025:15:14:29 +0000] "GET /wp-content/uploads/2021/05/Logo-01-1-1300x650.jpg HTTP/1.1" 200 61133 "-" "Googlebot-Image/1.0"
198.23.59.221 - - [12/Dec/2025:15:16:04 +0000] "POST /wp-cron.php?doing_wp_cron=1765552564.7357881069183349609375 HTTP/1.1" 200 0 "-" "WordPress/6.9; https://flexnetworks.co.ke"
57.141.6.10 - - [12/Dec/2025:15:12:46 +0000] "GET /?o=72872351001730 HTTP/2" 200 117134 "-" "meta-externalagent/1.1 (+https://developers.facebook.com/docs/sharing/webmasters/crawler)"
57.141.6.5 - - [12/Dec/2025:15:16:04 +0000] "GET /?o=105296622051730 HTTP/2" 200 117134 "-" "meta-externalagent/1.1 (+https://developers.facebook.com/docs/sharing/webmasters/crawler)"
198.23.59.221 - - [12/Dec/2025:15:17:05 +0000] "POST /wp-cron.php?doing_wp_cron=1765552625.5236709117889404296875 HTTP/1.1" 200 0 "-" "WordPress/6.9; https://flexnetworks.co.ke"
57.141.6.22 - - [12/Dec/2025:15:27:05 +0000] "GET /?o=92981432001730 HTTP/2" 200 117134 "-" "meta-externalagent/1.1 (+https://developers.facebook.com/docs/sharing/webmasters/crawler)"
198.23.59.221 - - [12/Dec/2025:15:26:34 +0000] "POST /wp-cron.php?doing_wp_cron=1765553194.5454111099243164062500 HTTP/1.1" 200 0 "-" "WordPress/6.9; https://flexnetworks.co.ke"
151.240.0.156 - - [12/Dec/2025:15:26:30 +0000] "POST / HTTP/1.1" 403 1242 "-" "Mozilla/5.0 (Windows NT 10.0; Win64; x64) AppleWebKit/537.36"
57.141.6.36 - - [12/Dec/2025:15:26:30 +0000] "GET /?o=64701881041730 HTTP/2" 200 120893 "-" "meta-externalagent/1.1 (+https://developers.facebook.com/docs/sharing/webmasters/crawler)"
198.23.59.221 - - [12/Dec/2025:15:28:26 +0000] "POST /wp-cron.php?doing_wp_cron=1765553306.7418770790100097656250 HTTP/1.1" 200 0 "-" "WordPress/6.9; https://flexnetworks.co.ke"
45.61.184.145 - - [12/Dec/2025:15:28:26 +0000] "GET /wp-login.php HTTP/1.1" 200 15210 "-" "Mozilla/5.0 (Windows NT 6.0) AppleWebKit/537.36 (KHTML, like Gecko) Chrome/36.0.1985.125 Safari/537.36"
45.61.184.145 - - [12/Dec/2025:15:28:27 +0000] "POST /wp-login.php HTTP/1.1" 200 15215 "-" "Mozilla/5.0 (Windows NT 6.0) AppleWebKit/537.36 (KHTML, like Gecko) Chrome/36.0.1985.125 Safari/537.36"
57.141.6.20 - - [12/Dec/2025:15:31:53 +0000] "GET /?o=85621974031730 HTTP/2" 200 117134 "-" "meta-externalagent/1.1 (+https://developers.facebook.com/docs/sharing/webmasters/crawler)"
198.23.59.221 - - [12/Dec/2025:15:31:53 +0000] "POST /wp-cron.php?doing_wp_cron=1765553513.6548500061035156250000 HTTP/1.1" 200 0 "-" "WordPress/6.9; https://flexnetworks.co.ke"
198.23.59.221 - - [12/Dec/2025:15:35:24 +0000] "POST /wp-cron.php?doing_wp_cron=1765553724.3214349746704101562500 HTTP/1.1" 200 0 "-" "WordPress/6.9; https://flexnetworks.co.ke"
15.235.59.82 - - [12/Dec/2025:15:34:14 +0000] "POST /xmlrpc.php HTTP/2" 200 403 "-" "Mozilla/5.0 (Windows NT 10.0; Win64; x64) AppleWebKit/537.36 (KHTML, like Gecko) Chrome/127.0.0.0 Safari/537.36"
57.141.6.27 - - [12/Dec/2025:15:32:29 +0000] "GET /?o=76754337041730 HTTP/2" 200 117134 "-" "meta-externalagent/1.1 (+https://developers.facebook.com/docs/sharing/webmasters/crawler)"
198.23.59.221 - - [12/Dec/2025:15:33:24 +0000] "POST /wp-cron.php?doing_wp_cron=1765553604.0172069072723388671875 HTTP/1.1" 200 0 "-" "WordPress/6.9; https://flexnetworks.co.ke"
57.141.6.2 - - [12/Dec/2025:15:33:23 +0000] "GET /?o=56613839001730 HTTP/2" 200 117134 "-" "meta-externalagent/1.1 (+https://developers.facebook.com/docs/sharing/webmasters/crawler)"
57.141.6.2 - - [12/Dec/2025:15:35:23 +0000] "GET /?o=14168754021730 HTTP/2" 200 117134 "-" "meta-externalagent/1.1 (+https://developers.facebook.com/docs/sharing/webmasters/crawler)"
66.249.70.5 - - [12/Dec/2025:15:37:34 +0000] "GET /wp-content/uploads/2021/05/70903083_387736045188669_4517571082969939968_n-896x650.jpg HTTP/1.1" 304 0 "-" "Googlebot-Image/1.0"
178.171.58.12 - - [12/Dec/2025:15:41:58 +0000] "GET /?o=73700815041730 HTTP/1.1" 200 20201 "-" "Mozilla/5.0 (Windows NT 10.0; Win64; x64) AppleWebKit/537.36 (KHTML, like Gecko) Chrome/139.0.0.0 Safari/537.36 Edg/139.0.0.0"
198.23.59.221 - - [12/Dec/2025:15:41:58 +0000] "POST /wp-cron.php?doing_wp_cron=1765554118.4217538833618164062500 HTTP/1.1" 200 0 "-" "WordPress/6.9; https://flexnetworks.co.ke"
66.249.70.4 - - [12/Dec/2025:15:47:20 +0000] "GET /?o=95268171061730 HTTP/1.1" 200 20216 "-" "Mozilla/5.0 (Linux; Android 6.0.1; Nexus 5X Build/MMB29P) AppleWebKit/537.36 (KHTML, like Gecko) Chrome/141.0.7390.122 Mobile Safari/537.36 (compatible; Googlebot/2.1; +http://www.google.com/bot.html)"
198.23.59.221 - - [12/Dec/2025:15:47:21 +0000] "POST /wp-cron.php?doing_wp_cron=1765554441.7862660884857177734375 HTTP/1.1" 200 0 "-" "WordPress/6.9; https://flexnetworks.co.ke"
66.249.70.5 - - [12/Dec/2025:15:48:06 +0000] "GET /wp-content/uploads/2021/05/flex123.png HTTP/1.1" 304 0 "-" "Googlebot-Image/1.0"
66.249.70.4 - - [12/Dec/2025:15:49:03 +0000] "GET /?o=85801428011730 HTTP/1.1" 200 20210 "-" "Mozilla/5.0 (Linux; Android 6.0.1; Nexus 5X Build/MMB29P) AppleWebKit/537.36 (KHTML, like Gecko) Chrome/141.0.7390.122 Mobile Safari/537.36 (compatible; Googlebot/2.1; +http://www.google.com/bot.html)"
198.23.59.221 - - [12/Dec/2025:15:55:47 +0000] "POST /wp-cron.php?doing_wp_cron=1765554947.6538999080657958984375 HTTP/1.1" 200 0 "-" "WordPress/6.9; https://flexnetworks.co.ke"
198.23.59.221 - - [12/Dec/2025:15:53:59 +0000] "POST /wp-cron.php?doing_wp_cron=1765554839.1802039146423339843750 HTTP/1.1" 200 0 "-" "WordPress/6.9; https://flexnetworks.co.ke"
57.141.6.24 - - [12/Dec/2025:15:53:58 +0000] "GET /?o=54869710021730 HTTP/2" 200 117134 "-" "meta-externalagent/1.1 (+https://developers.facebook.com/docs/sharing/webmasters/crawler)"
57.141.6.13 - - [12/Dec/2025:15:55:47 +0000] "GET /?o=20487996041730 HTTP/2" 200 117134 "-" "meta-externalagent/1.1 (+https://developers.facebook.com/docs/sharing/webmasters/crawler)"
198.23.59.221 - - [12/Dec/2025:15:57:05 +0000] "POST /wp-cron.php?doing_wp_cron=1765555025.0187120437622070312500 HTTP/1.1" 200 0 "-" "WordPress/6.9; https://flexnetworks.co.ke"
66.249.70.5 - - [12/Dec/2025:15:57:04 +0000] "GET /?o=68678460021730 HTTP/1.1" 200 20208 "-" "Mozilla/5.0 (Linux; Android 6.0.1; Nexus 5X Build/MMB29P) AppleWebKit/537.36 (KHTML, like Gecko) Chrome/141.0.7390.122 Mobile Safari/537.36 (compatible; Googlebot/2.1; +http://www.google.com/bot.html)"
57.141.6.14 - - [12/Dec/2025:15:57:23 +0000] "GET /?o=80490075011730 HTTP/2" 200 117134 "-" "meta-externalagent/1.1 (+https://developers.facebook.com/docs/sharing/webmasters/crawler)"
198.23.59.221 - - [12/Dec/2025:16:03:15 +0000] "POST /wp-cron.php?doing_wp_cron=1765555395.5262899398803710937500 HTTP/1.1" 200 0 "-" "WordPress/6.9; https://flexnetworks.co.ke"
40.77.167.7 - - [12/Dec/2025:16:03:15 +0000] "GET /?o=6049266021730 HTTP/2" 200 1137 "-" "Mozilla/5.0 AppleWebKit/537.36 (KHTML, like Gecko; compatible; bingbot/2.0; +http://www.bing.com/bingbot.htm) Chrome/116.0.1938.76 Safari/537.36"
205.185.114.254 - - [12/Dec/2025:16:08:58 +0000] "GET /wp-login.php HTTP/1.1" 200 3074 "-" "Mozilla/5.0 (Windows NT 10.0; Win64; x64; rv:120.0) Gecko/20100101 Firefox/120.0"
52.167.144.197 - - [12/Dec/2025:16:12:04 +0000] "GET /wp-content/uploads/2021/05/flex8-20x11.png HTTP/2" 200 432 "-" "Mozilla/5.0 AppleWebKit/537.36 (KHTML, like Gecko; compatible; bingbot/2.0; +http://www.bing.com/bingbot.htm) Chrome/116.0.1938.76 Safari/537.36"
198.23.59.221 - - [12/Dec/2025:16:08:58 +0000] "POST /wp-cron.php?doing_wp_cron=1765555738.8648710250854492187500 HTTP/1.1" 200 0 "-" "WordPress/6.9; https://flexnetworks.co.ke"
198.23.59.221 - - [12/Dec/2025:16:17:48 +0000] "POST /wp-cron.php?doing_wp_cron=1765556268.0168130397796630859375 HTTP/1.1" 200 0 "-" "WordPress/6.9; https://flexnetworks.co.ke"
57.141.6.2 - - [12/Dec/2025:16:17:47 +0000] "GET /?o=117544275071730 HTTP/2" 200 117134 "-" "meta-externalagent/1.1 (+https://developers.facebook.com/docs/sharing/webmasters/crawler)"
138.246.253.7 - - [12/Dec/2025:16:19:12 +0000] "HEAD / HTTP/3" 401 0 "-" "quic-go-HTTP/3"
198.23.59.221 - - [12/Dec/2025:16:28:24 +0000] "POST /wp-cron.php?doing_wp_cron=1765556904.4714379310607910156250 HTTP/1.1" 200 0 "-" "WordPress/6.9; https://flexnetworks.co.ke"
17.246.15.69 - - [12/Dec/2025:16:28:24 +0000] "GET /robots.txt HTTP/1.1" 200 1272 "-" "Mozilla/5.0 (Macintosh; Intel Mac OS X 10_15_7) AppleWebKit/605.1.15 (KHTML, like Gecko) Version/17.4 Safari/605.1.15 (Applebot/0.1; +http://www.apple.com/go/applebot)"
17.246.15.69 - - [12/Dec/2025:16:28:24 +0000] "GET /2018/01/15/aron-kleins-captivating-images-of-the-bulgarian-demon-chasers-2/ HTTP/1.1" 200 22889 "-" "Mozilla/5.0 (Macintosh; Intel Mac OS X 10_15_7) AppleWebKit/605.1.15 (KHTML, like Gecko) Version/17.4 Safari/605.1.15 (Applebot/0.1; +http://www.apple.com/go/applebot)"
198.23.59.221 - - [12/Dec/2025:16:32:45 +0000] "POST /wp-cron.php?doing_wp_cron=1765557165.0468258857727050781250 HTTP/1.1" 200 0 "-" "WordPress/6.9; https://flexnetworks.co.ke"
104.244.75.37 - - [12/Dec/2025:16:32:44 +0000] "GET /?author=3 HTTP/1.1" 200 15546 "http://www.google.com.hk" "Mozilla/5.0 (Windows NT 6.1; WOW64) AppleWebKit/537.36 (KHTML, like Gecko) Chrome/42.0.2311.90 Safari/537.36"
198.23.59.221 - - [12/Dec/2025:16:35:58 +0000] "POST /wp-cron.php?doing_wp_cron=1765557358.7847290039062500000000 HTTP/1.1" 200 0 "-" "WordPress/6.9; https://flexnetworks.co.ke"
104.244.75.37 - - [12/Dec/2025:16:35:58 +0000] "GET ///wp-login.php HTTP/1.1" 200 3398 "-" "Mozilla/5.0 (Windows NT 6.1; WOW64) AppleWebKit/537.36 (KHTML, like Gecko) Chrome/36.0.1985.125 Safari/537.36"
104.244.75.37 - - [12/Dec/2025:16:37:50 +0000] "POST ///wp-login.php HTTP/1.1" 200 3410 "-" "Mozilla/5.0 (Windows NT 6.1; WOW64) AppleWebKit/537.36 (KHTML, like Gecko) Chrome/36.0.1985.125 Safari/537.36"
198.23.59.221 - - [12/Dec/2025:16:37:50 +0000] "POST /wp-cron.php?doing_wp_cron=1765557470.8387520313262939453125 HTTP/1.1" 200 0 "-" "WordPress/6.9; https://flexnetworks.co.ke"
198.23.59.221 - - [12/Dec/2025:16:40:45 +0000] "POST /wp-cron.php?doing_wp_cron=1765557645.6257619857788085937500 HTTP/1.1" 200 0 "-" "WordPress/6.9; https://flexnetworks.co.ke"
180.153.197.220 - - [12/Dec/2025:16:40:45 +0000] "GET /?o=54952954011730 HTTP/2" 200 20209 "https://flexnetworks.co.ke/?o=54952954011730" "Mozilla/5.0 (Macintosh; Intel Mac OS X 10_15_7) AppleWebKit/537.36 (KHTML, like Gecko) Chrome/120.0.0.0 Safari/537.36"
52.167.144.188 - - [12/Dec/2025:16:44:24 +0000] "GET /wp-content/uploads/2021/06/flex63-1140x456.jpg HTTP/2" 200 76013 "-" "Mozilla/5.0 AppleWebKit/537.36 (KHTML, like Gecko; compatible; bingbot/2.0; +http://www.bing.com/bingbot.htm) Chrome/116.0.1938.76 Safari/537.36"
57.141.6.5 - - [12/Dec/2025:16:48:37 +0000] "GET /?o=13377038011730 HTTP/2" 200 117134 "-" "meta-externalagent/1.1 (+https://developers.facebook.com/docs/sharing/webmasters/crawler)"
57.141.6.24 - - [12/Dec/2025:16:51:53 +0000] "GET /?o=88197828051730 HTTP/2" 200 117134 "-" "meta-externalagent/1.1 (+https://developers.facebook.com/docs/sharing/webmasters/crawler)"
198.23.59.221 - - [12/Dec/2025:16:48:37 +0000] "POST /wp-cron.php?doing_wp_cron=1765558117.9360549449920654296875 HTTP/1.1" 200 0 "-" "WordPress/6.9; https://flexnetworks.co.ke"
198.23.59.221 - - [12/Dec/2025:16:51:53 +0000] "POST /wp-cron.php?doing_wp_cron=1765558313.7095429897308349609375 HTTP/1.1" 200 0 "-" "WordPress/6.9; https://flexnetworks.co.ke"
66.249.70.5 - - [12/Dec/2025:16:52:46 +0000] "GET /?o=86006109031730 HTTP/1.1" 200 20212 "-" "Mozilla/5.0 (Linux; Android 6.0.1; Nexus 5X Build/MMB29P) AppleWebKit/537.36 (KHTML, like Gecko) Chrome/141.0.7390.122 Mobile Safari/537.36 (compatible; Googlebot/2.1; +http://www.google.com/bot.html)"
41.215.60.58 - - [12/Dec/2025:16:52:48 +0000] "GET / HTTP/2" 200 1136 "https://www.google.com/" "Mozilla/5.0 (Linux; Android 10; K) AppleWebKit/537.36 (KHTML, like Gecko) Chrome/142.0.0.0 Mobile Safari/537.36"
41.215.60.58 - - [12/Dec/2025:16:52:49 +0000] "GET /favicon.ico HTTP/2" 404 1251 "https://www.flexnetworks.co.ke/" "Mozilla/5.0 (Linux; Android 10; K) AppleWebKit/537.36 (KHTML, like Gecko) Chrome/142.0.0.0 Mobile Safari/537.36"
198.23.59.221 - - [12/Dec/2025:16:53:29 +0000] "POST /wp-cron.php?doing_wp_cron=1765558409.7474360466003417968750 HTTP/1.1" 200 0 "-" "WordPress/6.9; https://flexnetworks.co.ke"
4.218.15.157 - - [12/Dec/2025:16:54:03 +0000] "GET /.well-known/index.php HTTP/1.1" 404 5750 "https://www.yahoo.com/" "Mozilla/5.0 (iPhone; CPU iPhone OS 16_6_1 like Mac OS X) AppleWebKit/605.1.15 (KHTML, like Gecko) Version/16.6 Mobile/15E148 Safari/604.1"
4.218.15.157 - - [12/Dec/2025:16:54:03 +0000] "GET /404.php HTTP/1.1" 404 5750 "https://www.yahoo.com/" "Mozilla/5.0 (Linux; Android 13; SM-G991U) AppleWebKit/537.36 (KHTML, like Gecko) Chrome/117.0.0.0 Mobile Safari/537.36"
4.218.15.157 - - [12/Dec/2025:16:54:03 +0000] "GET /aa.php HTTP/1.1" 404 5750 "https://www.bing.com/" "Mozilla/5.0 (iPhone; CPU iPhone OS 16_0 like Mac OS X) AppleWebKit/605.1.15 (KHTML, like Gecko) FxiOS/118.0 Mobile/15E148 Safari/605.1.15"
4.218.15.157 - - [12/Dec/2025:16:54:05 +0000] "GET /abcd.php HTTP/1.1" 404 5750 "https://www.google.de/" "Mozilla/5.0 (Linux; Android 13; SM-G991U) AppleWebKit/537.36 (KHTML, like Gecko) Chrome/117.0.0.0 Mobile Safari/537.36"
4.218.15.157 - - [12/Dec/2025:16:54:05 +0000] "GET /admin.php HTTP/1.1" 404 5750 "https://www.google.com/" "Mozilla/5.0 (iPhone; CPU iPhone OS 17_0_3 like Mac OS X) AppleWebKit/605.1.15 (KHTML, like Gecko) Version/17.0.1 Mobile/15E148 Safari/604.1"
4.218.15.157 - - [12/Dec/2025:16:54:06 +0000] "GET /adminfuns.php HTTP/1.1" 404 5750 "https://www.google.co.uk/" "Mozilla/5.0 (Linux; Android 13; SM-S908E) AppleWebKit/537.36 (KHTML, like Gecko) Chrome/116.0.0.0 Mobile Safari/537.36"
4.218.15.157 - - [12/Dec/2025:16:54:06 +0000] "GET /ahax.php HTTP/1.1" 404 5750 "https://www.google.co.uk/" "Mozilla/5.0 (Linux; Android 12; 2201116SG) AppleWebKit/537.36 (KHTML, like Gecko) Chrome/116.0.0.0 Mobile Safari/537.36"
4.218.15.157 - - [12/Dec/2025:16:54:07 +0000] "GET /akcc.php HTTP/1.1" 404 5750 "https://www.google.de/" "Mozilla/5.g (Linux; Android 13; Pixel 7) AppleWebKit/537.36 (KHTML, like Gecko) Chrome/116.0.0.0 Mobile Safari/537.36"
4.218.15.157 - - [12/Dec/2025:16:54:07 +0000] "GET /alfa.php HTTP/1.1" 404 5750 "https://www.google.com/" "Mozilla/5.0 (Linux; Android 11; 21081111RG) AppleWebKit/537.36 (KHTML, like Gecko) Chrome/116.0.0.0 Mobile Safari/537.36"
4.218.15.157 - - [12/Dec/2025:16:54:08 +0000] "GET /assets/images/ HTTP/1.1" 404 5750 "https://www.yahoo.com/" "Mozilla/5.0 (iPhone; CPU iPhone OS 17_1_1 like Mac OS X) AppleWebKit/605.1.15 (KHTML, like Gecko) Version/17.1 Mobile/15E148 Safari/604.1"
4.218.15.157 - - [12/Dec/2025:16:54:11 +0000] "GET /autoload_classmap/function.php HTTP/1.1" 404 5750 "https://www.bing.com/" "Mozilla/5.0 (iPhone; CPU iPhone OS 16_6_1 like Mac OS X) AppleWebKit/605.1.15 (KHTML, like Gecko) Version/16.6 Mobile/15E148 Safari/604.1"
4.218.15.157 - - [12/Dec/2025:16:54:11 +0000] "GET /av.php HTTP/1.1" 404 5750 "https://www.google.de/" "Mozilla/5.0 (Linux; Android 13; SM-S908E) AppleWebKit/537.36 (KHTML, like Gecko) Chrome/116.0.0.0 Mobile Safari/537.36"
4.218.15.157 - - [12/Dec/2025:16:54:13 +0000] "GET /bless.php HTTP/1.1" 404 5750 "https://www.yahoo.com/" "Mozilla/5.0 (Linux; Android 10; LM-Q720) AppleWebKit/537.36 (KHTML, like Gecko) Chrome/116.0.0.0 Mobile Safari/537.36"
4.218.15.157 - - [12/Dec/2025:16:54:13 +0000] "GET /bolt.php HTTP/1.1" 404 5750 "https://duckduckgo.com/" "Mozilla/5.g (Linux; Android 13; Pixel 7) AppleWebKit/537.36 (KHTML, like Gecko) Chrome/116.0.0.0 Mobile Safari/537.36"
4.218.15.157 - - [12/Dec/2025:16:54:13 +0000] "GET /buy.php HTTP/1.1" 404 5750 "https://duckduckgo.com/" "Mozilla/5.0 (Linux; Android 10; K) AppleWebKit/537.36 (KHTML, like Gecko) Chrome/117.0.0.0 Mobile Safari/537.36"
4.218.15.157 - - [12/Dec/2025:16:54:14 +0000] "GET /cgi-bin/file.php HTTP/1.1" 404 5750 "https://www.google.com/" "Mozilla/5.0 (Linux; Android 13; SM-G991U) AppleWebKit/537.36 (KHTML, like Gecko) Chrome/117.0.0.0 Mobile Safari/537.36"
4.218.15.157 - - [12/Dec/2025:16:54:14 +0000] "GET /cgi-bin/index.php HTTP/1.1" 404 5750 "https://www.bing.com/" "Mozilla/5.0 (Linux; Android 12; 2201116SG) AppleWebKit/537.36 (KHTML, like Gecko) Chrome/116.0.0.0 Mobile Safari/537.36"
4.218.15.157 - - [12/Dec/2025:16:54:16 +0000] "GET /chosen.php HTTP/1.1" 404 5750 "https://duckduckgo.com/" "Mozilla/5.0 (Linux; Android 10; LM-Q720) AppleWebKit/537.36 (KHTML, like Gecko) Chrome/116.0.0.0 Mobile Safari/537.36"
4.218.15.157 - - [12/Dec/2025:16:54:16 +0000] "GET /classwithtostring.php HTTP/1.1" 404 5750 "https://www.google.com/" "Mozilla/5.0 (Linux; Android 13; M2101K6G) AppleWebKit/537.36 (KHTML, like Gecko) Chrome/116.0.0.0 Mobile Safari/537.36"
4.218.15.157 - - [12/Dec/2025:16:54:16 +0000] "GET /edit.php HTTP/1.1" 404 5750 "https://www.google.co.uk/" "Mozilla/5.0 (iPad; CPU OS 17_0_3 like Mac OS X) AppleWebKit/605.1.15 (KHTML, like Gecko) Version/17.0.1 Mobile/15E148 Safari/604.1"
4.218.15.157 - - [12/Dec/2025:16:54:17 +0000] "GET /elp.php HTTP/1.1" 404 5750 "https://duckduckgo.com/" "Mozilla/5.0 (Linux; Android 12; 2201116SG) AppleWebKit/537.36 (KHTML, like Gecko) Chrome/116.0.0.0 Mobile Safari/537.36"
4.218.15.157 - - [12/Dec/2025:16:54:17 +0000] "GET /file.php HTTP/1.1" 404 5750 "https://www.google.fr/" "Mozilla/5.0 (Linux; Android 12; V2134) AppleWebKit/537.36 (KHTML, like Gecko) Chrome/116.0.0.0 Mobile Safari/537.36"
4.218.15.157 - - [12/Dec/2025:16:54:18 +0000] "GET /files/ HTTP/1.1" 404 5750 "https://www.bing.com/" "Mozilla/5.0 (iPhone; CPU iPhone OS 15_7_9 like Mac OS X) AppleWebKit/605.1.15 (KHTML, like Gecko) Version/15.6.5 Mobile/15E148 Safari/604.1"
4.218.15.157 - - [12/Dec/2025:16:54:18 +0000] "GET /gg.php HTTP/1.1" 404 5750 "https://www.yahoo.com/" "Mozilla/5.0 (iPad; CPU OS 17_0_3 like Mac OS X) AppleWebKit/605.1.15 (KHTML, like Gecko) Version/17.0.1 Mobile/15E148 Safari/604.1"
4.218.15.157 - - [12/Dec/2025:16:54:19 +0000] "GET /goods.php HTTP/1.1" 404 5750 "https://duckduckgo.com/" "Mozilla/5.0 (iPhone; CPU iPhone OS 15_7_9 like Mac OS X) AppleWebKit/605.1.15 (KHTML, like Gecko) Version/15.6.5 Mobile/15E148 Safari/604.1"
4.218.15.157 - - [12/Dec/2025:16:54:19 +0000] "GET /images/ HTTP/1.1" 200 38090 "https://www.bing.com/" "Mozilla/5.g (Linux; Android 13; Pixel 7) AppleWebKit/537.36 (KHTML, like Gecko) Chrome/116.0.0.0 Mobile Safari/537.36"
4.218.15.157 - - [12/Dec/2025:16:54:21 +0000] "GET /images/install.php HTTP/1.1" 404 5750 "https://www.google.de/" "Mozilla/5.0 (iPhone; CPU iPhone OS 17_1_1 like Mac OS X) AppleWebKit/605.1.15 (KHTML, like Gecko) Version/17.1 Mobile/15E148 Safari/604.1"
4.218.15.157 - - [12/Dec/2025:16:54:21 +0000] "GET /info.php HTTP/1.1" 404 5750 "https://www.bing.com/" "Mozilla/5.g (Linux; Android 13; Pixel 7) AppleWebKit/537.36 (KHTML, like Gecko) Chrome/116.0.0.0 Mobile Safari/537.36"
4.218.15.157 - - [12/Dec/2025:16:54:24 +0000] "GET /ioxi-o.php HTTP/1.1" 404 5750 "https://www.google.de/" "Mozilla/5.0 (iPhone; CPU iPhone OS 17_1_1 like Mac OS X) AppleWebKit/605.1.15 (KHTML, like Gecko) Version/17.1 Mobile/15E148 Safari/604.1"
4.218.15.157 - - [12/Dec/2025:16:54:24 +0000] "GET /k.php HTTP/1.1" 404 5750 "https://www.google.com/" "Mozilla/5.0 (iPhone; CPU iPhone OS 16_0 like Mac OS X) AppleWebKit/605.1.15 (KHTML, like Gecko) FxiOS/118.0 Mobile/15E148 Safari/605.1.15"
4.218.15.157 - - [12/Dec/2025:16:54:24 +0000] "GET /mah.php HTTP/1.1" 404 5750 "https://www.bing.com/" "Mozilla/5.0 (iPad; CPU OS 17_0_3 like Mac OS X) AppleWebKit/605.1.15 (KHTML, like Gecko) Version/17.0.1 Mobile/15E148 Safari/604.1"
4.218.15.157 - - [12/Dec/2025:16:54:25 +0000] "GET /mah/function.php HTTP/1.1" 404 5750 "https://duckduckgo.com/" "Mozilla/5.0 (Linux; Android 12; SM-A525F) AppleWebKit/537.36 (KHTML, like Gecko) Chrome/117.0.0.0 Mobile Safari/537.36"
4.218.15.157 - - [12/Dec/2025:16:54:26 +0000] "GET /manager.php HTTP/1.1" 404 5750 "https://www.google.fr/" "Mozilla/5.0 (iPad; CPU OS 17_0_3 like Mac OS X) AppleWebKit/605.1.15 (KHTML, like Gecko) Version/17.0.1 Mobile/15E148 Safari/604.1"
4.218.15.157 - - [12/Dec/2025:16:54:26 +0000] "GET /mini HTTP/1.1" 404 5750 "https://www.google.com/" "Mozilla/5.0 (Linux; Android 11; 21081111RG) AppleWebKit/537.36 (KHTML, like Gecko) Chrome/116.0.0.0 Mobile Safari/537.36"
4.218.15.157 - - [12/Dec/2025:16:54:27 +0000] "GET /modules/mod_simplefileuploadv1.3/elements/index.php HTTP/1.1" 404 5750 "https://www.google.fr/" "Mozilla/5.0 (iPad; CPU OS 17_0_3 like Mac OS X) AppleWebKit/605.1.15 (KHTML, like Gecko) Version/17.0.1 Mobile/15E148 Safari/604.1"
4.218.15.157 - - [12/Dec/2025:16:54:27 +0000] "GET /new.php HTTP/1.1" 404 5750 "https://www.bing.com/" "Mozilla/5.0 (iPad; CPU OS 17_0_3 like Mac OS X) AppleWebKit/605.1.15 (KHTML, like Gecko) Version/17.0.1 Mobile/15E148 Safari/604.1"
4.218.15.157 - - [12/Dec/2025:16:54:28 +0000] "GET /public/files/index.php HTTP/1.1" 404 5750 "https://www.google.fr/" "Mozilla/5.0 (iPhone; CPU iPhone OS 16_6_1 like Mac OS X) AppleWebKit/605.1.15 (KHTML, like Gecko) Version/16.6 Mobile/15E148 Safari/604.1"
4.218.15.157 - - [12/Dec/2025:16:54:28 +0000] "GET /public/wp-content/index.php HTTP/1.1" 404 5750 "https://duckduckgo.com/" "Mozilla/5.0 (Linux; Android 14; Pixel 8 Pro) AppleWebKit/537.36 (KHTML, like Gecko) Chrome/119.0.0.0 Mobile Safari/537.36"
4.218.15.157 - - [12/Dec/2025:16:54:29 +0000] "GET /radio.php HTTP/1.1" 404 5750 "https://www.google.de/" "Mozilla/5.0 (Linux; Android 13; SM-S908E) AppleWebKit/537.36 (KHTML, like Gecko) Chrome/116.0.0.0 Mobile Safari/537.36"
4.218.15.157 - - [12/Dec/2025:16:54:29 +0000] "GET /themes.php HTTP/1.1" 404 5750 "https://www.yahoo.com/" "Mozilla/5.0 (Linux; Android 11; 21081111RG) AppleWebKit/537.36 (KHTML, like Gecko) Chrome/116.0.0.0 Mobile Safari/537.36"
4.218.15.157 - - [12/Dec/2025:16:54:29 +0000] "GET /uploads/index.php HTTP/1.1" 404 5750 "https://www.yahoo.com/" "Mozilla/5.0 (iPhone; CPU iPhone OS 17_1_1 like Mac OS X) AppleWebKit/605.1.15 (KHTML, like Gecko) Version/17.1 Mobile/15E148 Safari/604.1"
4.218.15.157 - - [12/Dec/2025:16:54:30 +0000] "GET /wp-admin/ HTTP/1.1" 404 5750 "https://www.yahoo.com/" "Mozilla/5.0 (iPhone; CPU iPhone OS 17_0_3 like Mac OS X) AppleWebKit/605.1.15 (KHTML, like Gecko) Version/17.0.1 Mobile/15E148 Safari/604.1"
4.218.15.157 - - [12/Dec/2025:16:54:30 +0000] "GET /wp-admin/classwithtostring.php HTTP/1.1" 404 5750 "https://www.google.de/" "Mozilla/5.0 (Linux; Android 13; SM-G991U) AppleWebKit/537.36 (KHTML, like Gecko) Chrome/117.0.0.0 Mobile Safari/537.36"
4.218.15.157 - - [12/Dec/2025:16:54:31 +0000] "GET /wp-admin/css/ HTTP/1.1" 404 5750 "https://duckduckgo.com/" "Mozilla/5.0 (iPhone; CPU iPhone OS 15_7_9 like Mac OS X) AppleWebKit/605.1.15 (KHTML, like Gecko) Version/15.6.5 Mobile/15E148 Safari/604.1"
4.218.15.157 - - [12/Dec/2025:16:54:31 +0000] "GET /wp-admin/css/about.php HTTP/1.1" 404 5750 "https://www.yahoo.com/" "Mozilla/5.0 (iPad; CPU OS 16_7_2 like Mac OS X) AppleWebKit/605.1.15 (KHTML, like Gecko) Version/16.6 Mobile/15E148 Safari/604.1"
4.218.15.157 - - [12/Dec/2025:16:54:32 +0000] "GET /wp-admin/css/colors/blue/ HTTP/1.1" 404 5750 "https://duckduckgo.com/" "Mozilla/5.0 (iPad; CPU OS 17_0_3 like Mac OS X) AppleWebKit/605.1.15 (KHTML, like Gecko) Version/17.0.1 Mobile/15E148 Safari/604.1"
4.218.15.157 - - [12/Dec/2025:16:54:32 +0000] "GET /wp-admin/images/index.php HTTP/1.1" 404 5750 "https://www.google.co.uk/" "Mozilla/5.0 (Linux; Android 13; SM-S908E) AppleWebKit/537.36 (KHTML, like Gecko) Chrome/116.0.0.0 Mobile Safari/537.36"
4.218.15.157 - - [12/Dec/2025:16:54:33 +0000] "GET /wp-admin/includes/colour.php HTTP/1.1" 404 5750 "https://www.google.de/" "Mozilla/5.0 (Linux; Android 12; SM-A525F) AppleWebKit/537.36 (KHTML, like Gecko) Chrome/117.0.0.0 Mobile Safari/537.36"
4.218.15.157 - - [12/Dec/2025:16:54:33 +0000] "GET /wp-admin/includes/index.php HTTP/1.1" 404 5750 "https://www.google.com/" "Mozilla/5.0 (iPhone; CPU iPhone OS 16_6_1 like Mac OS X) AppleWebKit/605.1.15 (KHTML, like Gecko) Version/16.6 Mobile/15E148 Safari/604.1"
4.218.15.157 - - [12/Dec/2025:16:54:34 +0000] "GET /wp-admin/index.php HTTP/1.1" 404 5750 "https://www.google.de/" "Mozilla/5.0 (iPhone; CPU iPhone OS 16_0 like Mac OS X) AppleWebKit/605.1.15 (KHTML, like Gecko) FxiOS/118.0 Mobile/15E148 Safari/605.1.15"
4.218.15.157 - - [12/Dec/2025:16:54:34 +0000] "GET /wp-admin/js/ HTTP/1.1" 404 5750 "https://www.google.co.uk/" "Mozilla/5.0 (iPad; CPU OS 17_0_3 like Mac OS X) AppleWebKit/605.1.15 (KHTML, like Gecko) Version/17.0.1 Mobile/15E148 Safari/604.1"
4.218.15.157 - - [12/Dec/2025:16:54:34 +0000] "GET /wp-admin/js/index.php HTTP/1.1" 404 5750 "https://www.google.com/" "Mozilla/5.0 (Linux; Android 12; SM-A525F) AppleWebKit/537.36 (KHTML, like Gecko) Chrome/117.0.0.0 Mobile Safari/537.36"
4.218.15.157 - - [12/Dec/2025:16:54:35 +0000] "GET /wp-admin/js/widgets/ HTTP/1.1" 404 5750 "https://www.bing.com/" "Mozilla/5.0 (Linux; Android 11; CPH2251) AppleWebKit/537.36 (KHTML, like Gecko) Chrome/116.0.0.0 Mobile Safari/537.36"
4.218.15.157 - - [12/Dec/2025:16:54:35 +0000] "GET /wp-admin/network/admin.php HTTP/1.1" 404 5750 "https://www.yahoo.com/" "Mozilla/5.0 (Linux; Android 14; Pixel 8 Pro) AppleWebKit/537.36 (KHTML, like Gecko) Chrome/119.0.0.0 Mobile Safari/537.36"
4.218.15.157 - - [12/Dec/2025:16:54:36 +0000] "GET /wp-admin/wp-admins.php HTTP/1.1" 404 5750 "https://www.bing.com/" "Mozilla/5.0 (Linux; Android 12; V2134) AppleWebKit/537.36 (KHTML, like Gecko) Chrome/116.0.0.0 Mobile Safari/537.36"
4.218.15.157 - - [12/Dec/2025:16:54:36 +0000] "GET /wp-blog.php HTTP/1.1" 404 5750 "https://www.google.com/" "Mozilla/5.0 (Linux; Android 13; SM-G991U) AppleWebKit/537.36 (KHTML, like Gecko) Chrome/117.0.0.0 Mobile Safari/537.36"
4.218.15.157 - - [12/Dec/2025:16:54:36 +0000] "GET /wp-conflg/function.php HTTP/1.1" 404 5750 "https://duckduckgo.com/" "Mozilla/5.0 (Linux; Android 12; V2134) AppleWebKit/537.36 (KHTML, like Gecko) Chrome/116.0.0.0 Mobile Safari/537.36"
4.218.15.157 - - [12/Dec/2025:16:54:37 +0000] "GET /wp-content/admin-header.php HTTP/1.1" 404 5750 "https://www.google.fr/" "Mozilla/5.0 (Linux; Android 14; Pixel 8 Pro) AppleWebKit/537.36 (KHTML, like Gecko) Chrome/119.0.0.0 Mobile Safari/537.36"
4.218.15.157 - - [12/Dec/2025:16:54:38 +0000] "GET /wp-content/admin.php HTTP/1.1" 404 5750 "https://duckduckgo.com/" "Mozilla/5.0 (Linux; Android 11; CPH2251) AppleWebKit/537.36 (KHTML, like Gecko) Chrome/116.0.0.0 Mobile Safari/537.36"
4.218.15.157 - - [12/Dec/2025:16:54:38 +0000] "GET /wp-content/autoload_classmap.php HTTP/1.1" 404 5750 "https://www.google.co.uk/" "Mozilla/5.0 (Linux; Android 11; CPH2251) AppleWebKit/537.36 (KHTML, like Gecko) Chrome/116.0.0.0 Mobile Safari/537.36"
4.218.15.157 - - [12/Dec/2025:16:54:38 +0000] "GET /wp-content/backups-dup-lite/ HTTP/1.1" 404 5750 "https://duckduckgo.com/" "Mozilla/5.0 (Linux; Android 12; V2134) AppleWebKit/537.36 (KHTML, like Gecko) Chrome/116.0.0.0 Mobile Safari/537.36"
4.218.15.157 - - [12/Dec/2025:16:54:39 +0000] "GET /wp-content/index.php HTTP/1.1" 404 5750 "https://www.google.de/" "Mozilla/5.0 (Linux; Android 12; 2201116SG) AppleWebKit/537.36 (KHTML, like Gecko) Chrome/116.0.0.0 Mobile Safari/537.36"
4.218.15.157 - - [12/Dec/2025:16:54:39 +0000] "GET /wp-content/languages/ HTTP/1.1" 404 5750 "https://www.yahoo.com/" "Mozilla/5.0 (Linux; Android 10; K) AppleWebKit/537.36 (KHTML, like Gecko) Chrome/117.0.0.0 Mobile Safari/537.36"
4.218.15.157 - - [12/Dec/2025:16:54:40 +0000] "GET /wp-content/languages/index.php HTTP/1.1" 404 5750 "https://duckduckgo.com/" "Mozilla/5.0 (Linux; Android 11; 21081111RG) AppleWebKit/537.36 (KHTML, like Gecko) Chrome/116.0.0.0 Mobile Safari/537.36"
4.218.15.157 - - [12/Dec/2025:16:54:40 +0000] "GET /wp-content/plugins/admin.php HTTP/1.1" 404 5750 "https://www.google.de/" "Mozilla/5.0 (iPad; CPU OS 16_7_2 like Mac OS X) AppleWebKit/605.1.15 (KHTML, like Gecko) Version/16.6 Mobile/15E148 Safari/604.1"
4.218.15.157 - - [12/Dec/2025:16:54:41 +0000] "GET /wp-content/plugins/pwnd/as.php HTTP/1.1" 404 5750 "https://duckduckgo.com/" "Mozilla/5.0 (iPad; CPU OS 16_7_2 like Mac OS X) AppleWebKit/605.1.15 (KHTML, like Gecko) Version/16.6 Mobile/15E148 Safari/604.1"
4.218.15.157 - - [12/Dec/2025:16:54:41 +0000] "GET /wp-content/themes/ HTTP/1.1" 404 5750 "https://www.google.com/" "Mozilla/5.0 (Linux; Android 14; Pixel 8 Pro) AppleWebKit/537.36 (KHTML, like Gecko) Chrome/119.0.0.0 Mobile Safari/537.36"
4.218.15.157 - - [12/Dec/2025:16:54:42 +0000] "GET /wp-content/themes/about.php HTTP/1.1" 404 5750 "https://duckduckgo.com/" "Mozilla/5.0 (Linux; Android 12; 2201116SG) AppleWebKit/537.36 (KHTML, like Gecko) Chrome/116.0.0.0 Mobile Safari/537.36"
4.218.15.157 - - [12/Dec/2025:16:54:43 +0000] "GET /wp-content/themes/admin.php HTTP/1.1" 404 5750 "https://www.google.com/" "Mozilla/5.0 (iPhone; CPU iPhone OS 17_0_3 like Mac OS X) AppleWebKit/605.1.15 (KHTML, like Gecko) Version/17.0.1 Mobile/15E148 Safari/604.1"
4.218.15.157 - - [12/Dec/2025:16:54:43 +0000] "GET /wp-content/upgrade/index.php HTTP/1.1" 404 5750 "https://www.google.fr/" "Mozilla/5.0 (iPhone; CPU iPhone OS 17_1_1 like Mac OS X) AppleWebKit/605.1.15 (KHTML, like Gecko) Version/17.1 Mobile/15E148 Safari/604.1"
4.218.15.157 - - [12/Dec/2025:16:54:44 +0000] "GET /wp-content/uploads/ HTTP/1.1" 404 5750 "https://www.google.fr/" "Mozilla/5.0 (iPad; CPU OS 16_7_2 like Mac OS X) AppleWebKit/605.1.15 (KHTML, like Gecko) Version/16.6 Mobile/15E148 Safari/604.1"
4.218.15.157 - - [12/Dec/2025:16:54:44 +0000] "GET /wp-content/uploads/2025/ HTTP/1.1" 404 5750 "https://www.google.de/" "Mozilla/5.0 (iPhone; CPU iPhone OS 17_1 like Mac OS X) AppleWebKit/605.1.15 (KHTML, like Gecko) CriOS/119.0.6045.109 Mobile/15E148 Safari/604.1"
4.218.15.157 - - [12/Dec/2025:16:54:44 +0000] "GET /wp-content/uploads/index.php HTTP/1.1" 404 5750 "https://duckduckgo.com/" "Mozilla/5.0 (Linux; Android 10; K) AppleWebKit/537.36 (KHTML, like Gecko) Chrome/117.0.0.0 Mobile Safari/537.36"
4.218.15.157 - - [12/Dec/2025:16:54:45 +0000] "GET /wp-good.php HTTP/1.1" 404 5750 "https://duckduckgo.com/" "Mozilla/5.0 (Linux; Android 12; 2201116SG) AppleWebKit/537.36 (KHTML, like Gecko) Chrome/116.0.0.0 Mobile Safari/537.36"
4.218.15.157 - - [12/Dec/2025:16:54:45 +0000] "GET /wp-includes/ID3/ HTTP/1.1" 404 5750 "https://www.bing.com/" "Mozilla/5.0 (Linux; Android 13; SM-S908E) AppleWebKit/537.36 (KHTML, like Gecko) Chrome/116.0.0.0 Mobile Safari/537.36"
4.218.15.157 - - [12/Dec/2025:16:54:46 +0000] "GET /wp-includes/ID3/simi.php HTTP/1.1" 404 5750 "https://www.yahoo.com/" "Mozilla/5.0 (Linux; Android 14; Pixel 8 Pro) AppleWebKit/537.36 (KHTML, like Gecko) Chrome/119.0.0.0 Mobile Safari/537.36"
4.218.15.157 - - [12/Dec/2025:16:54:46 +0000] "GET /wp-includes/IXR/ HTTP/1.1" 404 5750 "https://www.yahoo.com/" "Mozilla/5.0 (iPhone; CPU iPhone OS 17_1_1 like Mac OS X) AppleWebKit/605.1.15 (KHTML, like Gecko) Version/17.1 Mobile/15E148 Safari/604.1"
4.218.15.157 - - [12/Dec/2025:16:54:47 +0000] "GET /wp-includes/PHPMailer/index.php HTTP/1.1" 404 5750 "https://www.google.de/" "Mozilla/5.0 (Linux; Android 11; CPH2251) AppleWebKit/537.36 (KHTML, like Gecko) Chrome/116.0.0.0 Mobile Safari/537.36"
4.218.15.157 - - [12/Dec/2025:16:54:47 +0000] "GET /wp-includes/Requests/index.php HTTP/1.1" 404 5750 "https://www.google.com/" "Mozilla/5.0 (iPhone; CPU iPhone OS 16_0 like Mac OS X) AppleWebKit/605.1.15 (KHTML, like Gecko) FxiOS/118.0 Mobile/15E148 Safari/605.1.15"
4.218.15.157 - - [12/Dec/2025:16:54:48 +0000] "GET /wp-includes/SimplePie/autoload_classmap.php HTTP/1.1" 404 5750 "https://duckduckgo.com/" "Mozilla/5.0 (Linux; Android 11; CPH2251) AppleWebKit/537.36 (KHTML, like Gecko) Chrome/116.0.0.0 Mobile Safari/537.36"
4.218.15.157 - - [12/Dec/2025:16:54:48 +0000] "GET /wp-includes/SimplePie/index.php HTTP/1.1" 404 5750 "https://www.yahoo.com/" "Mozilla/5.0 (iPhone; CPU iPhone OS 15_7_9 like Mac OS X) AppleWebKit/605.1.15 (KHTML, like Gecko) Version/15.6.5 Mobile/15E148 Safari/604.1"
4.218.15.157 - - [12/Dec/2025:16:54:48 +0000] "GET /wp-includes/Text/ HTTP/1.1" 404 5750 "https://www.bing.com/" "Mozilla/5.0 (iPhone; CPU iPhone OS 16_0 like Mac OS X) AppleWebKit/605.1.15 (KHTML, like Gecko) FxiOS/118.0 Mobile/15E148 Safari/605.1.15"
4.218.15.157 - - [12/Dec/2025:16:54:49 +0000] "GET /wp-includes/Text/Diff/Engine/ HTTP/1.1" 404 5750 "https://www.google.co.uk/" "Mozilla/5.0 (Linux; Android 12; 2201116SG) AppleWebKit/537.36 (KHTML, like Gecko) Chrome/116.0.0.0 Mobile Safari/537.36"
4.218.15.157 - - [12/Dec/2025:16:54:49 +0000] "GET /wp-includes/Text/Diff/Renderer/index.php HTTP/1.1" 404 5750 "https://www.google.fr/" "Mozilla/5.g (Linux; Android 13; Pixel 7) AppleWebKit/537.36 (KHTML, like Gecko) Chrome/116.0.0.0 Mobile Safari/537.36"
4.218.15.157 - - [12/Dec/2025:16:54:50 +0000] "GET /wp-includes/assets/autoload_classmap.php HTTP/1.1" 404 5750 "https://www.bing.com/" "Mozilla/5.0 (Linux; Android 13; SM-S908E) AppleWebKit/537.36 (KHTML, like Gecko) Chrome/116.0.0.0 Mobile Safari/537.36"
4.218.15.157 - - [12/Dec/2025:16:54:50 +0000] "GET /wp-includes/bk/index.php HTTP/1.1" 404 5750 "https://www.bing.com/" "Mozilla/5.0 (iPhone; CPU iPhone OS 16_6_1 like Mac OS X) AppleWebKit/605.1.15 (KHTML, like Gecko) Version/16.6 Mobile/15E148 Safari/604.1"
4.218.15.157 - - [12/Dec/2025:16:54:50 +0000] "GET /wp-includes/block-bindings/ HTTP/1.1" 404 5750 "https://www.google.de/" "Mozilla/5.0 (iPhone; CPU iPhone OS 16_0 like Mac OS X) AppleWebKit/605.1.15 (KHTML, like Gecko) FxiOS/118.0 Mobile/15E148 Safari/605.1.15"
4.218.15.157 - - [12/Dec/2025:16:54:51 +0000] "GET /wp-includes/block-supports/ HTTP/1.1" 404 5750 "https://www.bing.com/" "Mozilla/5.0 (Linux; Android 13; SM-S908E) AppleWebKit/537.36 (KHTML, like Gecko) Chrome/116.0.0.0 Mobile Safari/537.36"
4.218.15.157 - - [12/Dec/2025:16:54:52 +0000] "GET /wp-includes/blocks/code/ HTTP/1.1" 404 5750 "https://www.google.co.uk/" "Mozilla/5.0 (Linux; Android 10; LM-Q720) AppleWebKit/537.36 (KHTML, like Gecko) Chrome/116.0.0.0 Mobile Safari/537.36"
4.218.15.157 - - [12/Dec/2025:16:54:52 +0000] "GET /wp-includes/certificates/ HTTP/1.1" 404 5750 "https://www.yahoo.com/" "Mozilla/5.0 (Linux; Android 13; M2101K6G) AppleWebKit/537.36 (KHTML, like Gecko) Chrome/116.0.0.0 Mobile Safari/537.36"
4.218.15.157 - - [12/Dec/2025:16:54:52 +0000] "GET /wp-includes/css/autoload_classmap.php HTTP/1.1" 404 5750 "https://www.yahoo.com/" "Mozilla/5.0 (Linux; Android 10; K) AppleWebKit/537.36 (KHTML, like Gecko) Chrome/117.0.0.0 Mobile Safari/537.36"
4.218.15.157 - - [12/Dec/2025:16:54:53 +0000] "GET /wp-includes/customize/chosen.php HTTP/1.1" 404 5750 "https://www.yahoo.com/" "Mozilla/5.0 (Linux; Android 11; 21081111RG) AppleWebKit/537.36 (KHTML, like Gecko) Chrome/116.0.0.0 Mobile Safari/537.36"
4.218.15.157 - - [12/Dec/2025:16:54:54 +0000] "GET /wp-includes/html-api/index.php HTTP/1.1" 404 5750 "https://www.google.de/" "Mozilla/5.0 (Linux; Android 12; 2201116SG) AppleWebKit/537.36 (KHTML, like Gecko) Chrome/116.0.0.0 Mobile Safari/537.36"
4.218.15.157 - - [12/Dec/2025:16:54:54 +0000] "GET /wp-includes/images/ HTTP/1.1" 404 5750 "https://www.google.com/" "Mozilla/5.g (Linux; Android 13; Pixel 7) AppleWebKit/537.36 (KHTML, like Gecko) Chrome/116.0.0.0 Mobile Safari/537.36"
4.218.15.157 - - [12/Dec/2025:16:54:55 +0000] "GET /wp-includes/index.php HTTP/1.1" 404 5750 "https://www.google.co.uk/" "Mozilla/5.0 (iPhone; CPU iPhone OS 16_0 like Mac OS X) AppleWebKit/605.1.15 (KHTML, like Gecko) FxiOS/118.0 Mobile/15E148 Safari/605.1.15"
4.218.15.157 - - [12/Dec/2025:16:54:55 +0000] "GET /wp-includes/js/codemirror/index.php HTTP/1.1" 404 5750 "https://duckduckgo.com/" "Mozilla/5.0 (Linux; Android 12; 2201116SG) AppleWebKit/537.36 (KHTML, like Gecko) Chrome/116.0.0.0 Mobile Safari/537.36"
4.218.15.157 - - [12/Dec/2025:16:54:56 +0000] "GET /wp-includes/js/crop/ HTTP/1.1" 404 5750 "https://www.yahoo.com/" "Mozilla/5.0 (iPhone; CPU iPhone OS 16_0 like Mac OS X) AppleWebKit/605.1.15 (KHTML, like Gecko) FxiOS/118.0 Mobile/15E148 Safari/605.1.15"
4.218.15.157 - - [12/Dec/2025:16:54:57 +0000] "GET /wp-includes/js/dist/ HTTP/1.1" 404 5750 "https://duckduckgo.com/" "Mozilla/5.0 (Linux; Android 11; 21081111RG) AppleWebKit/537.36 (KHTML, like Gecko) Chrome/116.0.0.0 Mobile Safari/537.36"
4.218.15.157 - - [12/Dec/2025:16:54:57 +0000] "GET /wp-includes/js/dist/development/ HTTP/1.1" 404 5750 "https://www.google.co.uk/" "Mozilla/5.0 (iPhone; CPU iPhone OS 17_1_1 like Mac OS X) AppleWebKit/605.1.15 (KHTML, like Gecko) Version/17.1 Mobile/15E148 Safari/604.1"
4.218.15.157 - - [12/Dec/2025:16:54:58 +0000] "GET /wp-includes/js/jquery/jquery.php HTTP/1.1" 404 5750 "https://www.yahoo.com/" "Mozilla/5.0 (Linux; Android 13; M2101K6G) AppleWebKit/537.36 (KHTML, like Gecko) Chrome/116.0.0.0 Mobile Safari/537.36"
4.218.15.157 - - [12/Dec/2025:16:54:58 +0000] "GET /wp-includes/pomo/index.php HTTP/1.1" 404 5750 "https://www.google.de/" "Mozilla/5.0 (iPad; CPU OS 17_0_3 like Mac OS X) AppleWebKit/605.1.15 (KHTML, like Gecko) Version/17.0.1 Mobile/15E148 Safari/604.1"
4.218.15.157 - - [12/Dec/2025:16:54:59 +0000] "GET /wp-includes/random_compat/index.php HTTP/1.1" 404 5750 "https://www.google.com/" "Mozilla/5.0 (Linux; Android 13; SM-S908E) AppleWebKit/537.36 (KHTML, like Gecko) Chrome/116.0.0.0 Mobile Safari/537.36"
4.218.15.157 - - [12/Dec/2025:16:54:59 +0000] "GET /wp-includes/rest-api/fields/ HTTP/1.1" 404 5750 "https://www.google.com/" "Mozilla/5.0 (iPhone; CPU iPhone OS 17_0_3 like Mac OS X) AppleWebKit/605.1.15 (KHTML, like Gecko) Version/17.0.1 Mobile/15E148 Safari/604.1"
4.218.15.157 - - [12/Dec/2025:16:55:00 +0000] "GET /wp-includes/rest-api/index.php HTTP/1.1" 404 5750 "https://www.google.co.uk/" "Mozilla/5.0 (iPhone; CPU iPhone OS 16_6_1 like Mac OS X) AppleWebKit/605.1.15 (KHTML, like Gecko) Version/16.6 Mobile/15E148 Safari/604.1"
4.218.15.157 - - [12/Dec/2025:16:55:00 +0000] "GET /wp-includes/sitemaps/autoload_classmap.php HTTP/1.1" 404 5750 "https://www.google.co.uk/" "Mozilla/5.0 (Linux; Android 10; LM-Q720) AppleWebKit/537.36 (KHTML, like Gecko) Chrome/116.0.0.0 Mobile Safari/537.36"
4.218.15.157 - - [12/Dec/2025:16:55:01 +0000] "GET /wp-includes/sitemaps/providers/index.php HTTP/1.1" 404 5750 "https://www.bing.com/" "Mozilla/5.0 (iPhone; CPU iPhone OS 17_1_1 like Mac OS X) AppleWebKit/605.1.15 (KHTML, like Gecko) Version/17.1 Mobile/15E148 Safari/604.1"
4.218.15.157 - - [12/Dec/2025:16:55:01 +0000] "GET /wp-includes/style-engine/autoload_classmap.php HTTP/1.1" 404 5750 "https://www.google.fr/" "Mozilla/5.0 (iPhone; CPU iPhone OS 17_1 like Mac OS X) AppleWebKit/605.1.15 (KHTML, like Gecko) CriOS/119.0.6045.109 Mobile/15E148 Safari/604.1"
4.218.15.157 - - [12/Dec/2025:16:55:02 +0000] "GET /wp-includes/style-engine/wp-conflg.php HTTP/1.1" 404 5750 "https://duckduckgo.com/" "Mozilla/5.0 (iPad; CPU OS 16_7_2 like Mac OS X) AppleWebKit/605.1.15 (KHTML, like Gecko) Version/16.6 Mobile/15E148 Safari/604.1"
4.218.15.157 - - [12/Dec/2025:16:55:02 +0000] "GET /wp-includes/theme-compat/ HTTP/1.1" 404 5750 "https://www.google.de/" "Mozilla/5.0 (iPad; CPU OS 16_7_2 like Mac OS X) AppleWebKit/605.1.15 (KHTML, like Gecko) Version/16.6 Mobile/15E148 Safari/604.1"
57.141.6.2 - - [12/Dec/2025:16:48:43 +0000] "GET /?o=39276075051730 HTTP/2" 200 117128 "-" "meta-externalagent/1.1 (+https://developers.facebook.com/docs/sharing/webmasters/crawler)"
104.210.140.138 - - [12/Dec/2025:16:53:29 +0000] "GET    /robots.txt HTTP/2" 200 1184 "-" "Mozilla/5.0 (Macintosh; Intel Mac OS X 10_15_7) AppleWebKit/537.36 (KHTML, like Gecko) Chrome/131.0.0.0 Safari/537.36; compatible; OAI-SearchBot/1.0; +https://openai.com/searchbot"
198.23.59.221 - - [12/Dec/2025:16:54:44 +0000] "POST /wp-cron.php?doing_wp_cron=1765558484.0102519989013671875000 HTTP/1.1" 200 0 "-" "WordPress/6.9; https://flexnetworks.co.ke"
57.141.6.37 - - [12/Dec/2025:16:54:43 +0000] "GET /?o=39469222061730 HTTP/2" 200 117134 "-" "meta-externalagent/1.1 (+https://developers.facebook.com/docs/sharing/webmasters/crawler)"
4.218.15.157 - - [12/Dec/2025:16:55:03 +0000] "GET /wp-login.php HTTP/1.1" 404 5750 "https://www.yahoo.com/" "Mozilla/5.0 (Linux; Android 11; 21081111RG) AppleWebKit/537.36 (KHTML, like Gecko) Chrome/116.0.0.0 Mobile Safari/537.36"
4.218.15.157 - - [12/Dec/2025:16:55:03 +0000] "GET /wp-signin.php HTTP/1.1" 404 5750 "https://www.google.com/" "Mozilla/5.0 (iPhone; CPU iPhone OS 15_7_9 like Mac OS X) AppleWebKit/605.1.15 (KHTML, like Gecko) Version/15.6.5 Mobile/15E148 Safari/604.1"
4.218.15.157 - - [12/Dec/2025:16:55:04 +0000] "GET /wp-user.php HTTP/1.1" 404 5750 "https://www.google.fr/" "Mozilla/5.0 (Linux; Android 12; V2134) AppleWebKit/537.36 (KHTML, like Gecko) Chrome/116.0.0.0 Mobile Safari/537.36"
4.218.15.157 - - [12/Dec/2025:16:55:04 +0000] "GET /wp.php HTTP/1.1" 404 5750 "https://www.google.de/" "Mozilla/5.0 (Linux; Android 13; SM-G991U) AppleWebKit/537.36 (KHTML, like Gecko) Chrome/117.0.0.0 Mobile Safari/537.36"
4.218.15.157 - - [12/Dec/2025:16:55:05 +0000] "GET /xmlrpc.php HTTP/1.1" 404 5750 "https://www.google.fr/" "Mozilla/5.0 (iPhone; CPU iPhone OS 16_6_1 like Mac OS X) AppleWebKit/605.1.15 (KHTML, like Gecko) Version/16.6 Mobile/15E148 Safari/604.1"
4.218.15.157 - - [12/Dec/2025:16:55:05 +0000] "GET /xmrlpc.php HTTP/1.1" 404 5750 "https://www.google.de/" "Mozilla/5.0 (Linux; Android 11; 21081111RG) AppleWebKit/537.36 (KHTML, like Gecko) Chrome/116.0.0.0 Mobile Safari/537.36"
198.23.59.221 - - [12/Dec/2025:16:58:53 +0000] "POST /wp-cron.php?doing_wp_cron=1765558733.0871329307556152343750 HTTP/1.1" 200 0 "-" "WordPress/6.9; https://flexnetworks.co.ke"
