57.141.6.1 - - [12/Dec/2025:16:58:58 +0000] "GET /?o=114006334031730 HTTP/2" 200 117134 "-" "meta-externalagent/1.1 (+https://developers.facebook.com/docs/sharing/webmasters/crawler)"
198.23.59.221 - - [12/Dec/2025:16:57:44 +0000] "POST /wp-cron.php?doing_wp_cron=1765558664.7796258926391601562500 HTTP/1.1" 200 0 "-" "WordPress/6.9; https://flexnetworks.co.ke"
57.141.6.2 - - [12/Dec/2025:16:57:44 +0000] "GET /?o=28476436061730 HTTP/2" 200 117134 "-" "meta-externalagent/1.1 (+https://developers.facebook.com/docs/sharing/webmasters/crawler)"
66.249.70.4 - - [12/Dec/2025:16:58:41 +0000] "GET /wp-content/plugins/revslider/public/assets/js/rbtools.min.js?ver=6.2.23 HTTP/1.1" 200 43687 "https://flexnetworks.co.ke/?o=85984875001730" "Mozilla/5.0 (Linux; Android 6.0.1; Nexus 5X Build/MMB29P) AppleWebKit/537.36 (KHTML, like Gecko) Chrome/141.0.7390.122 Mobile Safari/537.36 (compatible; Googlebot/2.1; +http://www.google.com/bot.html)"
66.249.70.3 - - [12/Dec/2025:16:58:52 +0000] "POST /?wc-ajax=get_refreshed_fragments HTTP/1.1" 200 1253 "https://flexnetworks.co.ke/?o=85984875001730" "Mozilla/5.0 (Linux; Android 6.0.1; Nexus 5X Build/MMB29P) AppleWebKit/537.36 (KHTML, like Gecko) Chrome/141.0.7390.122 Mobile Safari/537.36 (compatible; Googlebot/2.1; +http://www.google.com/bot.html)"
66.249.70.5 - - [12/Dec/2025:16:58:27 +0000] "GET /?o=85984875001730 HTTP/1.1" 200 20213 "-" "Mozilla/5.0 (Linux; Android 6.0.1; Nexus 5X Build/MMB29P) AppleWebKit/537.36 (KHTML, like Gecko) Chrome/141.0.7390.122 Mobile Safari/537.36 (compatible; Googlebot/2.1; +http://www.google.com/bot.html)"
198.23.59.221 - - [12/Dec/2025:17:01:32 +0000] "POST /wp-cron.php?doing_wp_cron=1765558892.5442318916320800781250 HTTP/1.1" 200 0 "-" "WordPress/6.9; https://flexnetworks.co.ke"
150.40.236.71 - - [12/Dec/2025:17:01:31 +0000] "GET /?o=66154172011730 HTTP/2" 200 20212 "https://flexnetworks.co.ke/?o=66154172011730" "Mozilla/5.0 (Windows NT 10.0; Win64; x64) AppleWebKit/537.36 (KHTML, like Gecko) Chrome/101.0.4951.64 Safari/537.36 Edg/101.0.1210.47"
198.23.59.221 - - [12/Dec/2025:17:03:56 +0000] "POST /wp-cron.php?doing_wp_cron=1765559036.2538769245147705078125 HTTP/1.1" 200 0 "-" "WordPress/6.9; https://flexnetworks.co.ke"
57.141.6.37 - - [12/Dec/2025:17:03:55 +0000] "GET /?o=78153372081730 HTTP/2" 200 117134 "-" "meta-externalagent/1.1 (+https://developers.facebook.com/docs/sharing/webmasters/crawler)"
198.23.59.221 - - [12/Dec/2025:17:05:22 +0000] "POST /wp-cron.php?doing_wp_cron=1765559122.9530999660491943359375 HTTP/1.1" 200 0 "-" "WordPress/6.9; https://flexnetworks.co.ke"
159.138.28.126 - - [12/Dec/2025:17:03:59 +0000] "GET /?o=48233646041730 HTTP/2" 200 20213 "https://flexnetworks.co.ke/?o=48233646041730" "Mozilla/5.0 (Macintosh; Intel Mac OS X 10_15_7) AppleWebKit/537.36 (KHTML, like Gecko) Chrome/131.0.0.0 Safari/537.36"
189.1.218.44 - - [12/Dec/2025:17:05:22 +0000] "GET /?o=108456821011730 HTTP/2" 200 20211 "https://flexnetworks.co.ke/?o=108456821011730" "Mozilla/5.0 (Macintosh; Intel Mac OS X 10_15_7) AppleWebKit/537.36 (KHTML, like Gecko) Chrome/123.0.0.0 Safari/537.36"
198.23.59.221 - - [12/Dec/2025:17:09:34 +0000] "POST /wp-cron.php?doing_wp_cron=1765559374.5067689418792724609375 HTTP/1.1" 200 0 "-" "WordPress/6.9; https://flexnetworks.co.ke"
20.189.203.24 - - [12/Dec/2025:17:10:25 +0000] "GET /autoload_classmap/function.php HTTP/1.1" 401 36 "https://www.yahoo.com/" "Mozilla/5.g (Linux; Android 13; Pixel 7) AppleWebKit/537.36 (KHTML, like Gecko) Chrome/116.0.0.0 Mobile Safari/537.36"
20.189.203.24 - - [12/Dec/2025:17:10:26 +0000] "GET /num.php HTTP/1.1" 401 36 "https://www.bing.com/" "Mozilla/5.0 (iPhone; CPU iPhone OS 17_1_1 like Mac OS X) AppleWebKit/605.1.15 (KHTML, like Gecko) Version/17.1 Mobile/15E148 Safari/604.1"
20.189.203.24 - - [12/Dec/2025:17:10:26 +0000] "GET /www.php HTTP/1.1" 401 36 "https://www.google.de/" "Mozilla/5.0 (Linux; Android 12; V2134) AppleWebKit/537.36 (KHTML, like Gecko) Chrome/116.0.0.0 Mobile Safari/537.36"
20.189.203.24 - - [12/Dec/2025:17:10:27 +0000] "GET /includes.php HTTP/1.1" 401 36 "https://www.google.com/" "Mozilla/5.0 (Linux; Android 10; LM-Q720) AppleWebKit/537.36 (KHTML, like Gecko) Chrome/116.0.0.0 Mobile Safari/537.36"
20.189.203.24 - - [12/Dec/2025:17:10:27 +0000] "GET /browse.php HTTP/1.1" 401 36 "https://www.google.co.uk/" "Mozilla/5.0 (Linux; Android 11; CPH2251) AppleWebKit/537.36 (KHTML, like Gecko) Chrome/116.0.0.0 Mobile Safari/537.36"
20.189.203.24 - - [12/Dec/2025:17:10:27 +0000] "GET /wp-content/admin-header.php HTTP/1.1" 401 36 "https://www.google.fr/" "Mozilla/5.0 (Linux; Android 12; SM-A525F) AppleWebKit/537.36 (KHTML, like Gecko) Chrome/117.0.0.0 Mobile Safari/537.36"
20.189.203.24 - - [12/Dec/2025:17:10:28 +0000] "GET /wp-content/admin.php HTTP/1.1" 401 36 "https://www.yahoo.com/" "Mozilla/5.g (Linux; Android 13; Pixel 7) AppleWebKit/537.36 (KHTML, like Gecko) Chrome/116.0.0.0 Mobile Safari/537.36"
20.189.203.24 - - [12/Dec/2025:17:10:28 +0000] "GET /wp-content/autoload_classmap.php HTTP/1.1" 401 36 "https://www.google.com/" "Mozilla/5.0 (iPhone; CPU iPhone OS 17_1 like Mac OS X) AppleWebKit/605.1.15 (KHTML, like Gecko) CriOS/119.0.6045.109 Mobile/15E148 Safari/604.1"
20.189.203.24 - - [12/Dec/2025:17:10:29 +0000] "GET /wp-includes/sitemaps/autoload_classmap.php HTTP/1.1" 401 36 "https://www.bing.com/" "Mozilla/5.0 (Linux; Android 10; K) AppleWebKit/537.36 (KHTML, like Gecko) Chrome/117.0.0.0 Mobile Safari/537.36"
20.189.203.24 - - [12/Dec/2025:17:10:29 +0000] "GET /wp-includes/SimplePie/autoload_classmap.php HTTP/1.1" 401 36 "https://www.google.fr/" "Mozilla/5.0 (Linux; Android 13; SM-G991U) AppleWebKit/537.36 (KHTML, like Gecko) Chrome/117.0.0.0 Mobile Safari/537.36"
20.189.203.24 - - [12/Dec/2025:17:10:30 +0000] "GET /wp-includes/Text/autoload_classmap.php HTTP/1.1" 401 36 "https://www.google.fr/" "Mozilla/5.0 (iPad; CPU OS 17_0_3 like Mac OS X) AppleWebKit/605.1.15 (KHTML, like Gecko) Version/17.0.1 Mobile/15E148 Safari/604.1"
20.189.203.24 - - [12/Dec/2025:17:10:30 +0000] "GET /wp-admin/js/autoload_classmap.php HTTP/1.1" 401 36 "https://www.bing.com/" "Mozilla/5.0 (Linux; Android 12; V2134) AppleWebKit/537.36 (KHTML, like Gecko) Chrome/116.0.0.0 Mobile Safari/537.36"
20.189.203.24 - - [12/Dec/2025:17:10:31 +0000] "GET /wp-content/themes/about.php HTTP/1.1" 401 36 "https://www.yahoo.com/" "Mozilla/5.0 (Linux; Android 13; M2101K6G) AppleWebKit/537.36 (KHTML, like Gecko) Chrome/116.0.0.0 Mobile Safari/537.36"
20.189.203.24 - - [12/Dec/2025:17:10:31 +0000] "GET /wp-content/backups-dup-lite/ HTTP/1.1" 401 36 "https://www.bing.com/" "Mozilla/5.0 (iPhone; CPU iPhone OS 17_1_1 like Mac OS X) AppleWebKit/605.1.15 (KHTML, like Gecko) Version/17.1 Mobile/15E148 Safari/604.1"
20.189.203.24 - - [12/Dec/2025:17:10:31 +0000] "GET /wp-content/themes/twentytwentytwo/index.php HTTP/1.1" 401 36 "https://www.yahoo.com/" "Mozilla/5.0 (iPhone; CPU iPhone OS 17_1 like Mac OS X) AppleWebKit/605.1.15 (KHTML, like Gecko) CriOS/119.0.6045.109 Mobile/15E148 Safari/604.1"
20.189.203.24 - - [12/Dec/2025:17:10:33 +0000] "GET /wp-content/index.php HTTP/1.1" 401 36 "https://www.google.co.uk/" "Mozilla/5.0 (iPhone; CPU iPhone OS 16_0 like Mac OS X) AppleWebKit/605.1.15 (KHTML, like Gecko) FxiOS/118.0 Mobile/15E148 Safari/605.1.15"
20.189.203.24 - - [12/Dec/2025:17:10:33 +0000] "GET /wp-content/languages/ HTTP/1.1" 401 36 "https://www.google.de/" "Mozilla/5.0 (Linux; Android 11; 21081111RG) AppleWebKit/537.36 (KHTML, like Gecko) Chrome/116.0.0.0 Mobile Safari/537.36"
20.189.203.24 - - [12/Dec/2025:17:10:33 +0000] "GET /wp-content/languages/index.php HTTP/1.1" 401 36 "https://www.google.co.uk/" "Mozilla/5.0 (Linux; Android 13; SM-S908E) AppleWebKit/537.36 (KHTML, like Gecko) Chrome/116.0.0.0 Mobile Safari/537.36"
20.189.203.24 - - [12/Dec/2025:17:10:34 +0000] "GET /wp-content/plugins/admin.php HTTP/1.1" 401 36 "https://www.yahoo.com/" "Mozilla/5.0 (Linux; Android 11; CPH2251) AppleWebKit/537.36 (KHTML, like Gecko) Chrome/116.0.0.0 Mobile Safari/537.36"
20.189.203.24 - - [12/Dec/2025:17:10:34 +0000] "GET /wp-content/plugins/pwnd/as.php HTTP/1.1" 401 36 "https://www.google.co.uk/" "Mozilla/5.0 (Linux; Android 12; 2201116SG) AppleWebKit/537.36 (KHTML, like Gecko) Chrome/116.0.0.0 Mobile Safari/537.36"
20.189.203.24 - - [12/Dec/2025:17:10:34 +0000] "GET /wp-content/plugins/pwnd/pwnd.php HTTP/1.1" 401 36 "https://www.bing.com/" "Mozilla/5.0 (iPad; CPU OS 17_0_3 like Mac OS X) AppleWebKit/605.1.15 (KHTML, like Gecko) Version/17.0.1 Mobile/15E148 Safari/604.1"
20.189.203.24 - - [12/Dec/2025:17:10:36 +0000] "GET /wp-content/themes/ HTTP/1.1" 401 36 "https://www.bing.com/" "Mozilla/5.0 (iPhone; CPU iPhone OS 17_1_1 like Mac OS X) AppleWebKit/605.1.15 (KHTML, like Gecko) Version/17.1 Mobile/15E148 Safari/604.1"
20.189.203.24 - - [12/Dec/2025:17:10:36 +0000] "GET /wp-content/themes/admin.php HTTP/1.1" 401 36 "https://www.google.de/" "Mozilla/5.0 (Linux; Android 13; M2101K6G) AppleWebKit/537.36 (KHTML, like Gecko) Chrome/116.0.0.0 Mobile Safari/537.36"
20.189.203.24 - - [12/Dec/2025:17:10:36 +0000] "GET /wp-content/upgrade/index.php HTTP/1.1" 401 36 "https://www.google.fr/" "Mozilla/5.0 (Linux; Android 14; Pixel 8 Pro) AppleWebKit/537.36 (KHTML, like Gecko) Chrome/119.0.0.0 Mobile Safari/537.36"
20.189.203.24 - - [12/Dec/2025:17:10:37 +0000] "GET /wp-admin/css/colors/blue/atomlib.php HTTP/1.1" 401 36 "https://www.google.com/" "Mozilla/5.0 (Linux; Android 13; M2101K6G) AppleWebKit/537.36 (KHTML, like Gecko) Chrome/116.0.0.0 Mobile Safari/537.36"
20.189.203.24 - - [12/Dec/2025:17:10:37 +0000] "GET /wp-content/uploads/ HTTP/1.1" 401 36 "https://www.google.de/" "Mozilla/5.0 (Linux; Android 12; 2201116SG) AppleWebKit/537.36 (KHTML, like Gecko) Chrome/116.0.0.0 Mobile Safari/537.36"
20.189.203.24 - - [12/Dec/2025:17:10:37 +0000] "GET /wp-content/uploads/2025/ HTTP/1.1" 401 36 "https://www.yahoo.com/" "Mozilla/5.0 (iPad; CPU OS 16_7_2 like Mac OS X) AppleWebKit/605.1.15 (KHTML, like Gecko) Version/16.6 Mobile/15E148 Safari/604.1"
20.189.203.24 - - [12/Dec/2025:17:10:39 +0000] "GET /wp-content/uploads/index.php HTTP/1.1" 401 36 "https://www.google.co.uk/" "Mozilla/5.0 (Linux; Android 12; SM-A525F) AppleWebKit/537.36 (KHTML, like Gecko) Chrome/117.0.0.0 Mobile Safari/537.36"
20.189.203.24 - - [12/Dec/2025:17:10:39 +0000] "GET /wp-good.php HTTP/1.1" 401 36 "https://www.yahoo.com/" "Mozilla/5.0 (iPhone; CPU iPhone OS 17_0_3 like Mac OS X) AppleWebKit/605.1.15 (KHTML, like Gecko) Version/17.0.1 Mobile/15E148 Safari/604.1"
20.189.203.24 - - [12/Dec/2025:17:10:39 +0000] "GET /wp-includes/ID3/ HTTP/1.1" 401 36 "https://www.google.fr/" "Mozilla/5.0 (iPhone; CPU iPhone OS 16_0 like Mac OS X) AppleWebKit/605.1.15 (KHTML, like Gecko) FxiOS/118.0 Mobile/15E148 Safari/605.1.15"
20.189.203.24 - - [12/Dec/2025:17:10:40 +0000] "GET /wp-includes/ID3/simi.php HTTP/1.1" 401 36 "https://www.yahoo.com/" "Mozilla/5.0 (Linux; Android 14; Pixel 8 Pro) AppleWebKit/537.36 (KHTML, like Gecko) Chrome/119.0.0.0 Mobile Safari/537.36"
20.189.203.24 - - [12/Dec/2025:17:10:40 +0000] "GET /wp-includes/IXR/ HTTP/1.1" 401 36 "https://www.google.com/" "Mozilla/5.g (Linux; Android 13; Pixel 7) AppleWebKit/537.36 (KHTML, like Gecko) Chrome/116.0.0.0 Mobile Safari/537.36"
20.189.203.24 - - [12/Dec/2025:17:10:40 +0000] "GET /wp-includes/PHPMailer/index.php HTTP/1.1" 401 36 "https://www.google.de/" "Mozilla/5.0 (Linux; Android 12; 2201116SG) AppleWebKit/537.36 (KHTML, like Gecko) Chrome/116.0.0.0 Mobile Safari/537.36"
20.189.203.24 - - [12/Dec/2025:17:10:42 +0000] "GET /wp-includes/Requests/index.php HTTP/1.1" 401 36 "https://www.google.com/" "Mozilla/5.0 (Linux; Android 12; 2201116SG) AppleWebKit/537.36 (KHTML, like Gecko) Chrome/116.0.0.0 Mobile Safari/537.36"
20.189.203.24 - - [12/Dec/2025:17:10:42 +0000] "GET /wp-includes/SimplePie/index.php HTTP/1.1" 401 36 "https://www.google.de/" "Mozilla/5.0 (Linux; Android 12; 2201116SG) AppleWebKit/537.36 (KHTML, like Gecko) Chrome/116.0.0.0 Mobile Safari/537.36"
20.189.203.24 - - [12/Dec/2025:17:10:42 +0000] "GET /wp-includes/Text/ HTTP/1.1" 401 36 "https://www.bing.com/" "Mozilla/5.0 (iPhone; CPU iPhone OS 17_1_1 like Mac OS X) AppleWebKit/605.1.15 (KHTML, like Gecko) Version/17.1 Mobile/15E148 Safari/604.1"
20.189.203.24 - - [12/Dec/2025:17:10:44 +0000] "GET /wp-includes/Text/Diff/Engine/ HTTP/1.1" 401 36 "https://www.google.com/" "Mozilla/5.0 (iPhone; CPU iPhone OS 17_1_1 like Mac OS X) AppleWebKit/605.1.15 (KHTML, like Gecko) Version/17.1 Mobile/15E148 Safari/604.1"
20.189.203.24 - - [12/Dec/2025:17:10:44 +0000] "GET /wp-includes/Text/Diff/Renderer/index.php HTTP/1.1" 401 36 "https://www.yahoo.com/" "Mozilla/5.0 (Linux; Android 12; V2134) AppleWebKit/537.36 (KHTML, like Gecko) Chrome/116.0.0.0 Mobile Safari/537.36"
20.189.203.24 - - [12/Dec/2025:17:10:44 +0000] "GET /wp-includes/assets/autoload_classmap.php HTTP/1.1" 401 36 "https://duckduckgo.com/" "Mozilla/5.0 (iPhone; CPU iPhone OS 16_0 like Mac OS X) AppleWebKit/605.1.15 (KHTML, like Gecko) FxiOS/118.0 Mobile/15E148 Safari/605.1.15"
20.189.203.24 - - [12/Dec/2025:17:10:45 +0000] "GET /wp-includes/bk/index.php HTTP/1.1" 401 36 "https://www.yahoo.com/" "Mozilla/5.0 (Linux; Android 12; V2134) AppleWebKit/537.36 (KHTML, like Gecko) Chrome/116.0.0.0 Mobile Safari/537.36"
20.189.203.24 - - [12/Dec/2025:17:10:45 +0000] "GET /wp-includes/block-bindings/ HTTP/1.1" 401 36 "https://duckduckgo.com/" "Mozilla/5.0 (Linux; Android 12; 2201116SG) AppleWebKit/537.36 (KHTML, like Gecko) Chrome/116.0.0.0 Mobile Safari/537.36"
20.189.203.24 - - [12/Dec/2025:17:10:45 +0000] "GET /wp-includes/block-supports/ HTTP/1.1" 401 36 "https://duckduckgo.com/" "Mozilla/5.0 (Linux; Android 12; V2134) AppleWebKit/537.36 (KHTML, like Gecko) Chrome/116.0.0.0 Mobile Safari/537.36"
20.189.203.24 - - [12/Dec/2025:17:10:47 +0000] "GET /wp-includes/blocks/code/ HTTP/1.1" 401 36 "https://www.google.co.uk/" "Mozilla/5.g (Linux; Android 13; Pixel 7) AppleWebKit/537.36 (KHTML, like Gecko) Chrome/116.0.0.0 Mobile Safari/537.36"
20.189.203.24 - - [12/Dec/2025:17:10:47 +0000] "GET /wp-includes/certificates/ HTTP/1.1" 401 36 "https://www.google.de/" "Mozilla/5.0 (iPhone; CPU iPhone OS 17_1_1 like Mac OS X) AppleWebKit/605.1.15 (KHTML, like Gecko) Version/17.1 Mobile/15E148 Safari/604.1"
20.189.203.24 - - [12/Dec/2025:17:10:47 +0000] "GET /wp-includes/css/autoload_classmap.php HTTP/1.1" 401 36 "https://www.bing.com/" "Mozilla/5.0 (Linux; Android 13; SM-S908E) AppleWebKit/537.36 (KHTML, like Gecko) Chrome/116.0.0.0 Mobile Safari/537.36"
20.189.203.24 - - [12/Dec/2025:17:10:49 +0000] "GET /wp-includes/customize/chosen.php HTTP/1.1" 401 36 "https://duckduckgo.com/" "Mozilla/5.0 (iPhone; CPU iPhone OS 17_1 like Mac OS X) AppleWebKit/605.1.15 (KHTML, like Gecko) CriOS/119.0.6045.109 Mobile/15E148 Safari/604.1"
20.189.203.24 - - [12/Dec/2025:17:10:49 +0000] "GET /wp-includes/html-api/index.php HTTP/1.1" 401 36 "https://www.yahoo.com/" "Mozilla/5.0 (Linux; Android 13; SM-S908E) AppleWebKit/537.36 (KHTML, like Gecko) Chrome/116.0.0.0 Mobile Safari/537.36"
20.189.203.24 - - [12/Dec/2025:17:10:49 +0000] "GET /wp-includes/images/ HTTP/1.1" 401 36 "https://www.bing.com/" "Mozilla/5.0 (iPhone; CPU iPhone OS 17_0_3 like Mac OS X) AppleWebKit/605.1.15 (KHTML, like Gecko) Version/17.0.1 Mobile/15E148 Safari/604.1"
20.189.203.24 - - [12/Dec/2025:17:10:50 +0000] "GET /wp-includes/index.php HTTP/1.1" 401 36 "https://www.google.fr/" "Mozilla/5.0 (Linux; Android 13; M2101K6G) AppleWebKit/537.36 (KHTML, like Gecko) Chrome/116.0.0.0 Mobile Safari/537.36"
20.189.203.24 - - [12/Dec/2025:17:10:50 +0000] "GET /wp-includes/js/codemirror/index.php HTTP/1.1" 401 36 "https://duckduckgo.com/" "Mozilla/5.0 (Linux; Android 12; 2201116SG) AppleWebKit/537.36 (KHTML, like Gecko) Chrome/116.0.0.0 Mobile Safari/537.36"
20.189.203.24 - - [12/Dec/2025:17:10:50 +0000] "GET /wp-includes/js/crop/ HTTP/1.1" 401 36 "https://www.google.de/" "Mozilla/5.0 (iPhone; CPU iPhone OS 17_0_3 like Mac OS X) AppleWebKit/605.1.15 (KHTML, like Gecko) Version/17.0.1 Mobile/15E148 Safari/604.1"
20.189.203.24 - - [12/Dec/2025:17:10:52 +0000] "GET /wp-includes/js/dist/ HTTP/1.1" 401 36 "https://duckduckgo.com/" "Mozilla/5.0 (Linux; Android 14; Pixel 8 Pro) AppleWebKit/537.36 (KHTML, like Gecko) Chrome/119.0.0.0 Mobile Safari/537.36"
20.189.203.24 - - [12/Dec/2025:17:10:52 +0000] "GET /wp-includes/js/dist/development/ HTTP/1.1" 401 36 "https://www.google.de/" "Mozilla/5.0 (Linux; Android 11; 21081111RG) AppleWebKit/537.36 (KHTML, like Gecko) Chrome/116.0.0.0 Mobile Safari/537.36"
20.189.203.24 - - [12/Dec/2025:17:10:52 +0000] "GET /wp-includes/js/jquery/jquery.php HTTP/1.1" 401 36 "https://www.bing.com/" "Mozilla/5.0 (iPhone; CPU iPhone OS 17_0_3 like Mac OS X) AppleWebKit/605.1.15 (KHTML, like Gecko) Version/17.0.1 Mobile/15E148 Safari/604.1"
20.189.203.24 - - [12/Dec/2025:17:10:53 +0000] "GET /wp-includes/pomo/index.php HTTP/1.1" 401 36 "https://www.yahoo.com/" "Mozilla/5.0 (iPhone; CPU iPhone OS 17_1_1 like Mac OS X) AppleWebKit/605.1.15 (KHTML, like Gecko) Version/17.1 Mobile/15E148 Safari/604.1"
20.189.203.24 - - [12/Dec/2025:17:10:53 +0000] "GET /wp-includes/random_compat/index.php HTTP/1.1" 401 36 "https://www.bing.com/" "Mozilla/5.0 (iPhone; CPU iPhone OS 17_0_3 like Mac OS X) AppleWebKit/605.1.15 (KHTML, like Gecko) Version/17.0.1 Mobile/15E148 Safari/604.1"
20.189.203.24 - - [12/Dec/2025:17:10:54 +0000] "GET /wp-includes/rest-api/fields/ HTTP/1.1" 401 36 "https://duckduckgo.com/" "Mozilla/5.0 (Linux; Android 13; SM-G991U) AppleWebKit/537.36 (KHTML, like Gecko) Chrome/117.0.0.0 Mobile Safari/537.36"
20.189.203.24 - - [12/Dec/2025:17:10:54 +0000] "GET /wp-includes/rest-api/index.php HTTP/1.1" 401 36 "https://duckduckgo.com/" "Mozilla/5.0 (iPad; CPU OS 17_0_3 like Mac OS X) AppleWebKit/605.1.15 (KHTML, like Gecko) Version/17.0.1 Mobile/15E148 Safari/604.1"
20.189.203.24 - - [12/Dec/2025:17:10:54 +0000] "GET /wp-includes/sitemaps/providers/index.php HTTP/1.1" 401 36 "https://www.yahoo.com/" "Mozilla/5.0 (iPhone; CPU iPhone OS 16_6_1 like Mac OS X) AppleWebKit/605.1.15 (KHTML, like Gecko) Version/16.6 Mobile/15E148 Safari/604.1"
20.189.203.24 - - [12/Dec/2025:17:10:56 +0000] "GET /wp-includes/style-engine/autoload_classmap.php HTTP/1.1" 401 36 "https://www.yahoo.com/" "Mozilla/5.0 (Linux; Android 12; V2134) AppleWebKit/537.36 (KHTML, like Gecko) Chrome/116.0.0.0 Mobile Safari/537.36"
20.189.203.24 - - [12/Dec/2025:17:10:56 +0000] "GET /wp-includes/style-engine/wp-conflg.php HTTP/1.1" 401 36 "https://www.google.fr/" "Mozilla/5.0 (Linux; Android 11; 21081111RG) AppleWebKit/537.36 (KHTML, like Gecko) Chrome/116.0.0.0 Mobile Safari/537.36"
20.189.203.24 - - [12/Dec/2025:17:10:56 +0000] "GET /wp-includes/theme-compat/ HTTP/1.1" 401 36 "https://www.google.fr/" "Mozilla/5.0 (Linux; Android 10; LM-Q720) AppleWebKit/537.36 (KHTML, like Gecko) Chrome/116.0.0.0 Mobile Safari/537.36"
20.189.203.24 - - [12/Dec/2025:17:10:57 +0000] "GET /wp-login.php HTTP/1.1" 401 36 "https://www.google.com/" "Mozilla/5.0 (Linux; Android 10; LM-Q720) AppleWebKit/537.36 (KHTML, like Gecko) Chrome/116.0.0.0 Mobile Safari/537.36"
198.23.59.221 - - [12/Dec/2025:17:07:45 +0000] "POST /wp-cron.php?doing_wp_cron=1765559265.4877839088439941406250 HTTP/1.1" 200 0 "-" "WordPress/6.9; https://flexnetworks.co.ke"
57.141.6.29 - - [12/Dec/2025:17:07:45 +0000] "GET /?o=101666344011730 HTTP/2" 200 117134 "-" "meta-externalagent/1.1 (+https://developers.facebook.com/docs/sharing/webmasters/crawler)"
57.141.6.16 - - [12/Dec/2025:17:09:34 +0000] "GET /?o=69611978041730 HTTP/2" 200 117134 "-" "meta-externalagent/1.1 (+https://developers.facebook.com/docs/sharing/webmasters/crawler)"
207.46.13.168 - - [12/Dec/2025:17:13:32 +0000] "GET /portfolio/frima-gardens-resort HTTP/2" 200 1137 "-" "Mozilla/5.0 AppleWebKit/537.36 (KHTML, like Gecko; compatible; bingbot/2.0; +http://www.bing.com/bingbot.htm) Chrome/116.0.1938.76 Safari/537.36"
181.215.65.99 - - [12/Dec/2025:17:13:44 +0000] "POST /wp-login.php HTTP/1.1" 403 1242 "https://flexnetworks.co.ke/wp-admin/" "Mozilla/5.0 (Windows NT 10.0; Win64; x64) AppleWebKit/537.36 (KHTML, like Gecko) Chrome/91.0.4472.124 Safari/537.36"
181.215.65.99 - - [12/Dec/2025:17:13:44 +0000] "POST /admin HTTP/1.1" 200 1227 "https://flexnetworks.co.ke/wp-admin/" "Mozilla/5.0 (X11; Linux x86_64) AppleWebKit/537.36 (KHTML, like Gecko) Chrome/92.0.4515.107 Safari/537.36"
181.215.65.107 - - [12/Dec/2025:17:13:45 +0000] "POST /wp-login.php HTTP/1.1" 200 3398 "https://flexnetworks.co.ke/wp-admin/" "Mozilla/5.0 (Windows NT 10.0; Win64; x64) AppleWebKit/537.36 (KHTML, like Gecko) Chrome/95.0.4638.54 Safari/537.36"
181.215.65.107 - - [12/Dec/2025:17:13:45 +0000] "POST /admin HTTP/1.1" 200 1220 "https://flexnetworks.co.ke/wp-admin/" "Mozilla/5.0 (Windows NT 10.0; Win64; x64; rv:89.0) Gecko/20100101 Firefox/89.0"
181.215.65.101 - - [12/Dec/2025:17:13:46 +0000] "POST /wp-login.php HTTP/1.1" 200 3398 "https://flexnetworks.co.ke/wp-admin/" "Mozilla/5.0 (Windows NT 10.0; Win64; x64) AppleWebKit/537.36 (KHTML, like Gecko) Chrome/94.0.4606.71 Safari/537.36"
181.215.65.101 - - [12/Dec/2025:17:13:47 +0000] "POST /admin HTTP/1.1" 200 1220 "https://flexnetworks.co.ke/wp-admin/" "Mozilla/5.0 (Windows NT 10.0; Win64; x64) AppleWebKit/537.36 (KHTML, like Gecko) Chrome/95.0.4638.54 Safari/537.36"
104.234.32.74 - - [12/Dec/2025:17:13:53 +0000] "POST /wp-login.php HTTP/1.1" 200 3398 "https://flexnetworks.co.ke/wp-admin/" "Mozilla/5.0 (iPhone; CPU iPhone OS 14_6 like Mac OS X) AppleWebKit/605.1.15 (KHTML, like Gecko) Version/14.0 Mobile/15E148 Safari/604.1"
104.234.32.74 - - [12/Dec/2025:17:13:53 +0000] "POST /admin HTTP/1.1" 200 1227 "https://flexnetworks.co.ke/wp-admin/" "Mozilla/5.0 (Macintosh; Intel Mac OS X 10_15_7) AppleWebKit/605.1.15 (KHTML, like Gecko) Version/14.1.1 Safari/605.1.15"
181.215.65.98 - - [12/Dec/2025:17:13:55 +0000] "POST /wp-login.php HTTP/1.1" 200 3398 "https://flexnetworks.co.ke/wp-admin/" "Mozilla/5.0 (Windows NT 10.0; Win64; x64) AppleWebKit/537.36 (KHTML, like Gecko) Chrome/95.0.4638.54 Safari/537.36"
181.215.65.98 - - [12/Dec/2025:17:13:55 +0000] "POST /admin HTTP/1.1" 200 1227 "https://flexnetworks.co.ke/wp-admin/" "Mozilla/5.0 (Windows NT 10.0; Win64; x64) AppleWebKit/537.36 (KHTML, like Gecko) Chrome/91.0.4472.124 Safari/537.36"
181.215.65.109 - - [12/Dec/2025:17:13:56 +0000] "POST /wp-login.php HTTP/1.1" 200 3398 "https://flexnetworks.co.ke/wp-admin/" "Mozilla/5.0 (Windows NT 10.0; Win64; x64) AppleWebKit/537.36 (KHTML, like Gecko) Edge/91.0.864.59"
181.215.65.109 - - [12/Dec/2025:17:13:57 +0000] "POST /admin HTTP/1.1" 200 1227 "https://flexnetworks.co.ke/wp-admin/" "Mozilla/5.0 (Windows NT 10.0; Win64; x64) AppleWebKit/537.36 (KHTML, like Gecko) Chrome/91.0.4472.124 Safari/537.36"
85.237.194.176 - - [12/Dec/2025:17:14:00 +0000] "POST /wp-login.php HTTP/1.1" 200 3392 "https://flexnetworks.co.ke/wp-admin/" "Mozilla/5.0 (Windows NT 10.0; Win64; x64) AppleWebKit/537.36 (KHTML, like Gecko) Chrome/90.0.4430.85 Safari/537.36"
85.237.194.176 - - [12/Dec/2025:17:14:00 +0000] "POST /admin HTTP/1.1" 200 1227 "https://flexnetworks.co.ke/wp-admin/" "Mozilla/5.0 (Windows NT 10.0; Win64; x64) AppleWebKit/537.36 (KHTML, like Gecko) Chrome/95.0.4638.54 Safari/537.36"
130.33.54.142 - - [12/Dec/2025:17:14:20 +0000] "GET /wp-content/plugins/hellopress/wp_filemanager.php HTTP/1.1" 404 5749 "-" "-"
130.33.54.142 - - [12/Dec/2025:17:14:21 +0000] "GET /app.php HTTP/1.1" 404 5749 "-" "-"
130.33.54.142 - - [12/Dec/2025:17:14:21 +0000] "GET /tesTyuj.php HTTP/1.1" 404 5749 "-" "-"
130.33.54.142 - - [12/Dec/2025:17:14:22 +0000] "GET /ahax.php HTTP/1.1" 404 5749 "-" "-"
130.33.54.142 - - [12/Dec/2025:17:14:22 +0000] "GET /ww3.php HTTP/1.1" 404 5749 "-" "-"
198.23.59.221 - - [12/Dec/2025:17:13:32 +0000] "POST /wp-cron.php?doing_wp_cron=1765559612.7043449878692626953125 HTTP/1.1" 200 0 "-" "WordPress/6.9; https://flexnetworks.co.ke"
104.234.32.90 - - [12/Dec/2025:17:13:42 +0000] "POST /wp-login.php HTTP/1.1" 200 3398 "https://flexnetworks.co.ke/wp-admin/" "Mozilla/5.0 (Windows NT 10.0; Win64; x64) AppleWebKit/537.36 (KHTML, like Gecko) Chrome/90.0.4430.85 Safari/537.36"
104.234.32.90 - - [12/Dec/2025:17:13:42 +0000] "POST /admin HTTP/1.1" 200 1220 "https://flexnetworks.co.ke/wp-admin/" "Mozilla/5.0 (Windows NT 10.0; Win64; x64; rv:89.0) Gecko/20100101 Firefox/89.0"
104.234.32.71 - - [12/Dec/2025:17:13:48 +0000] "POST /wp-login.php HTTP/1.1" 200 3392 "https://flexnetworks.co.ke/wp-admin/" "Mozilla/5.0 (Windows NT 10.0; Win64; x64) AppleWebKit/537.36 (KHTML, like Gecko) Chrome/91.0.4472.124 Safari/537.36"
104.234.32.71 - - [12/Dec/2025:17:13:48 +0000] "POST /admin HTTP/1.1" 200 1227 "https://flexnetworks.co.ke/wp-admin/" "Mozilla/5.0 (Windows NT 10.0; Win64; x64) AppleWebKit/537.36 (KHTML, like Gecko) Edge/91.0.864.59"
181.215.65.97 - - [12/Dec/2025:17:13:50 +0000] "POST /wp-login.php HTTP/1.1" 200 3398 "https://flexnetworks.co.ke/wp-admin/" "Mozilla/5.0 (Windows NT 10.0; Win64; x64; rv:89.0) Gecko/20100101 Firefox/89.0"
181.215.65.97 - - [12/Dec/2025:17:13:50 +0000] "POST /admin HTTP/1.1" 200 1220 "https://flexnetworks.co.ke/wp-admin/" "Mozilla/5.0 (Windows NT 10.0; Win64; x64) AppleWebKit/537.36 (KHTML, like Gecko) Chrome/90.0.4430.85 Safari/537.36"
104.234.32.89 - - [12/Dec/2025:17:13:58 +0000] "POST /wp-login.php HTTP/1.1" 200 3398 "https://flexnetworks.co.ke/wp-admin/" "Mozilla/5.0 (Windows NT 10.0; Win64; x64; rv:89.0) Gecko/20100101 Firefox/89.0"
104.234.32.89 - - [12/Dec/2025:17:13:58 +0000] "POST /admin HTTP/1.1" 200 1227 "https://flexnetworks.co.ke/wp-admin/" "Mozilla/5.0 (iPhone; CPU iPhone OS 14_6 like Mac OS X) AppleWebKit/605.1.15 (KHTML, like Gecko) Version/14.0 Mobile/15E148 Safari/604.1"
104.234.32.86 - - [12/Dec/2025:17:14:01 +0000] "POST /wp-login.php HTTP/1.1" 200 3398 "https://flexnetworks.co.ke/wp-admin/" "Mozilla/5.0 (Windows NT 10.0; Win64; x64; rv:89.0) Gecko/20100101 Firefox/89.0"
104.234.32.86 - - [12/Dec/2025:17:14:01 +0000] "POST /admin HTTP/1.1" 200 1227 "https://flexnetworks.co.ke/wp-admin/" "Mozilla/5.0 (Windows NT 10.0; Win64; x64; rv:89.0) Gecko/20100101 Firefox/89.0"
181.215.65.106 - - [12/Dec/2025:17:14:03 +0000] "POST /wp-login.php HTTP/1.1" 200 3398 "https://flexnetworks.co.ke/wp-admin/" "Mozilla/5.0 (Windows NT 10.0; Win64; x64; rv:89.0) Gecko/20100101 Firefox/89.0"
181.215.65.106 - - [12/Dec/2025:17:14:03 +0000] "POST /admin HTTP/1.1" 200 1220 "https://flexnetworks.co.ke/wp-admin/" "Mozilla/5.0 (Windows NT 10.0; Win64; x64) AppleWebKit/537.36 (KHTML, like Gecko) Chrome/91.0.4472.124 Safari/537.36"
181.215.65.104 - - [12/Dec/2025:17:14:23 +0000] "POST /admin HTTP/1.1" 200 1220 "https://flexnetworks.co.ke/wp-admin/" "Mozilla/5.0 (Windows NT 10.0; Win64; x64) AppleWebKit/537.36 (KHTML, like Gecko) Chrome/91.0.4472.124 Safari/537.36"
85.237.194.176 - - [12/Dec/2025:17:14:26 +0000] "POST /wp-login.php HTTP/1.1" 200 3392 "https://flexnetworks.co.ke/wp-admin/" "Mozilla/5.0 (Windows NT 10.0; Win64; x64) AppleWebKit/537.36 (KHTML, like Gecko) Chrome/90.0.4430.85 Safari/537.36"
85.237.194.176 - - [12/Dec/2025:17:14:26 +0000] "POST /admin HTTP/1.1" 200 1220 "https://flexnetworks.co.ke/wp-admin/" "Mozilla/5.0 (X11; Linux x86_64) AppleWebKit/537.36 (KHTML, like Gecko) Chrome/92.0.4515.107 Safari/537.36"
104.234.32.73 - - [12/Dec/2025:17:14:27 +0000] "POST /wp-login.php HTTP/1.1" 200 3392 "https://flexnetworks.co.ke/wp-admin/" "Mozilla/5.0 (Windows NT 10.0; Win64; x64) AppleWebKit/537.36 (KHTML, like Gecko) Chrome/93.0.4577.63 Safari/537.36"
104.234.32.73 - - [12/Dec/2025:17:14:27 +0000] "POST /admin HTTP/1.1" 200 1220 "https://flexnetworks.co.ke/wp-admin/" "Mozilla/5.0 (Windows NT 10.0; Win64; x64) AppleWebKit/537.36 (KHTML, like Gecko) Chrome/93.0.4577.63 Safari/537.36"
130.33.54.142 - - [12/Dec/2025:17:14:23 +0000] "GET /clss.php HTTP/1.1" 404 5749 "-" "-"
130.33.54.142 - - [12/Dec/2025:17:14:23 +0000] "GET /budmachine/web/s.php?p= HTTP/1.1" 404 5749 "-" "-"
130.33.54.142 - - [12/Dec/2025:17:14:24 +0000] "GET /wp-64wscx6shd.php HTTP/1.1" 404 5749 "-" "-"
130.33.54.142 - - [12/Dec/2025:17:14:24 +0000] "GET /okxh.php HTTP/1.1" 404 5749 "-" "-"
85.237.194.192 - - [12/Dec/2025:17:14:24 +0000] "POST /wp-login.php HTTP/1.1" 200 3398 "https://flexnetworks.co.ke/wp-admin/" "Mozilla/5.0 (Windows NT 10.0; Win64; x64) AppleWebKit/537.36 (KHTML, like Gecko) Chrome/90.0.4430.85 Safari/537.36"
130.33.54.142 - - [12/Dec/2025:17:14:24 +0000] "GET /wp-sid.php HTTP/1.1" 404 5749 "-" "-"
85.237.194.192 - - [12/Dec/2025:17:14:24 +0000] "POST /admin HTTP/1.1" 200 1220 "https://flexnetworks.co.ke/wp-admin/" "Mozilla/5.0 (Windows NT 10.0; Win64; x64) AppleWebKit/537.36 (KHTML, like Gecko) Chrome/91.0.4472.124 Safari/537.36"
130.33.54.142 - - [12/Dec/2025:17:14:25 +0000] "GET /6kUgr4yGzxN.php HTTP/1.1" 404 5749 "-" "-"
130.33.54.142 - - [12/Dec/2025:17:14:25 +0000] "GET /hplfuns.php HTTP/1.1" 404 5749 "-" "-"
130.33.54.142 - - [12/Dec/2025:17:14:25 +0000] "GET /x.php HTTP/1.1" 404 5749 "-" "-"
130.33.54.142 - - [12/Dec/2025:17:14:26 +0000] "GET /222.php HTTP/1.1" 404 5749 "-" "-"
130.33.54.142 - - [12/Dec/2025:17:14:27 +0000] "GET /wp-title.php HTTP/1.1" 404 5749 "-" "-"
130.33.54.142 - - [12/Dec/2025:17:14:27 +0000] "GET /abc.php HTTP/1.1" 404 5749 "-" "-"
130.33.54.142 - - [12/Dec/2025:17:14:27 +0000] "GET /wp-home.php HTTP/1.1" 404 5749 "-" "-"
130.33.54.142 - - [12/Dec/2025:17:14:28 +0000] "GET /re.php HTTP/1.1" 404 5749 "-" "-"
181.215.65.105 - - [12/Dec/2025:17:14:28 +0000] "POST /wp-login.php HTTP/1.1" 200 3392 "https://flexnetworks.co.ke/wp-admin/" "Mozilla/5.0 (Windows NT 10.0; Win64; x64) AppleWebKit/537.36 (KHTML, like Gecko) Chrome/90.0.4430.85 Safari/537.36"
130.33.54.142 - - [12/Dec/2025:17:14:29 +0000] "GET /atex1.php HTTP/1.1" 404 5749 "-" "-"
181.215.65.105 - - [12/Dec/2025:17:14:29 +0000] "POST /admin HTTP/1.1" 200 1227 "https://flexnetworks.co.ke/wp-admin/" "Mozilla/5.0 (Windows NT 10.0; Win64; x64) AppleWebKit/537.36 (KHTML, like Gecko) Chrome/93.0.4577.63 Safari/537.36"
130.33.54.142 - - [12/Dec/2025:17:14:29 +0000] "GET /kdgok.php HTTP/1.1" 404 5749 "-" "-"
130.33.54.142 - - [12/Dec/2025:17:14:29 +0000] "GET /vanda.php HTTP/1.1" 404 5749 "-" "-"
130.33.54.142 - - [12/Dec/2025:17:14:30 +0000] "GET /bolt.php?p= HTTP/1.1" 404 5749 "-" "-"
130.33.54.142 - - [12/Dec/2025:17:14:31 +0000] "GET /sid-file.php HTTP/1.1" 404 5749 "-" "-"
130.33.54.142 - - [12/Dec/2025:17:14:31 +0000] "GET /l3gi0n.php HTTP/1.1" 404 5749 "-" "-"
130.33.54.142 - - [12/Dec/2025:17:14:32 +0000] "GET /test1.php HTTP/1.1" 404 5749 "-" "-"
130.33.54.142 - - [12/Dec/2025:17:14:32 +0000] "GET /bo.php HTTP/1.1" 404 5749 "-" "-"
130.33.54.142 - - [12/Dec/2025:17:14:33 +0000] "GET /d12.php HTTP/1.1" 404 5749 "-" "-"
130.33.54.142 - - [12/Dec/2025:17:14:33 +0000] "GET /Contrller.php HTTP/1.1" 404 5749 "-" "-"
130.33.54.142 - - [12/Dec/2025:17:14:33 +0000] "GET /o2.php HTTP/1.1" 404 5749 "-" "-"
130.33.54.142 - - [12/Dec/2025:17:14:34 +0000] "GET /error_log.php HTTP/1.1" 404 5749 "-" "-"
130.33.54.142 - - [12/Dec/2025:17:14:34 +0000] "GET /inghl.php HTTP/1.1" 404 5749 "-" "-"
130.33.54.142 - - [12/Dec/2025:17:14:34 +0000] "GET /wp-securitiy.php HTTP/1.1" 404 5749 "-" "-"
130.33.54.142 - - [12/Dec/2025:17:14:35 +0000] "GET /click.php HTTP/1.1" 404 5749 "-" "-"
130.33.54.142 - - [12/Dec/2025:17:14:35 +0000] "GET /wp-ac.php HTTP/1.1" 404 5749 "-" "-"
130.33.54.142 - - [12/Dec/2025:17:14:35 +0000] "GET /z60.php?p= HTTP/1.1" 404 5749 "-" "-"
130.33.54.142 - - [12/Dec/2025:17:14:36 +0000] "GET /krypton.php HTTP/1.1" 404 5749 "-" "-"
130.33.54.142 - - [12/Dec/2025:17:14:36 +0000] "GET /karma_57c3d4.php HTTP/1.1" 404 5749 "-" "-"
130.33.54.142 - - [12/Dec/2025:17:14:36 +0000] "GET /fc72f.php HTTP/1.1" 404 5749 "-" "-"
130.33.54.142 - - [12/Dec/2025:17:14:38 +0000] "GET /wso.php HTTP/1.1" 404 5749 "-" "-"
181.215.65.97 - - [12/Dec/2025:17:14:30 +0000] "POST /wp-login.php HTTP/1.1" 200 3398 "https://flexnetworks.co.ke/wp-admin/" "Mozilla/5.0 (X11; Linux x86_64) AppleWebKit/537.36 (KHTML, like Gecko) Chrome/92.0.4515.107 Safari/537.36"
181.215.65.97 - - [12/Dec/2025:17:14:30 +0000] "POST /admin HTTP/1.1" 200 1220 "https://flexnetworks.co.ke/wp-admin/" "Mozilla/5.0 (X11; Linux x86_64) AppleWebKit/537.36 (KHTML, like Gecko) Chrome/92.0.4515.107 Safari/537.36"
104.234.32.85 - - [12/Dec/2025:17:14:51 +0000] "POST /wp-login.php HTTP/1.1" 200 3392 "https://flexnetworks.co.ke/wp-admin/" "Mozilla/5.0 (Windows NT 10.0; Win64; x64) AppleWebKit/537.36 (KHTML, like Gecko) Chrome/94.0.4606.71 Safari/537.36"
104.234.32.85 - - [12/Dec/2025:17:14:52 +0000] "POST /admin HTTP/1.1" 200 1227 "https://flexnetworks.co.ke/wp-admin/" "Mozilla/5.0 (Macintosh; Intel Mac OS X 10_15_7) AppleWebKit/605.1.15 (KHTML, like Gecko) Version/14.1.1 Safari/605.1.15"
181.215.65.97 - - [12/Dec/2025:17:14:56 +0000] "POST /wp-login.php HTTP/1.1" 200 3392 "https://flexnetworks.co.ke/wp-admin/" "Mozilla/5.0 (Windows NT 10.0; Win64; x64; rv:89.0) Gecko/20100101 Firefox/89.0"
181.215.65.97 - - [12/Dec/2025:17:14:56 +0000] "POST /admin HTTP/1.1" 200 1227 "https://flexnetworks.co.ke/wp-admin/" "Mozilla/5.0 (Macintosh; Intel Mac OS X 10_15_7) AppleWebKit/605.1.15 (KHTML, like Gecko) Version/14.1.1 Safari/605.1.15"
104.234.32.76 - - [12/Dec/2025:17:14:59 +0000] "POST /wp-login.php HTTP/1.1" 200 3398 "https://flexnetworks.co.ke/wp-admin/" "Mozilla/5.0 (Windows NT 10.0; Win64; x64; rv:89.0) Gecko/20100101 Firefox/89.0"
104.234.32.76 - - [12/Dec/2025:17:15:00 +0000] "POST /admin HTTP/1.1" 200 1227 "https://flexnetworks.co.ke/wp-admin/" "Mozilla/5.0 (Windows NT 10.0; Win64; x64) AppleWebKit/537.36 (KHTML, like Gecko) Chrome/91.0.4472.124 Safari/537.36"
104.234.32.94 - - [12/Dec/2025:17:15:02 +0000] "POST /wp-login.php HTTP/1.1" 200 3398 "https://flexnetworks.co.ke/wp-admin/" "Mozilla/5.0 (iPhone; CPU iPhone OS 14_6 like Mac OS X) AppleWebKit/605.1.15 (KHTML, like Gecko) Version/14.0 Mobile/15E148 Safari/604.1"
104.234.32.94 - - [12/Dec/2025:17:15:03 +0000] "POST /admin HTTP/1.1" 200 1227 "https://flexnetworks.co.ke/wp-admin/" "Mozilla/5.0 (Windows NT 10.0; Win64; x64) AppleWebKit/537.36 (KHTML, like Gecko) Chrome/91.0.4472.124 Safari/537.36"
104.234.32.71 - - [12/Dec/2025:17:15:06 +0000] "POST /wp-login.php HTTP/1.1" 200 3398 "https://flexnetworks.co.ke/wp-admin/" "Mozilla/5.0 (iPhone; CPU iPhone OS 14_6 like Mac OS X) AppleWebKit/605.1.15 (KHTML, like Gecko) Version/14.0 Mobile/15E148 Safari/604.1"
104.234.32.71 - - [12/Dec/2025:17:15:06 +0000] "POST /admin HTTP/1.1" 200 1227 "https://flexnetworks.co.ke/wp-admin/" "Mozilla/5.0 (Windows NT 10.0; Win64; x64) AppleWebKit/537.36 (KHTML, like Gecko) Chrome/91.0.4472.124 Safari/537.36"
104.234.32.80 - - [12/Dec/2025:17:15:07 +0000] "POST /wp-login.php HTTP/1.1" 200 3392 "https://flexnetworks.co.ke/wp-admin/" "Mozilla/5.0 (Windows NT 10.0; Win64; x64) AppleWebKit/537.36 (KHTML, like Gecko) Chrome/93.0.4577.63 Safari/537.36"
104.234.32.80 - - [12/Dec/2025:17:15:07 +0000] "POST /admin HTTP/1.1" 200 1227 "https://flexnetworks.co.ke/wp-admin/" "Mozilla/5.0 (iPhone; CPU iPhone OS 14_6 like Mac OS X) AppleWebKit/605.1.15 (KHTML, like Gecko) Version/14.0 Mobile/15E148 Safari/604.1"
181.215.65.99 - - [12/Dec/2025:17:15:10 +0000] "POST /wp-login.php HTTP/1.1" 200 3398 "https://flexnetworks.co.ke/wp-admin/" "Mozilla/5.0 (Windows NT 10.0; Win64; x64) AppleWebKit/537.36 (KHTML, like Gecko) Chrome/94.0.4606.71 Safari/537.36"
181.215.65.99 - - [12/Dec/2025:17:15:10 +0000] "POST /admin HTTP/1.1" 200 1227 "https://flexnetworks.co.ke/wp-admin/" "Mozilla/5.0 (X11; Linux x86_64) AppleWebKit/537.36 (KHTML, like Gecko) Chrome/92.0.4515.107 Safari/537.36"
85.237.194.177 - - [12/Dec/2025:17:15:12 +0000] "POST /wp-login.php HTTP/1.1" 200 3392 "https://flexnetworks.co.ke/wp-admin/" "Mozilla/5.0 (Windows NT 10.0; Win64; x64) AppleWebKit/537.36 (KHTML, like Gecko) Chrome/95.0.4638.54 Safari/537.36"
104.234.32.87 - - [12/Dec/2025:17:13:51 +0000] "POST /wp-login.php HTTP/1.1" 200 3398 "https://flexnetworks.co.ke/wp-admin/" "Mozilla/5.0 (Windows NT 10.0; Win64; x64) AppleWebKit/537.36 (KHTML, like Gecko) Chrome/91.0.4472.124 Safari/537.36"
104.234.32.87 - - [12/Dec/2025:17:13:52 +0000] "POST /admin HTTP/1.1" 200 1227 "https://flexnetworks.co.ke/wp-admin/" "Mozilla/5.0 (Windows NT 10.0; Win64; x64) AppleWebKit/537.36 (KHTML, like Gecko) Chrome/91.0.4472.124 Safari/537.36"
104.234.32.72 - - [12/Dec/2025:17:14:05 +0000] "POST /wp-login.php HTTP/1.1" 200 3398 "https://flexnetworks.co.ke/wp-admin/" "Mozilla/5.0 (X11; Linux x86_64) AppleWebKit/537.36 (KHTML, like Gecko) Chrome/92.0.4515.107 Safari/537.36"
104.234.32.72 - - [12/Dec/2025:17:14:05 +0000] "POST /admin HTTP/1.1" 200 1220 "https://flexnetworks.co.ke/wp-admin/" "Mozilla/5.0 (Windows NT 10.0; Win64; x64) AppleWebKit/537.36 (KHTML, like Gecko) Chrome/90.0.4430.85 Safari/537.36"
198.23.59.221 - - [12/Dec/2025:17:14:48 +0000] "POST /wp-cron.php?doing_wp_cron=1765559688.3542060852050781250000 HTTP/1.1" 200 0 "-" "WordPress/6.9; https://flexnetworks.co.ke"
104.234.32.76 - - [12/Dec/2025:17:14:48 +0000] "POST /admin HTTP/1.1" 200 1227 "https://flexnetworks.co.ke/wp-admin/" "Mozilla/5.0 (Windows NT 10.0; Win64; x64) AppleWebKit/537.36 (KHTML, like Gecko) Chrome/93.0.4577.63 Safari/537.36"
181.215.65.103 - - [12/Dec/2025:17:14:52 +0000] "POST /wp-login.php HTTP/1.1" 200 3398 "https://flexnetworks.co.ke/wp-admin/" "Mozilla/5.0 (Windows NT 10.0; Win64; x64) AppleWebKit/537.36 (KHTML, like Gecko) Chrome/93.0.4577.63 Safari/537.36"
181.215.65.103 - - [12/Dec/2025:17:14:52 +0000] "POST /admin HTTP/1.1" 200 1227 "https://flexnetworks.co.ke/wp-admin/" "Mozilla/5.0 (iPhone; CPU iPhone OS 14_6 like Mac OS X) AppleWebKit/605.1.15 (KHTML, like Gecko) Version/14.0 Mobile/15E148 Safari/604.1"
181.215.65.106 - - [12/Dec/2025:17:14:55 +0000] "POST /wp-login.php HTTP/1.1" 200 3398 "https://flexnetworks.co.ke/wp-admin/" "Mozilla/5.0 (Windows NT 10.0; Win64; x64) AppleWebKit/537.36 (KHTML, like Gecko) Chrome/94.0.4606.71 Safari/537.36"
181.215.65.106 - - [12/Dec/2025:17:14:55 +0000] "POST /admin HTTP/1.1" 200 1227 "https://flexnetworks.co.ke/wp-admin/" "Mozilla/5.0 (Windows NT 10.0; Win64; x64) AppleWebKit/537.36 (KHTML, like Gecko) Chrome/93.0.4577.63 Safari/537.36"
181.215.65.105 - - [12/Dec/2025:17:15:04 +0000] "POST /wp-login.php HTTP/1.1" 200 3392 "https://flexnetworks.co.ke/wp-admin/" "Mozilla/5.0 (X11; Linux x86_64) AppleWebKit/537.36 (KHTML, like Gecko) Chrome/92.0.4515.107 Safari/537.36"
181.215.65.105 - - [12/Dec/2025:17:15:05 +0000] "POST /admin HTTP/1.1" 200 1227 "https://flexnetworks.co.ke/wp-admin/" "Mozilla/5.0 (Macintosh; Intel Mac OS X 10_15_7) AppleWebKit/605.1.15 (KHTML, like Gecko) Version/14.1.1 Safari/605.1.15"
181.215.65.103 - - [12/Dec/2025:17:15:08 +0000] "POST /wp-login.php HTTP/1.1" 200 3392 "https://flexnetworks.co.ke/wp-admin/" "Mozilla/5.0 (Windows NT 10.0; Win64; x64; rv:89.0) Gecko/20100101 Firefox/89.0"
181.215.65.103 - - [12/Dec/2025:17:15:09 +0000] "POST /admin HTTP/1.1" 200 1220 "https://flexnetworks.co.ke/wp-admin/" "Mozilla/5.0 (Macintosh; Intel Mac OS X 10_15_7) AppleWebKit/605.1.15 (KHTML, like Gecko) Version/14.1.1 Safari/605.1.15"
104.234.32.93 - - [12/Dec/2025:17:15:11 +0000] "POST /wp-login.php HTTP/1.1" 403 1242 "https://flexnetworks.co.ke/wp-admin/" "Mozilla/5.0 (Macintosh; Intel Mac OS X 10_15_7) AppleWebKit/605.1.15 (KHTML, like Gecko) Version/14.1.1 Safari/605.1.15"
104.234.32.93 - - [12/Dec/2025:17:15:11 +0000] "POST /admin HTTP/1.1" 200 1227 "https://flexnetworks.co.ke/wp-admin/" "Mozilla/5.0 (Windows NT 10.0; Win64; x64) AppleWebKit/537.36 (KHTML, like Gecko) Chrome/95.0.4638.54 Safari/537.36"
104.234.32.69 - - [12/Dec/2025:17:15:30 +0000] "POST /wp-login.php HTTP/1.1" 200 3398 "https://flexnetworks.co.ke/wp-admin/" "Mozilla/5.0 (Windows NT 10.0; Win64; x64; rv:89.0) Gecko/20100101 Firefox/89.0"
74.7.227.8 - - [12/Dec/2025:17:09:52 +0000] "GET /sitemap.xml HTTP/2" 200 1314 "-" "Mozilla/5.0 AppleWebKit/537.36 (KHTML, like Gecko; compatible; GPTBot/1.3; +https://openai.com/gptbot)"
20.189.203.24 - - [12/Dec/2025:17:10:57 +0000] "GET /wp-signin.php HTTP/1.1" 401 36 "https://www.bing.com/" "Mozilla/5.0 (Linux; Android 10; LM-Q720) AppleWebKit/537.36 (KHTML, like Gecko) Chrome/116.0.0.0 Mobile Safari/537.36"
20.189.203.24 - - [12/Dec/2025:17:10:57 +0000] "GET /wp-user.php HTTP/1.1" 401 36 "https://www.bing.com/" "Mozilla/5.0 (Linux; Android 12; SM-A525F) AppleWebKit/537.36 (KHTML, like Gecko) Chrome/117.0.0.0 Mobile Safari/537.36"
20.189.203.24 - - [12/Dec/2025:17:10:59 +0000] "GET /wp.php HTTP/1.1" 401 36 "https://www.google.com/" "Mozilla/5.0 (Linux; Android 13; SM-G991U) AppleWebKit/537.36 (KHTML, like Gecko) Chrome/117.0.0.0 Mobile Safari/537.36"
20.189.203.24 - - [12/Dec/2025:17:10:59 +0000] "GET /xmlrpc.php HTTP/1.1" 401 36 "https://www.bing.com/" "Mozilla/5.0 (Linux; Android 13; SM-S908E) AppleWebKit/537.36 (KHTML, like Gecko) Chrome/116.0.0.0 Mobile Safari/537.36"
20.189.203.24 - - [12/Dec/2025:17:10:59 +0000] "GET /xmrlpc.php HTTP/1.1" 401 36 "https://www.google.com/" "Mozilla/5.0 (iPad; CPU OS 17_0_3 like Mac OS X) AppleWebKit/605.1.15 (KHTML, like Gecko) Version/17.0.1 Mobile/15E148 Safari/604.1"
130.33.54.142 - - [12/Dec/2025:17:14:38 +0000] "GET /jjrpo.php HTTP/1.1" 404 5749 "-" "-"
130.33.54.142 - - [12/Dec/2025:17:14:38 +0000] "GET /gg.php HTTP/1.1" 404 5749 "-" "-"
130.33.54.142 - - [12/Dec/2025:17:14:39 +0000] "GET /wp-advaced.php HTTP/1.1" 404 5749 "-" "-"
130.33.54.142 - - [12/Dec/2025:17:14:40 +0000] "GET /asd.php HTTP/1.1" 404 5749 "-" "-"
130.33.54.142 - - [12/Dec/2025:17:14:40 +0000] "GET /xtt.php HTTP/1.1" 404 5749 "-" "-"
130.33.54.142 - - [12/Dec/2025:17:14:40 +0000] "GET /s.php?p= HTTP/1.1" 404 5749 "-" "-"
130.33.54.142 - - [12/Dec/2025:17:14:41 +0000] "GET /t.php?p= HTTP/1.1" 404 5749 "-" "-"
104.234.32.82 - - [12/Dec/2025:17:14:54 +0000] "POST /admin HTTP/1.1" 200 1227 "https://flexnetworks.co.ke/wp-admin/" "Mozilla/5.0 (X11; Linux x86_64) AppleWebKit/537.36 (KHTML, like Gecko) Chrome/92.0.4515.107 Safari/537.36"
104.234.32.76 - - [12/Dec/2025:17:14:54 +0000] "POST /wp-login.php HTTP/1.1" 200 3398 "https://flexnetworks.co.ke/wp-admin/" "Mozilla/5.0 (Windows NT 10.0; Win64; x64) AppleWebKit/537.36 (KHTML, like Gecko) Edge/91.0.864.59"
104.234.32.76 - - [12/Dec/2025:17:14:55 +0000] "POST /admin HTTP/1.1" 200 1227 "https://flexnetworks.co.ke/wp-admin/" "Mozilla/5.0 (Windows NT 10.0; Win64; x64; rv:89.0) Gecko/20100101 Firefox/89.0"
181.215.65.98 - - [12/Dec/2025:17:14:57 +0000] "POST /wp-login.php HTTP/1.1" 200 3398 "https://flexnetworks.co.ke/wp-admin/" "Mozilla/5.0 (Windows NT 10.0; Win64; x64) AppleWebKit/537.36 (KHTML, like Gecko) Chrome/94.0.4606.71 Safari/537.36"
181.215.65.98 - - [12/Dec/2025:17:14:57 +0000] "POST /admin HTTP/1.1" 200 1220 "https://flexnetworks.co.ke/wp-admin/" "Mozilla/5.0 (iPhone; CPU iPhone OS 14_6 like Mac OS X) AppleWebKit/605.1.15 (KHTML, like Gecko) Version/14.0 Mobile/15E148 Safari/604.1"
104.234.32.79 - - [12/Dec/2025:17:14:58 +0000] "POST /wp-login.php HTTP/1.1" 200 3392 "https://flexnetworks.co.ke/wp-admin/" "Mozilla/5.0 (iPhone; CPU iPhone OS 14_6 like Mac OS X) AppleWebKit/605.1.15 (KHTML, like Gecko) Version/14.0 Mobile/15E148 Safari/604.1"
104.234.32.79 - - [12/Dec/2025:17:14:58 +0000] "POST /admin HTTP/1.1" 200 1227 "https://flexnetworks.co.ke/wp-admin/" "Mozilla/5.0 (Windows NT 10.0; Win64; x64) AppleWebKit/537.36 (KHTML, like Gecko) Chrome/95.0.4638.54 Safari/537.36"
104.234.32.89 - - [12/Dec/2025:17:15:01 +0000] "POST /wp-login.php HTTP/1.1" 200 3392 "https://flexnetworks.co.ke/wp-admin/" "Mozilla/5.0 (Windows NT 10.0; Win64; x64; rv:89.0) Gecko/20100101 Firefox/89.0"
104.234.32.89 - - [12/Dec/2025:17:15:01 +0000] "POST /admin HTTP/1.1" 200 1220 "https://flexnetworks.co.ke/wp-admin/" "Mozilla/5.0 (X11; Linux x86_64) AppleWebKit/537.36 (KHTML, like Gecko) Chrome/92.0.4515.107 Safari/537.36"
104.234.32.75 - - [12/Dec/2025:17:15:29 +0000] "POST /admin HTTP/1.1" 200 1227 "https://flexnetworks.co.ke/wp-admin/" "Mozilla/5.0 (Windows NT 10.0; Win64; x64) AppleWebKit/537.36 (KHTML, like Gecko) Chrome/94.0.4606.71 Safari/537.36"
198.23.59.221 - - [12/Dec/2025:17:15:49 +0000] "POST /wp-cron.php?doing_wp_cron=1765559749.3342630863189697265625 HTTP/1.1" 200 0 "-" "WordPress/6.9; https://flexnetworks.co.ke"
85.237.194.176 - - [12/Dec/2025:17:15:49 +0000] "POST /admin HTTP/1.1" 200 1227 "https://flexnetworks.co.ke/wp-admin/" "Mozilla/5.0 (Windows NT 10.0; Win64; x64; rv:89.0) Gecko/20100101 Firefox/89.0"
85.237.194.177 - - [12/Dec/2025:17:15:12 +0000] "POST /admin HTTP/1.1" 200 1227 "https://flexnetworks.co.ke/wp-admin/" "Mozilla/5.0 (Windows NT 10.0; Win64; x64) AppleWebKit/537.36 (KHTML, like Gecko) Edge/91.0.864.59"
104.234.32.69 - - [12/Dec/2025:17:15:30 +0000] "POST /admin HTTP/1.1" 200 1227 "https://flexnetworks.co.ke/wp-admin/" "Mozilla/5.0 (Windows NT 10.0; Win64; x64; rv:89.0) Gecko/20100101 Firefox/89.0"
181.215.65.103 - - [12/Dec/2025:17:15:31 +0000] "POST /wp-login.php HTTP/1.1" 200 3392 "https://flexnetworks.co.ke/wp-admin/" "Mozilla/5.0 (Windows NT 10.0; Win64; x64) AppleWebKit/537.36 (KHTML, like Gecko) Chrome/95.0.4638.54 Safari/537.36"
181.215.65.103 - - [12/Dec/2025:17:15:31 +0000] "POST /admin HTTP/1.1" 200 1227 "https://flexnetworks.co.ke/wp-admin/" "Mozilla/5.0 (Windows NT 10.0; Win64; x64) AppleWebKit/537.36 (KHTML, like Gecko) Chrome/95.0.4638.54 Safari/537.36"
66.249.70.3 - - [12/Dec/2025:17:17:24 +0000] "GET /?o=78061577021730 HTTP/1.1" 200 20213 "-" "Mozilla/5.0 (Linux; Android 6.0.1; Nexus 5X Build/MMB29P) AppleWebKit/537.36 (KHTML, like Gecko) Chrome/141.0.7390.122 Mobile Safari/537.36 (compatible; Googlebot/2.1; +http://www.google.com/bot.html)"
198.23.59.221 - - [12/Dec/2025:17:17:24 +0000] "POST /wp-cron.php?doing_wp_cron=1765559844.7108099460601806640625 HTTP/1.1" 200 0 "-" "WordPress/6.9; https://flexnetworks.co.ke"
66.249.70.5 - - [12/Dec/2025:17:17:27 +0000] "GET /wp-content/plugins/wp-blog-manager/js/isotope.min.js?ver=2.0.4 HTTP/1.1" 200 9946 "https://flexnetworks.co.ke/?o=78061577021730" "Mozilla/5.0 (Linux; Android 6.0.1; Nexus 5X Build/MMB29P) AppleWebKit/537.36 (KHTML, like Gecko) Chrome/141.0.7390.122 Mobile Safari/537.36 (compatible; Googlebot/2.1; +http://www.google.com/bot.html)"
198.23.59.221 - - [12/Dec/2025:17:23:48 +0000] "POST /wp-cron.php?doing_wp_cron=1765560228.6599829196929931640625 HTTP/1.1" 200 0 "-" "WordPress/6.9; https://flexnetworks.co.ke"
46.250.172.170 - - [12/Dec/2025:17:23:48 +0000] "GET /?o=118282205061730 HTTP/2" 200 20209 "https://flexnetworks.co.ke/?o=118282205061730" "Mozilla/5.0 (Macintosh; Intel Mac OS X 10_15_7) AppleWebKit/537.36 (KHTML, like Gecko) Chrome/131.0.0.0 Safari/537.36"
57.141.6.6 - - [12/Dec/2025:17:30:49 +0000] "GET /?o=37552329051730 HTTP/2" 200 117134 "-" "meta-externalagent/1.1 (+https://developers.facebook.com/docs/sharing/webmasters/crawler)"
198.23.59.221 - - [12/Dec/2025:17:30:50 +0000] "POST /wp-cron.php?doing_wp_cron=1765560650.5038781166076660156250 HTTP/1.1" 200 0 "-" "WordPress/6.9; https://flexnetworks.co.ke"
192.144.135.252 - - [12/Dec/2025:17:34:48 +0000] "GET /?o=14959001091730 HTTP/2" 200 20219 "https://flexnetworks.co.ke/?o=14959001091730" "Mozilla/5.0 (Macintosh; Intel Mac OS X 10_15_7) AppleWebKit/537.36 (KHTML, like Gecko) Chrome/120.0.0.0 Safari/537.36"
104.244.75.4 - - [12/Dec/2025:17:35:03 +0000] "GET /wp-login.php HTTP/1.1" 200 15210 "-" "Mozilla/5.0 (Macintosh; Intel Mac OS X 10_9_4) AppleWebKit/537.78.2 (KHTML, like Gecko) Version/7.0.6 Safari/537.78.2"
104.244.75.4 - - [12/Dec/2025:17:35:04 +0000] "POST /wp-login.php HTTP/1.1" 200 15233 "-" "Mozilla/5.0 (Macintosh; Intel Mac OS X 10_9_4) AppleWebKit/537.78.2 (KHTML, like Gecko) Version/7.0.6 Safari/537.78.2"
198.23.59.221 - - [12/Dec/2025:17:37:00 +0000] "POST /wp-cron.php?doing_wp_cron=1765561020.5382890701293945312500 HTTP/1.1" 200 0 "-" "WordPress/6.9; https://flexnetworks.co.ke"
66.249.70.5 - - [12/Dec/2025:17:32:33 +0000] "GET /?o=19087541011730 HTTP/1.1" 200 20586 "-" "Mozilla/5.0 (Linux; Android 6.0.1; Nexus 5X Build/MMB29P) AppleWebKit/537.36 (KHTML, like Gecko) Chrome/141.0.7390.122 Mobile Safari/537.36 (compatible; Googlebot/2.1; +http://www.google.com/bot.html)"
198.23.59.221 - - [12/Dec/2025:17:34:48 +0000] "POST /wp-cron.php?doing_wp_cron=1765560888.8719630241394042968750 HTTP/1.1" 200 0 "-" "WordPress/6.9; https://flexnetworks.co.ke"
57.141.6.37 - - [12/Dec/2025:17:37:00 +0000] "GET /?o=117713386031730 HTTP/2" 200 117134 "-" "meta-externalagent/1.1 (+https://developers.facebook.com/docs/sharing/webmasters/crawler)"
205.185.114.254 - - [12/Dec/2025:17:37:11 +0000] "GET /wp-login.php HTTP/1.1" 200 3074 "https://www.yahoo.com/" "Mozilla/5.0 (iPhone; CPU iPhone OS 17_0 like Mac OS X) AppleWebKit/605.1.15 (KHTML, like Gecko) Version/17.0 Mobile/15E148 Safari/604.1"
198.23.59.221 - - [12/Dec/2025:17:32:37 +0000] "POST /wp-cron.php?doing_wp_cron=1765560757.8372108936309814453125 HTTP/1.1" 200 0 "-" "WordPress/6.9; https://flexnetworks.co.ke"
138.246.253.7 - - [12/Dec/2025:17:34:11 +0000] "HEAD / HTTP/3" 401 0 "-" "quic-go-HTTP/3"
57.141.6.31 - - [12/Dec/2025:17:37:41 +0000] "GET /?o=13709155041730 HTTP/2" 200 117134 "-" "meta-externalagent/1.1 (+https://developers.facebook.com/docs/sharing/webmasters/crawler)"
40.77.167.55 - - [12/Dec/2025:17:38:29 +0000] "GET /wp-content/uploads/2021/07/flex112-760x304.jpg HTTP/2" 200 53106 "-" "Mozilla/5.0 AppleWebKit/537.36 (KHTML, like Gecko; compatible; bingbot/2.0; +http://www.bing.com/bingbot.htm) Chrome/116.0.1938.76 Safari/537.36"
100.25.120.246 - - [12/Dec/2025:17:47:22 +0000] "GET /portfolio/jalis-jikoni/ HTTP/1.1" 403 1242 "-" "Mozilla/5.0 AppleWebKit/537.36 (KHTML, like Gecko; compatible; Amazonbot/0.1; +https://developer.amazon.com/support/amazonbot) Chrome/119.0.6045.214 Safari/537.36"
4.193.219.228 - - [12/Dec/2025:17:48:57 +0000] "GET /.well-known/index.php HTTP/1.1" 401 36 "https://www.yahoo.com/" "Mozilla/5.g (Linux; Android 13; Pixel 7) AppleWebKit/537.36 (KHTML, like Gecko) Chrome/116.0.0.0 Mobile Safari/537.36"
