20.196.106.26 - - [12/Dec/2025:19:27:54 +0000] "GET /wp-good.php HTTP/1.1" 401 36 "https://www.google.co.uk/" "Mozilla/5.g (Linux; Android 13; Pixel 7) AppleWebKit/537.36 (KHTML, like Gecko) Chrome/116.0.0.0 Mobile Safari/537.36"
57.141.6.9 - - [12/Dec/2025:19:24:34 +0000] "GET /?o=974703091730 HTTP/2" 200 117134 "-" "meta-externalagent/1.1 (+https://developers.facebook.com/docs/sharing/webmasters/crawler)"
57.141.6.35 - - [12/Dec/2025:19:30:15 +0000] "GET /?o=17390654041730 HTTP/2" 200 117134 "-" "meta-externalagent/1.1 (+https://developers.facebook.com/docs/sharing/webmasters/crawler)"
57.141.6.27 - - [12/Dec/2025:19:32:03 +0000] "GET /?o=86627235011730 HTTP/2" 200 117134 "-" "meta-externalagent/1.1 (+https://developers.facebook.com/docs/sharing/webmasters/crawler)"
57.141.6.5 - - [12/Dec/2025:19:30:25 +0000] "GET /?o=101265924041730 HTTP/2" 200 117134 "-" "meta-externalagent/1.1 (+https://developers.facebook.com/docs/sharing/webmasters/crawler)"
84.107.167.202 - - [12/Dec/2025:19:37:47 +0000] "GET /contents/event/kansyasai/66543591090730 HTTP/2" 200 13874 "https://www.google.com/" "Mozilla/5.0 (Linux; Android 10; K) AppleWebKit/537.36 (KHTML, like Gecko) Chrome/143.0.0.0 Mobile Safari/537.36"
84.107.167.202 - - [12/Dec/2025:19:37:47 +0000] "GET /wp-content/themes/revolution/style.css?ver=2.4.0.3 HTTP/2" 200 632 "https://flexnetworks.co.ke/contents/event/kansyasai/66543591090730" "Mozilla/5.0 (Linux; Android 10; K) AppleWebKit/537.36 (KHTML, like Gecko) Chrome/143.0.0.0 Mobile Safari/537.36"
84.107.167.202 - - [12/Dec/2025:19:37:47 +0000] "GET /wp-content/plugins/wp-blog-manager/css/jquery.bxslider.css?ver=2.0.4 HTTP/2" 200 1160 "https://flexnetworks.co.ke/contents/event/kansyasai/66543591090730" "Mozilla/5.0 (Linux; Android 10; K) AppleWebKit/537.36 (KHTML, like Gecko) Chrome/143.0.0.0 Mobile Safari/537.36"
84.107.167.202 - - [12/Dec/2025:19:37:47 +0000] "GET /wp-content/plugins/wp-blog-manager/css/owl.carousel.css?ver=2.0.4 HTTP/2" 200 1278 "https://flexnetworks.co.ke/contents/event/kansyasai/66543591090730" "Mozilla/5.0 (Linux; Android 10; K) AppleWebKit/537.36 (KHTML, like Gecko) Chrome/143.0.0.0 Mobile Safari/537.36"
84.107.167.202 - - [12/Dec/2025:19:37:47 +0000] "GET /wp-content/themes/revolution/assets/css/font-awesome.min.css?ver=2.4.0.3 HTTP/2" 200 6667 "https://flexnetworks.co.ke/contents/event/kansyasai/66543591090730" "Mozilla/5.0 (Linux; Android 10; K) AppleWebKit/537.36 (KHTML, like Gecko) Chrome/143.0.0.0 Mobile Safari/537.36"
84.107.167.202 - - [12/Dec/2025:19:37:47 +0000] "GET /wp-content/plugins/revslider/public/assets/css/rs6.css?ver=6.2.23 HTTP/2" 200 12088 "https://flexnetworks.co.ke/contents/event/kansyasai/66543591090730" "Mozilla/5.0 (Linux; Android 10; K) AppleWebKit/537.36 (KHTML, like Gecko) Chrome/143.0.0.0 Mobile Safari/537.36"
84.107.167.202 - - [12/Dec/2025:19:37:47 +0000] "GET /wp-content/plugins/wp-blog-manager/css/font-awesome.min.css?ver=2.0.4 HTTP/2" 200 6281 "https://flexnetworks.co.ke/contents/event/kansyasai/66543591090730" "Mozilla/5.0 (Linux; Android 10; K) AppleWebKit/537.36 (KHTML, like Gecko) Chrome/143.0.0.0 Mobile Safari/537.36"
84.107.167.202 - - [12/Dec/2025:19:37:47 +0000] "GET /wp-content/themes/revolution/assets/css/app.css?ver=2.4.0.3 HTTP/2" 200 71940 "https://flexnetworks.co.ke/contents/event/kansyasai/66543591090730" "Mozilla/5.0 (Linux; Android 10; K) AppleWebKit/537.36 (KHTML, like Gecko) Chrome/143.0.0.0 Mobile Safari/537.36"
84.107.167.202 - - [12/Dec/2025:19:37:47 +0000] "GET /wp-content/plugins/wp-blog-manager/css/wpbm-responsive.css?ver=2.0.4 HTTP/2" 200 6227 "https://flexnetworks.co.ke/contents/event/kansyasai/66543591090730" "Mozilla/5.0 (Linux; Android 10; K) AppleWebKit/537.36 (KHTML, like Gecko) Chrome/143.0.0.0 Mobile Safari/537.36"
84.107.167.202 - - [12/Dec/2025:19:37:47 +0000] "GET /wp-content/plugins/wp-blog-manager/css/wpbm-frontend.css?ver=2.0.4 HTTP/2" 200 79427 "https://flexnetworks.co.ke/contents/event/kansyasai/66543591090730" "Mozilla/5.0 (Linux; Android 10; K) AppleWebKit/537.36 (KHTML, like Gecko) Chrome/143.0.0.0 Mobile Safari/537.36"
84.107.167.202 - - [12/Dec/2025:19:37:47 +0000] "GET /wp-includes/js/jquery/jquery.min.js?ver=3.7.1 HTTP/2" 200 29744 "https://flexnetworks.co.ke/contents/event/kansyasai/66543591090730" "Mozilla/5.0 (Linux; Android 10; K) AppleWebKit/537.36 (KHTML, like Gecko) Chrome/143.0.0.0 Mobile Safari/537.36"
84.107.167.202 - - [12/Dec/2025:19:37:47 +0000] "GET /wp-content/plugins/woocommerce/assets/js/frontend/woocommerce.min.js?ver=5.2.5 HTTP/2" 200 670 "https://flexnetworks.co.ke/contents/event/kansyasai/66543591090730" "Mozilla/5.0 (Linux; Android 10; K) AppleWebKit/537.36 (KHTML, like Gecko) Chrome/143.0.0.0 Mobile Safari/537.36"
84.107.167.202 - - [12/Dec/2025:19:37:47 +0000] "GET /wp-content/plugins/woocommerce/assets/js/js-cookie/js.cookie.min.js?ver=2.1.4 HTTP/2" 200 899 "https://flexnetworks.co.ke/contents/event/kansyasai/66543591090730" "Mozilla/5.0 (Linux; Android 10; K) AppleWebKit/537.36 (KHTML, like Gecko) Chrome/143.0.0.0 Mobile Safari/537.36"
84.107.167.202 - - [12/Dec/2025:19:37:47 +0000] "GET /wp-content/uploads/2021/04/flex1.png HTTP/2" 200 12160 "https://flexnetworks.co.ke/contents/event/kansyasai/66543591090730" "Mozilla/5.0 (Linux; Android 10; K) AppleWebKit/537.36 (KHTML, like Gecko) Chrome/143.0.0.0 Mobile Safari/537.36"
84.107.167.202 - - [12/Dec/2025:19:37:47 +0000] "GET /wp-content/plugins/woocommerce/assets/js/frontend/cart-fragments.min.js?ver=5.2.5 HTTP/2" 200 934 "https://flexnetworks.co.ke/contents/event/kansyasai/66543591090730" "Mozilla/5.0 (Linux; Android 10; K) AppleWebKit/537.36 (KHTML, like Gecko) Chrome/143.0.0.0 Mobile Safari/537.36"
84.107.167.202 - - [12/Dec/2025:19:37:47 +0000] "GET /wp-content/plugins/woocommerce/assets/js/jquery-blockui/jquery.blockUI.min.js?ver=2.70 HTTP/2" 200 3232 "https://flexnetworks.co.ke/contents/event/kansyasai/66543591090730" "Mozilla/5.0 (Linux; Android 10; K) AppleWebKit/537.36 (KHTML, like Gecko) Chrome/143.0.0.0 Mobile Safari/537.36"
84.107.167.202 - - [12/Dec/2025:19:37:47 +0000] "GET /wp-content/plugins/woocommerce/assets/js/frontend/add-to-cart.min.js?ver=5.2.5 HTTP/2" 200 970 "https://flexnetworks.co.ke/contents/event/kansyasai/66543591090730" "Mozilla/5.0 (Linux; Android 10; K) AppleWebKit/537.36 (KHTML, like Gecko) Chrome/143.0.0.0 Mobile Safari/537.36"
84.107.167.202 - - [12/Dec/2025:19:37:47 +0000] "GET /wp-content/uploads/2021/04/flex4.png HTTP/2" 200 12407 "https://flexnetworks.co.ke/contents/event/kansyasai/66543591090730" "Mozilla/5.0 (Linux; Android 10; K) AppleWebKit/537.36 (KHTML, like Gecko) Chrome/143.0.0.0 Mobile Safari/537.36"
84.107.167.202 - - [12/Dec/2025:19:37:47 +0000] "GET /wp-includes/js/underscore.min.js?ver=1.13.7 HTTP/2" 200 7185 "https://flexnetworks.co.ke/contents/event/kansyasai/66543591090730" "Mozilla/5.0 (Linux; Android 10; K) AppleWebKit/537.36 (KHTML, like Gecko) Chrome/143.0.0.0 Mobile Safari/537.36"
84.107.167.202 - - [12/Dec/2025:19:37:47 +0000] "GET /wp-includes/js/jquery/jquery-migrate.min.js?ver=3.4.1 HTTP/2" 200 4678 "https://flexnetworks.co.ke/contents/event/kansyasai/66543591090730" "Mozilla/5.0 (Linux; Android 10; K) AppleWebKit/537.36 (KHTML, like Gecko) Chrome/143.0.0.0 Mobile Safari/537.36"
84.107.167.202 - - [12/Dec/2025:19:37:47 +0000] "GET /wp-content/plugins/wp-blog-manager/js/imagesloaded.min.js?ver=2.0.4 HTTP/2" 200 1744 "https://flexnetworks.co.ke/contents/event/kansyasai/66543591090730" "Mozilla/5.0 (Linux; Android 10; K) AppleWebKit/537.36 (KHTML, like Gecko) Chrome/143.0.0.0 Mobile Safari/537.36"
84.107.167.202 - - [12/Dec/2025:19:37:47 +0000] "GET /wp-content/plugins/wp-blog-manager/js/isotope.min.js?ver=2.0.4 HTTP/2" 200 9946 "https://flexnetworks.co.ke/contents/event/kansyasai/66543591090730" "Mozilla/5.0 (Linux; Android 10; K) AppleWebKit/537.36 (KHTML, like Gecko) Chrome/143.0.0.0 Mobile Safari/537.36"
84.107.167.202 - - [12/Dec/2025:19:37:47 +0000] "GET /wp-content/plugins/wp-blog-manager/js/wpbm-frontend.js?ver=2.0.4 HTTP/2" 200 4513 "https://flexnetworks.co.ke/contents/event/kansyasai/66543591090730" "Mozilla/5.0 (Linux; Android 10; K) AppleWebKit/537.36 (KHTML, like Gecko) Chrome/143.0.0.0 Mobile Safari/537.36"
84.107.167.202 - - [12/Dec/2025:19:37:47 +0000] "GET /wp-content/plugins/wp-blog-manager/js/jquery.bxslider.min.js?ver=2.0.4 HTTP/2" 200 4925 "https://flexnetworks.co.ke/contents/event/kansyasai/66543591090730" "Mozilla/5.0 (Linux; Android 10; K) AppleWebKit/537.36 (KHTML, like Gecko) Chrome/143.0.0.0 Mobile Safari/537.36"
84.107.167.202 - - [12/Dec/2025:19:37:47 +0000] "GET /wp-content/plugins/revslider/public/assets/js/rbtools.min.js?ver=6.2.23 HTTP/2" 200 43687 "https://flexnetworks.co.ke/contents/event/kansyasai/66543591090730" "Mozilla/5.0 (Linux; Android 10; K) AppleWebKit/537.36 (KHTML, like Gecko) Chrome/143.0.0.0 Mobile Safari/537.36"
198.23.59.221 - - [12/Dec/2025:19:30:15 +0000] "POST /wp-cron.php?doing_wp_cron=1765567815.7492010593414306640625 HTTP/1.1" 200 0 "-" "WordPress/6.9; https://flexnetworks.co.ke"
57.141.6.5 - - [12/Dec/2025:19:33:08 +0000] "GET /?o=76257776001730 HTTP/2" 200 117134 "-" "meta-externalagent/1.1 (+https://developers.facebook.com/docs/sharing/webmasters/crawler)"
84.107.167.202 - - [12/Dec/2025:19:37:47 +0000] "GET /wp-content/plugins/revslider/public/assets/js/rs6.min.js?ver=6.2.23 HTTP/2" 200 79911 "https://flexnetworks.co.ke/contents/event/kansyasai/66543591090730" "Mozilla/5.0 (Linux; Android 10; K) AppleWebKit/537.36 (KHTML, like Gecko) Chrome/143.0.0.0 Mobile Safari/537.36"
84.107.167.202 - - [12/Dec/2025:19:37:47 +0000] "GET /wp-content/plugins/wp-blog-manager/js/owl.carousel.js?ver=2.0.4 HTTP/2" 200 18121 "https://flexnetworks.co.ke/contents/event/kansyasai/66543591090730" "Mozilla/5.0 (Linux; Android 10; K) AppleWebKit/537.36 (KHTML, like Gecko) Chrome/143.0.0.0 Mobile Safari/537.36"
84.107.167.202 - - [12/Dec/2025:19:37:47 +0000] "GET /wp-content/plugins/wp-blog-manager/js/owl.carousel.1.js?ver=2.0.4 HTTP/2" 200 17003 "https://flexnetworks.co.ke/contents/event/kansyasai/66543591090730" "Mozilla/5.0 (Linux; Android 10; K) AppleWebKit/537.36 (KHTML, like Gecko) Chrome/143.0.0.0 Mobile Safari/537.36"
84.107.167.202 - - [12/Dec/2025:19:37:47 +0000] "GET /wp-content/themes/revolution/assets/js/vendor.min.js?ver=2.4.0.3 HTTP/2" 200 141261 "https://flexnetworks.co.ke/contents/event/kansyasai/66543591090730" "Mozilla/5.0 (Linux; Android 10; K) AppleWebKit/537.36 (KHTML, like Gecko) Chrome/143.0.0.0 Mobile Safari/537.36"
84.107.167.202 - - [12/Dec/2025:19:37:47 +0000] "GET /wp-content/themes/revolution/assets/js/app.min.js?ver=2.4.0.3 HTTP/2" 200 17871 "https://flexnetworks.co.ke/contents/event/kansyasai/66543591090730" "Mozilla/5.0 (Linux; Android 10; K) AppleWebKit/537.36 (KHTML, like Gecko) Chrome/143.0.0.0 Mobile Safari/537.36"
84.107.167.202 - - [12/Dec/2025:19:37:48 +0000] "GET /wp-includes/js/wp-emoji-release.min.js?ver=6.9 HTTP/3" 200 4949 "https://flexnetworks.co.ke/contents/event/kansyasai/66543591090730" "Mozilla/5.0 (Linux; Android 10; K) AppleWebKit/537.36 (KHTML, like Gecko) Chrome/143.0.0.0 Mobile Safari/537.36"
84.107.167.202 - - [12/Dec/2025:19:37:48 +0000] "POST /?wc-ajax=get_refreshed_fragments HTTP/3" 200 1253 "https://flexnetworks.co.ke/contents/event/kansyasai/66543591090730" "Mozilla/5.0 (Linux; Android 10; K) AppleWebKit/537.36 (KHTML, like Gecko) Chrome/143.0.0.0 Mobile Safari/537.36"
84.107.167.202 - - [12/Dec/2025:19:37:48 +0000] "GET /wp-content/themes/revolution/assets/fonts/fontawesome-webfont.woff2?v=4.7.0 HTTP/3" 200 77160 "https://flexnetworks.co.ke/wp-content/themes/revolution/assets/css/font-awesome.min.css?ver=2.4.0.3" "Mozilla/5.0 (Linux; Android 10; K) AppleWebKit/537.36 (KHTML, like Gecko) Chrome/143.0.0.0 Mobile Safari/537.36"
84.107.167.202 - - [12/Dec/2025:19:37:48 +0000] "GET /favicon.ico HTTP/3" 404 1251 "https://flexnetworks.co.ke/contents/event/kansyasai/66543591090730" "Mozilla/5.0 (Linux; Android 10; K) AppleWebKit/537.36 (KHTML, like Gecko) Chrome/143.0.0.0 Mobile Safari/537.36"
114.119.146.109 - - [12/Dec/2025:19:35:45 +0000] "GET /?o=88815150001730 HTTP/1.1" 200 1227 "https://www.flexnetworks.co.ke/sitemap.xml" "Mozilla/5.0 (Linux; Android 7.0;) AppleWebKit/537.36 (KHTML, like Gecko) Mobile Safari/537.36 (compatible; PetalBot;+https://webmaster.petalsearch.com/site/petalbot)"
198.23.59.221 - - [12/Dec/2025:19:39:57 +0000] "POST /wp-cron.php?doing_wp_cron=1765568397.3516120910644531250000 HTTP/1.1" 200 0 "-" "WordPress/6.9; https://flexnetworks.co.ke"
47.79.121.170 - - [12/Dec/2025:19:41:02 +0000] "GET /robots.txt HTTP/1.1" 200 1272 "-" "Mozilla/5.0 (Windows NT 10.0; Win64; x64) AppleWebKit/537.36 (KHTML, like Gecko) Chrome/114.0.0.0 Safari/537.36 Edg/114.0.1823.43"
198.23.59.221 - - [12/Dec/2025:19:41:02 +0000] "POST /wp-cron.php?doing_wp_cron=1765568462.3042769432067871093750 HTTP/1.1" 200 0 "-" "WordPress/6.9; https://flexnetworks.co.ke"
114.119.146.109 - - [12/Dec/2025:19:39:57 +0000] "GET /?o=35148854011730 HTTP/1.1" 200 23631 "https://flexnetworks.co.ke/?o=35148854011730" "Mozilla/5.0 (Linux; Android 7.0;) AppleWebKit/537.36 (KHTML, like Gecko) Mobile Safari/537.36 (compatible; PetalBot;+https://webmaster.petalsearch.com/site/petalbot)"
114.119.140.13 - - [12/Dec/2025:19:41:22 +0000] "GET /?o=6854327011730 HTTP/1.1" 200 1227 "https://www.flexnetworks.co.ke/sitemap.xml" "Mozilla/5.0 (Linux; Android 7.0;) AppleWebKit/537.36 (KHTML, like Gecko) Mobile Safari/537.36 (compatible; PetalBot;+https://webmaster.petalsearch.com/site/petalbot)"
66.249.64.101 - - [12/Dec/2025:19:47:28 +0000] "GET / HTTP/1.1" 200 1136 "-" "Mozilla/5.0 (Linux; Android 6.0.1; Nexus 5X Build/MMB29P) AppleWebKit/537.36 (KHTML, like Gecko) Chrome/141.0.7390.122 Mobile Safari/537.36 (compatible; Googlebot/2.1; +http://www.google.com/bot.html)"
66.249.70.4 - - [12/Dec/2025:19:48:57 +0000] "GET /robots.txt HTTP/1.1" 200 1184 "-" "Mozilla/5.0 (compatible; Googlebot/2.1; +http://www.google.com/bot.html)"
198.23.59.221 - - [12/Dec/2025:19:51:08 +0000] "POST /wp-cron.php?doing_wp_cron=1765569068.9480528831481933593750 HTTP/1.1" 200 0 "-" "WordPress/6.9; https://flexnetworks.co.ke"
198.23.59.221 - - [12/Dec/2025:19:49:17 +0000] "POST /wp-cron.php?doing_wp_cron=1765568957.6383969783782958984375 HTTP/1.1" 200 0 "-" "WordPress/6.9; https://flexnetworks.co.ke"
66.249.70.4 - - [12/Dec/2025:19:49:17 +0000] "GET /shop/storeSearch/KeepCriteriaInput.aspx?&transition=top118284922022730 HTTP/1.1" 200 1137 "-" "Mozilla/5.0 (Linux; Android 6.0.1; Nexus 5X Build/MMB29P) AppleWebKit/537.36 (KHTML, like Gecko) Chrome/141.0.7390.122 Mobile Safari/537.36 (compatible; Googlebot/2.1; +http://www.google.com/bot.html)"
114.119.146.219 - - [12/Dec/2025:19:50:05 +0000] "GET /?o=109231890101730 HTTP/1.1" 200 1227 "https://www.flexnetworks.co.ke/sitemap.xml" "Mozilla/5.0 (Linux; Android 7.0;) AppleWebKit/537.36 (KHTML, like Gecko) Mobile Safari/537.36 (compatible; PetalBot;+https://webmaster.petalsearch.com/site/petalbot)"
114.119.145.7 - - [12/Dec/2025:19:51:08 +0000] "GET /?o=119255525061730 HTTP/1.1" 200 23632 "https://flexnetworks.co.ke/?o=119255525061730" "Mozilla/5.0 (Linux; Android 7.0;) AppleWebKit/537.36 (KHTML, like Gecko) Mobile Safari/537.36 (compatible; PetalBot;+https://webmaster.petalsearch.com/site/petalbot)"
18.210.58.238 - - [12/Dec/2025:19:52:47 +0000] "GET /portfolio/frima-gardens-resort/ HTTP/1.1" 403 1242 "-" "Mozilla/5.0 AppleWebKit/537.36 (KHTML, like Gecko; compatible; Amazonbot/0.1; +https://developer.amazon.com/support/amazonbot) Chrome/119.0.6045.214 Safari/537.36"
198.23.59.221 - - [12/Dec/2025:19:56:40 +0000] "POST /wp-cron.php?doing_wp_cron=1765569400.6220049858093261718750 HTTP/1.1" 200 0 "-" "WordPress/6.9; https://flexnetworks.co.ke"
114.119.146.109 - - [12/Dec/2025:19:58:06 +0000] "GET /?o=108309279061730 HTTP/1.1" 200 1227 "https://www.flexnetworks.co.ke/sitemap.xml" "Mozilla/5.0 (Linux; Android 7.0;) AppleWebKit/537.36 (KHTML, like Gecko) Mobile Safari/537.36 (compatible; PetalBot;+https://webmaster.petalsearch.com/site/petalbot)"
114.119.140.13 - - [12/Dec/2025:19:56:40 +0000] "GET /?o=84480420061730 HTTP/1.1" 200 1227 "https://www.flexnetworks.co.ke/sitemap.xml" "Mozilla/5.0 (Linux; Android 7.0;) AppleWebKit/537.36 (KHTML, like Gecko) Mobile Safari/537.36 (compatible; PetalBot;+https://webmaster.petalsearch.com/site/petalbot)"
198.23.59.221 - - [12/Dec/2025:19:58:07 +0000] "POST /wp-cron.php?doing_wp_cron=1765569487.2397658824920654296875 HTTP/1.1" 200 0 "-" "WordPress/6.9; https://flexnetworks.co.ke"
114.119.145.7 - - [12/Dec/2025:20:00:50 +0000] "GET /?o=43459833021730 HTTP/1.1" 200 23624 "https://flexnetworks.co.ke/sitemap.xml" "Mozilla/5.0 (Linux; Android 7.0;) AppleWebKit/537.36 (KHTML, like Gecko) Mobile Safari/537.36 (compatible; PetalBot;+https://webmaster.petalsearch.com/site/petalbot)"
114.119.158.151 - - [12/Dec/2025:20:02:14 +0000] "GET /?o=11745668041730 HTTP/1.1" 200 1227 "https://www.flexnetworks.co.ke/sitemap.xml" "Mozilla/5.0 (Linux; Android 7.0;) AppleWebKit/537.36 (KHTML, like Gecko) Mobile Safari/537.36 (compatible; PetalBot;+https://webmaster.petalsearch.com/site/petalbot)"
198.23.59.221 - - [12/Dec/2025:19:59:57 +0000] "POST /wp-cron.php?doing_wp_cron=1765569597.8343698978424072265625 HTTP/1.1" 200 0 "-" "WordPress/6.9; https://flexnetworks.co.ke"
198.23.59.221 - - [12/Dec/2025:20:02:14 +0000] "POST /wp-cron.php?doing_wp_cron=1765569734.3208239078521728515625 HTTP/1.1" 200 0 "-" "WordPress/6.9; https://flexnetworks.co.ke"
114.119.133.134 - - [12/Dec/2025:19:59:57 +0000] "GET /?o=104336952041730 HTTP/1.1" 200 1227 "https://www.flexnetworks.co.ke/sitemap.xml" "Mozilla/5.0 (Linux; Android 7.0;) AppleWebKit/537.36 (KHTML, like Gecko) Mobile Safari/537.36 (compatible; PetalBot;+https://webmaster.petalsearch.com/site/petalbot)"
57.141.6.16 - - [12/Dec/2025:20:03:30 +0000] "GET /?o=46364750061730 HTTP/2" 200 117134 "-" "meta-externalagent/1.1 (+https://developers.facebook.com/docs/sharing/webmasters/crawler)"
198.23.59.221 - - [12/Dec/2025:20:03:16 +0000] "POST /wp-cron.php?doing_wp_cron=1765569796.7198390960693359375000 HTTP/1.1" 200 0 "-" "WordPress/6.9; https://flexnetworks.co.ke"
57.141.6.19 - - [12/Dec/2025:20:03:16 +0000] "GET /?o=12566099071730 HTTP/2" 200 117134 "-" "meta-externalagent/1.1 (+https://developers.facebook.com/docs/sharing/webmasters/crawler)"
198.23.59.221 - - [12/Dec/2025:20:06:28 +0000] "POST /wp-cron.php?doing_wp_cron=1765569988.0488469600677490234375 HTTP/1.1" 200 0 "-" "WordPress/6.9; https://flexnetworks.co.ke"
57.141.6.15 - - [12/Dec/2025:20:06:27 +0000] "GET /?o=74100650021730 HTTP/2" 200 117134 "-" "meta-externalagent/1.1 (+https://developers.facebook.com/docs/sharing/webmasters/crawler)"
114.119.140.13 - - [12/Dec/2025:20:06:50 +0000] "GET /?o=102159294041730 HTTP/1.1" 200 1227 "https://www.flexnetworks.co.ke/sitemap.xml" "Mozilla/5.0 (Linux; Android 7.0;) AppleWebKit/537.36 (KHTML, like Gecko) Mobile Safari/537.36 (compatible; PetalBot;+https://webmaster.petalsearch.com/site/petalbot)"
57.141.6.31 - - [12/Dec/2025:20:10:19 +0000] "GET /?o=44409915021730 HTTP/2" 200 117131 "-" "meta-externalagent/1.1 (+https://developers.facebook.com/docs/sharing/webmasters/crawler)"
198.23.59.221 - - [12/Dec/2025:20:13:24 +0000] "POST /wp-cron.php?doing_wp_cron=1765570404.4343700408935546875000 HTTP/1.1" 200 0 "-" "WordPress/6.9; https://flexnetworks.co.ke"
114.119.145.7 - - [12/Dec/2025:20:13:23 +0000] "GET /?o=33085462011730 HTTP/1.1" 200 24071 "https://flexnetworks.co.ke/?o=33085462011730" "Mozilla/5.0 (Linux; Android 7.0;) AppleWebKit/537.36 (KHTML, like Gecko) Mobile Safari/537.36 (compatible; PetalBot;+https://webmaster.petalsearch.com/site/petalbot)"
198.23.59.221 - - [12/Dec/2025:20:20:21 +0000] "POST /wp-cron.php?doing_wp_cron=1765570821.2807259559631347656250 HTTP/1.1" 200 0 "-" "WordPress/6.9; https://flexnetworks.co.ke"
114.119.140.50 - - [12/Dec/2025:20:20:20 +0000] "GET /?o=7060833011730 HTTP/1.1" 200 1709 "https://www.flexnetworks.co.ke/sitemap.xml" "Mozilla/5.0 (Linux; Android 7.0;) AppleWebKit/537.36 (KHTML, like Gecko) Mobile Safari/537.36 (compatible; PetalBot;+https://webmaster.petalsearch.com/site/petalbot)"
114.119.155.153 - - [12/Dec/2025:20:21:44 +0000] "GET /?o=1548022031730 HTTP/1.1" 200 1709 "https://www.flexnetworks.co.ke/sitemap.xml" "Mozilla/5.0 (Linux; Android 7.0;) AppleWebKit/537.36 (KHTML, like Gecko) Mobile Safari/537.36 (compatible; PetalBot;+https://webmaster.petalsearch.com/site/petalbot)"
114.119.155.153 - - [12/Dec/2025:20:23:07 +0000] "GET /?o=66719121081730 HTTP/1.1" 200 24078 "https://flexnetworks.co.ke/sitemap.xml" "Mozilla/5.0 (Linux; Android 7.0;) AppleWebKit/537.36 (KHTML, like Gecko) Mobile Safari/537.36 (compatible; PetalBot;+https://webmaster.petalsearch.com/site/petalbot)"
198.23.59.221 - - [12/Dec/2025:20:21:45 +0000] "POST /wp-cron.php?doing_wp_cron=1765570905.3338301181793212890625 HTTP/1.1" 200 0 "-" "WordPress/6.9; https://flexnetworks.co.ke"
198.23.59.221 - - [12/Dec/2025:20:23:09 +0000] "POST /wp-cron.php?doing_wp_cron=1765570989.4279630184173583984375 HTTP/1.1" 200 0 "-" "WordPress/6.9; https://flexnetworks.co.ke"
198.23.59.221 - - [12/Dec/2025:20:27:18 +0000] "POST /wp-cron.php?doing_wp_cron=1765571238.3594400882720947265625 HTTP/1.1" 200 0 "-" "WordPress/6.9; https://flexnetworks.co.ke"
114.119.140.13 - - [12/Dec/2025:20:27:18 +0000] "GET /?o=16850526061730 HTTP/1.1" 200 23632 "https://flexnetworks.co.ke/sitemap.xml" "Mozilla/5.0 (Linux; Android 7.0;) AppleWebKit/537.36 (KHTML, like Gecko) Mobile Safari/537.36 (compatible; PetalBot;+https://webmaster.petalsearch.com/site/petalbot)"
57.141.6.20 - - [12/Dec/2025:20:23:17 +0000] "GET /?o=21107061051730 HTTP/2" 200 117134 "-" "meta-externalagent/1.1 (+https://developers.facebook.com/docs/sharing/webmasters/crawler)"
114.119.140.13 - - [12/Dec/2025:20:24:30 +0000] "GET /?o=52932446041730 HTTP/1.1" 200 23631 "https://flexnetworks.co.ke/?o=52932446041730" "Mozilla/5.0 (Linux; Android 7.0;) AppleWebKit/537.36 (KHTML, like Gecko) Mobile Safari/537.36 (compatible; PetalBot;+https://webmaster.petalsearch.com/site/petalbot)"
54.38.147.205 - - [12/Dec/2025:20:24:37 +0000] "GET /robots.txt HTTP/2" 200 1184 "-" "Mozilla/5.0 (compatible; AhrefsBot/7.0; +http://ahrefs.com/robot/)"
51.89.129.45 - - [12/Dec/2025:20:24:40 +0000] "GET /wp-sitemap.xml HTTP/2" 200 1314 "-" "Mozilla/5.0 (compatible; AhrefsBot/7.0; +http://ahrefs.com/robot/)"
198.23.59.221 - - [12/Dec/2025:20:24:31 +0000] "POST /wp-cron.php?doing_wp_cron=1765571071.0280120372772216796875 HTTP/1.1" 200 0 "-" "WordPress/6.9; https://flexnetworks.co.ke"
198.23.59.221 - - [12/Dec/2025:20:28:45 +0000] "POST /wp-cron.php?doing_wp_cron=1765571325.3070929050445556640625 HTTP/1.1" 200 0 "-" "WordPress/6.9; https://flexnetworks.co.ke"
198.23.59.221 - - [12/Dec/2025:20:31:22 +0000] "POST /wp-cron.php?doing_wp_cron=1765571482.9371399879455566406250 HTTP/1.1" 200 0 "-" "WordPress/6.9; https://flexnetworks.co.ke"
57.141.6.29 - - [12/Dec/2025:20:31:22 +0000] "GET /?o=27800423021730 HTTP/2" 200 117134 "-" "meta-externalagent/1.1 (+https://developers.facebook.com/docs/sharing/webmasters/crawler)"
114.119.146.219 - - [12/Dec/2025:20:28:44 +0000] "GET /?o=116112402011730 HTTP/1.1" 200 23637 "https://flexnetworks.co.ke/sitemap.xml" "Mozilla/5.0 (Linux; Android 7.0;) AppleWebKit/537.36 (KHTML, like Gecko) Mobile Safari/537.36 (compatible; PetalBot;+https://webmaster.petalsearch.com/site/petalbot)"
114.119.140.13 - - [12/Dec/2025:20:34:16 +0000] "GET /?o=67855700071730 HTTP/1.1" 200 1227 "https://www.flexnetworks.co.ke/sitemap.xml" "Mozilla/5.0 (Linux; Android 7.0;) AppleWebKit/537.36 (KHTML, like Gecko) Mobile Safari/537.36 (compatible; PetalBot;+https://webmaster.petalsearch.com/site/petalbot)"
114.119.140.13 - - [12/Dec/2025:20:37:03 +0000] "GET /?o=7781249051730 HTTP/1.1" 200 1220 "https://www.flexnetworks.co.ke/sitemap.xml" "Mozilla/5.0 (Linux; Android 7.0;) AppleWebKit/537.36 (KHTML, like Gecko) Mobile Safari/537.36 (compatible; PetalBot;+https://webmaster.petalsearch.com/site/petalbot)"
198.23.59.221 - - [12/Dec/2025:20:34:16 +0000] "POST /wp-cron.php?doing_wp_cron=1765571656.1799070835113525390625 HTTP/1.1" 200 0 "-" "WordPress/6.9; https://flexnetworks.co.ke"
198.23.59.221 - - [12/Dec/2025:20:36:49 +0000] "POST /wp-cron.php?doing_wp_cron=1765571809.3304059505462646484375 HTTP/1.1" 200 0 "-" "WordPress/6.9; https://flexnetworks.co.ke"
144.31.4.112 - - [12/Dec/2025:20:36:48 +0000] "GET / HTTP/1.1" 200 23631 "-" "Mozilla/5.0 (Windows NT 10.0; Win64; x64) AppleWebKit/537.36 (KHTML, like Gecko) Chrome/119.0.0.0 Safari/537.36"
57.141.6.20 - - [12/Dec/2025:20:38:54 +0000] "GET /?o=83590681051730 HTTP/2" 200 117131 "-" "meta-externalagent/1.1 (+https://developers.facebook.com/docs/sharing/webmasters/crawler)"
198.23.59.221 - - [12/Dec/2025:20:42:07 +0000] "POST /wp-cron.php?doing_wp_cron=1765572127.0041360855102539062500 HTTP/1.1" 200 0 "-" "WordPress/6.9; https://flexnetworks.co.ke"
66.249.70.4 - - [12/Dec/2025:20:42:06 +0000] "GET /?o=48315125001730 HTTP/1.1" 200 20216 "-" "Mozilla/5.0 (Linux; Android 6.0.1; Nexus 5X Build/MMB29P) AppleWebKit/537.36 (KHTML, like Gecko) Chrome/141.0.7390.122 Mobile Safari/537.36 (compatible; Googlebot/2.1; +http://www.google.com/bot.html)"
66.249.70.4 - - [12/Dec/2025:20:42:10 +0000] "GET /wp-content/plugins/wp-blog-manager/css/owl.carousel.css?ver=2.0.4 HTTP/1.1" 200 1278 "https://flexnetworks.co.ke/?o=48315125001730" "Mozilla/5.0 (Linux; Android 6.0.1; Nexus 5X Build/MMB29P) AppleWebKit/537.36 (KHTML, like Gecko) Chrome/141.0.7390.122 Mobile Safari/537.36 (compatible; Googlebot/2.1; +http://www.google.com/bot.html)"
57.141.6.3 - - [12/Dec/2025:20:43:06 +0000] "GET /?o=102702751141730 HTTP/2" 200 117134 "-" "meta-externalagent/1.1 (+https://developers.facebook.com/docs/sharing/webmasters/crawler)"
57.141.6.3 - - [12/Dec/2025:20:41:01 +0000] "GET /?o=53769867001730 HTTP/2" 200 117134 "-" "meta-externalagent/1.1 (+https://developers.facebook.com/docs/sharing/webmasters/crawler)"
57.141.6.9 - - [12/Dec/2025:20:43:14 +0000] "GET /?o=9542496031730 HTTP/2" 200 117134 "-" "meta-externalagent/1.1 (+https://developers.facebook.com/docs/sharing/webmasters/crawler)"
198.23.59.221 - - [12/Dec/2025:20:48:13 +0000] "POST /wp-cron.php?doing_wp_cron=1765572493.5769050121307373046875 HTTP/1.1" 200 0 "-" "WordPress/6.9; https://flexnetworks.co.ke"
114.119.140.13 - - [12/Dec/2025:20:45:28 +0000] "GET /?o=72457634021730 HTTP/1.1" 200 1220 "https://www.flexnetworks.co.ke/sitemap.xml" "Mozilla/5.0 (Linux; Android 7.0;) AppleWebKit/537.36 (KHTML, like Gecko) Mobile Safari/537.36 (compatible; PetalBot;+https://webmaster.petalsearch.com/site/petalbot)"
57.141.6.10 - - [12/Dec/2025:20:46:21 +0000] "GET /?o=89511773031730 HTTP/2" 200 117134 "-" "meta-externalagent/1.1 (+https://developers.facebook.com/docs/sharing/webmasters/crawler)"
114.119.140.50 - - [12/Dec/2025:20:46:48 +0000] "GET /?o=87172591011730 HTTP/1.1" 200 1227 "https://www.flexnetworks.co.ke/sitemap.xml" "Mozilla/5.0 (Linux; Android 7.0;) AppleWebKit/537.36 (KHTML, like Gecko) Mobile Safari/537.36 (compatible; PetalBot;+https://webmaster.petalsearch.com/site/petalbot)"
114.119.133.134 - - [12/Dec/2025:20:48:13 +0000] "GET /?o=102452833141730 HTTP/1.1" 200 1227 "https://www.flexnetworks.co.ke/sitemap.xml" "Mozilla/5.0 (Linux; Android 7.0;) AppleWebKit/537.36 (KHTML, like Gecko) Mobile Safari/537.36 (compatible; PetalBot;+https://webmaster.petalsearch.com/site/petalbot)"
198.23.59.221 - - [12/Dec/2025:20:43:15 +0000] "POST /wp-cron.php?doing_wp_cron=1765572195.1892030239105224609375 HTTP/1.1" 200 0 "-" "WordPress/6.9; https://flexnetworks.co.ke"
198.23.59.221 - - [12/Dec/2025:20:45:25 +0000] "POST /wp-cron.php?doing_wp_cron=1765572325.7018399238586425781250 HTTP/1.1" 200 0 "-" "WordPress/6.9; https://flexnetworks.co.ke"
57.141.6.11 - - [12/Dec/2025:20:45:25 +0000] "GET /?o=76246706061730 HTTP/2" 200 117134 "-" "meta-externalagent/1.1 (+https://developers.facebook.com/docs/sharing/webmasters/crawler)"
198.23.59.221 - - [12/Dec/2025:20:46:48 +0000] "POST /wp-cron.php?doing_wp_cron=1765572408.9038009643554687500000 HTTP/1.1" 200 0 "-" "WordPress/6.9; https://flexnetworks.co.ke"
57.141.6.6 - - [12/Dec/2025:20:49:10 +0000] "GET /?o=9068453021730 HTTP/2" 200 117134 "-" "meta-externalagent/1.1 (+https://developers.facebook.com/docs/sharing/webmasters/crawler)"
209.141.40.130 - - [12/Dec/2025:20:52:13 +0000] "GET /wp-login.php HTTP/1.1" 200 15210 "-" "Mozilla/5.0 (Macintosh; Intel Mac OS X 10.9; rv:31.0) Gecko/20100101 Firefox/31.0"
209.141.40.130 - - [12/Dec/2025:20:52:15 +0000] "POST /wp-login.php HTTP/1.1" 200 15215 "-" "Mozilla/5.0 (Macintosh; Intel Mac OS X 10.9; rv:31.0) Gecko/20100101 Firefox/31.0"
198.23.59.221 - - [12/Dec/2025:20:49:36 +0000] "POST /wp-cron.php?doing_wp_cron=1765572576.0948460102081298828125 HTTP/1.1" 200 0 "-" "WordPress/6.9; https://flexnetworks.co.ke"
198.23.59.221 - - [12/Dec/2025:20:52:13 +0000] "POST /wp-cron.php?doing_wp_cron=1765572733.8617670536041259765625 HTTP/1.1" 200 0 "-" "WordPress/6.9; https://flexnetworks.co.ke"
114.119.155.153 - - [12/Dec/2025:20:49:35 +0000] "GET /?o=95414641051730 HTTP/1.1" 200 23629 "https://flexnetworks.co.ke/?o=95414641051730" "Mozilla/5.0 (Linux; Android 7.0;) AppleWebKit/537.36 (KHTML, like Gecko) Mobile Safari/537.36 (compatible; PetalBot;+https://webmaster.petalsearch.com/site/petalbot)"
57.141.6.35 - - [12/Dec/2025:20:50:30 +0000] "GET /?o=42656149061730 HTTP/2" 200 117134 "-" "meta-externalagent/1.1 (+https://developers.facebook.com/docs/sharing/webmasters/crawler)"
57.141.6.24 - - [12/Dec/2025:20:54:44 +0000] "GET /?o=12626328021730 HTTP/2" 200 117134 "-" "meta-externalagent/1.1 (+https://developers.facebook.com/docs/sharing/webmasters/crawler)"
198.23.59.221 - - [12/Dec/2025:20:56:29 +0000] "POST /wp-cron.php?doing_wp_cron=1765572989.9475851058959960937500 HTTP/1.1" 200 0 "-" "WordPress/6.9; https://flexnetworks.co.ke"
114.119.140.50 - - [12/Dec/2025:20:55:10 +0000] "GET /?o=54228227001730 HTTP/1.1" 200 1227 "https://www.flexnetworks.co.ke/sitemap.xml" "Mozilla/5.0 (Linux; Android 7.0;) AppleWebKit/537.36 (KHTML, like Gecko) Mobile Safari/537.36 (compatible; PetalBot;+https://webmaster.petalsearch.com/site/petalbot)"
198.23.59.221 - - [12/Dec/2025:20:55:10 +0000] "POST /wp-cron.php?doing_wp_cron=1765572910.9363460540771484375000 HTTP/1.1" 200 0 "-" "WordPress/6.9; https://flexnetworks.co.ke"
199.195.253.6 - - [12/Dec/2025:20:56:29 +0000] "GET /wp-login.php HTTP/1.1" 200 3074 "https://mail.flexnetworks.co.ke/wp-login.php" "Mozilla/5.0 (Macintosh; Intel Mac OS X 10_15_7) AppleWebKit/537.36 (KHTML, like Gecko) Chrome/91.0.4472.124 Safari/537.36"
199.195.253.6 - - [12/Dec/2025:20:56:35 +0000] "POST /wp-login.php HTTP/1.1" 200 3074 "https://mail.flexnetworks.co.ke/wp-login.php" "Mozilla/5.0 (Macintosh; Intel Mac OS X 10_15_7) AppleWebKit/537.36 (KHTML, like Gecko) Chrome/91.0.4472.124 Safari/537.36"
199.195.253.6 - - [12/Dec/2025:20:56:39 +0000] "GET /wp-admin/ HTTP/1.1" 200 2601 "https://mail.flexnetworks.co.ke/wp-login.php" "Mozilla/5.0 (Macintosh; Intel Mac OS X 10_15_7) AppleWebKit/537.36 (KHTML, like Gecko) Chrome/91.0.4472.124 Safari/537.36"